{"id":81291,"date":"2016-08-05T11:19:23","date_gmt":"2016-08-05T11:19:23","guid":{"rendered":"http:\/\/www.filharmonikusok.hu\/?page_id=81291"},"modified":"2016-10-28T16:09:02","modified_gmt":"2016-10-28T16:09:02","slug":"ismeretterjeszto-programok","status":"publish","type":"page","link":"https:\/\/www.filharmonikusok.hu\/en\/ismeretterjeszto-programok\/","title":{"rendered":"Ismeretterjeszt\u0151 programok"},"content":{"rendered":"<p>A Nemzeti Filharmonikusok \u00e9vek \u00f3ta tapossa az \u00f6sv\u00e9nyeket, melyeken egyre t\u00f6bb embert juttat el a zene szeretet\u00e9hez. Nagysikernek \u00f6rvend a <strong>Pr\u00f3batermi vend\u00e9gs\u00e9g<\/strong> c\u00edm\u0171 kamarazenei sorozatunk, amely keret\u00e9ben m\u0171v\u00e9szeti vezet\u0151ink, zenekari tagjaink, az int\u00e9zm\u00e9ny f\u0151igazgat\u00f3ja avatja be a k\u00f6z\u00f6ns\u00e9get a zeneszerz\u0151, a m\u0171, vagy \u00e9ppen a hangszerrel kapcsolatos \u00e9rdekess\u00e9gekbe, ismeretekbe, amelyek seg\u00edti a m\u0171, vagy \u00e9ppen a szerz\u0151 meg\u00e9rt\u00e9s\u00e9t.<\/p>\n<p><strong>Csal\u00e1di matin\u00e9koncertjeink<\/strong> vas\u00e1rnaponk\u00e9nt d\u00e9lel\u0151tt \u00e9s d\u00e9lut\u00e1n ker\u00fclnek megrendez\u00e9sre minden \u00e9vadban \u00fajabb \u00e9s \u00fajabb \u00e9rdekess\u00e9ggel. A matin\u00e9koncertek f\u0151szerepl\u0151je term\u00e9szetesen a zene, kieg\u00e9sz\u00edtve hasznos, \u00e9rdekes olykor vicces ismeretekkel.<\/p>\n<p><strong>Bar\u00e1ti K\u00f6r\u00fcnk \u00e9s P\u00e1rtol\u00f3 K\u00f6r\u00fcnk<\/strong> r\u00e9sz\u00e9re rendszeresen szervez\u00fcnk nem szorosan zen\u00e9vel kapcsolatos ismeretterjeszt\u0151 programot, de m\u0171v\u00e9szetekkel, st\u00edlusokkal kapcsolatos t\u00e1rlatvezet\u00e9seket is.<\/p>\n","protected":false},"excerpt":{"rendered":"<p>A Nemzeti Filharmonikusok \u00e9vek \u00f3ta tapossa az \u00f6sv\u00e9nyeket, melyeken egyre t\u00f6bb embert juttat el a zene szeretet\u00e9hez. Nagysikernek \u00f6rvend a Pr\u00f3batermi vend\u00e9gs\u00e9g c\u00edm\u0171 kamarazenei sorozatunk, amely keret\u00e9ben m\u0171v\u00e9szeti vezet\u0151ink, zenekari tagjaink, az int\u00e9zm\u00e9ny f\u0151igazgat\u00f3ja avatja be a k\u00f6z\u00f6ns\u00e9get a zeneszerz\u0151, a m\u0171, vagy \u00e9ppen a hangszerrel kapcsolatos \u00e9rdekess\u00e9gekbe, ismeretekbe, amelyek seg\u00edti a m\u0171, vagy \u00e9ppen [&hellip;]<\/p>\n","protected":false},"author":1,"featured_media":0,"parent":0,"menu_order":0,"comment_status":"closed","ping_status":"closed","template":"template-concerts.php","meta":{"_acf_changed":false,"_monsterinsights_skip_tracking":false,"_monsterinsights_sitenote_active":false,"_monsterinsights_sitenote_note":"","_monsterinsights_sitenote_category":0,"footnotes":""},"class_list":["post-81291","page","type-page","status-publish","hentry"],"better_featured_image":null,"translation":{"provider":"WPGlobus","version":"3.0.2","language":"en","enabled_languages":["hu","en"],"languages":{"hu":{"title":true,"content":true,"excerpt":false},"en":{"title":false,"content":false,"excerpt":false}}},"acf":[],"publishpress_future_action":{"enabled":false,"date":"2026-05-06 15:38:21","action":"change-status","newStatus":"draft","terms":[],"taxonomy":"","extraData":[]},"publishpress_future_workflow_manual_trigger":{"enabledWorkflows":[]},"_links":{"self":[{"href":"https:\/\/www.filharmonikusok.hu\/en\/wp-json\/wp\/v2\/pages\/81291","targetHints":{"allow":["GET"]}}],"collection":[{"href":"https:\/\/www.filharmonikusok.hu\/en\/wp-json\/wp\/v2\/pages"}],"about":[{"href":"https:\/\/www.filharmonikusok.hu\/en\/wp-json\/wp\/v2\/types\/page"}],"author":[{"embeddable":true,"href":"https:\/\/www.filharmonikusok.hu\/en\/wp-json\/wp\/v2\/users\/1"}],"replies":[{"embeddable":true,"href":"https:\/\/www.filharmonikusok.hu\/en\/wp-json\/wp\/v2\/comments?post=81291"}],"version-history":[{"count":6,"href":"https:\/\/www.filharmonikusok.hu\/en\/wp-json\/wp\/v2\/pages\/81291\/revisions"}],"predecessor-version":[{"id":103014,"href":"https:\/\/www.filharmonikusok.hu\/en\/wp-json\/wp\/v2\/pages\/81291\/revisions\/103014"}],"wp:attachment":[{"href":"https:\/\/www.filharmonikusok.hu\/en\/wp-json\/wp\/v2\/media?parent=81291"}],"curies":[{"name":"wp","href":"https:\/\/api.w.org\/{rel}","templated":true}]}}

Ismeretterjesztő programok

<p>A Nemzeti Filharmonikusok évek óta tapossa az ösvényeket, melyeken egyre több embert juttat el a zene szeretetéhez. Nagysikernek örvend a <strong>Próbatermi vendégség</strong> című kamarazenei sorozatunk, amely keretében művészeti vezetőink, zenekari tagjaink, az intézmény főigazgatója avatja be a közönséget a zeneszerző, a mű, vagy éppen a hangszerrel kapcsolatos érdekességekbe, ismeretekbe, amelyek segíti a mű, vagy éppen a szerző megértését.</p>
<p><strong>Családi matinékoncertjeink</strong> vasárnaponként délelőtt és délután kerülnek megrendezésre minden évadban újabb és újabb érdekességgel. A matinékoncertek főszereplője természetesen a zene, kiegészítve hasznos, érdekes olykor vicces ismeretekkel.</p>
<p><strong>Baráti Körünk és Pártoló Körünk</strong> részére rendszeresen szervezünk nem szorosan zenével kapcsolatos ismeretterjesztő programot, de művészetekkel, stílusokkal kapcsolatos tárlatvezetéseket is.</p>

<p>A Nemzeti Filharmonikusok évek óta tapossa az ösvényeket, melyeken egyre több embert juttat el a zene szeretetéhez. Nagysikernek örvend a Próbatermi vendégség című kamarazenei sorozatunk, amely keretében művészeti vezetőink, zenekari tagjaink, az intézmény főigazgatója avatja be a közönséget a zeneszerző, a mű, vagy éppen a hangszerrel kapcsolatos érdekességekbe, ismeretekbe, amelyek segíti a mű, vagy éppen [&hellip;]</p>
