{"id":99208,"date":"2016-11-08T15:43:19","date_gmt":"2016-11-08T15:43:19","guid":{"rendered":"http:\/\/www.filharmonikusok.hu\/wp-content\/uploads\/2016\/11\/Kocsis_-1972_G\u00f6d\u00f6ll\u0151_Fot\u00f3-Kresz-Albert.bmp"},"modified":"2016-11-08T15:43:19","modified_gmt":"2016-11-08T15:43:19","slug":"kocsis_-1972_godollo_foto-kresz-albert","status":"inherit","type":"attachment","link":"https:\/\/www.filharmonikusok.hu\/en\/kocsis_-1972_godollo_foto-kresz-albert\/","title":{"rendered":"kocsis_-1972_godollo_foto-kresz-albert"},"author":3,"featured_media":0,"comment_status":"closed","ping_status":"closed","template":"","meta":{"_acf_changed":false,"_monsterinsights_skip_tracking":false,"_monsterinsights_sitenote_active":false,"_monsterinsights_sitenote_note":"","_monsterinsights_sitenote_category":0},"class_list":["post-99208","attachment","type-attachment","status-inherit","hentry"],"translation":{"provider":"WPGlobus","version":"3.0.2","language":"en","enabled_languages":["hu","en"],"languages":{"hu":{"title":true},"en":{"title":false}}},"acf":[],"smush":"Not processed","publishpress_future_workflow_manual_trigger":{"enabledWorkflows":[]},"description":{"rendered":"<p class=\"attachment\"><a href='https:\/\/www.filharmonikusok.hu\/wp-content\/uploads\/2016\/11\/Kocsis_-1972_G\u00f6d\u00f6ll\u0151_Fot\u00f3-Kresz-Albert.bmp'><img loading=\"lazy\" decoding=\"async\" width=\"300\" height=\"225\" src=\"https:\/\/www.filharmonikusok.hu\/wp-content\/uploads\/2016\/11\/Kocsis_-1972_G\u00f6d\u00f6ll\u0151_Fot\u00f3-Kresz-Albert-300x225.jpg\" class=\"attachment-medium size-medium\" alt=\"\" srcset=\"https:\/\/www.filharmonikusok.hu\/wp-content\/uploads\/2016\/11\/Kocsis_-1972_G\u00f6d\u00f6ll\u0151_Fot\u00f3-Kresz-Albert-300x225.jpg 300w, https:\/\/www.filharmonikusok.hu\/wp-content\/uploads\/2016\/11\/Kocsis_-1972_G\u00f6d\u00f6ll\u0151_Fot\u00f3-Kresz-Albert.bmp 640w\" sizes=\"auto, (max-width: 300px) 100vw, 300px\" \/><\/a><\/p>\n"},"caption":{"rendered":""},"alt_text":"","media_type":"image","mime_type":"image\/bmp","media_details":{"width":640,"height":480,"file":"2016\/11\/Kocsis_-1972_G\u00f6d\u00f6ll\u0151_Fot\u00f3-Kresz-Albert.bmp","sizes":{"thumbnail":{"file":"Kocsis_-1972_G\u00f6d\u00f6ll\u0151_Fot\u00f3-Kresz-Albert-150x150.jpg","width":150,"height":150,"mime_type":"image\/jpeg","source_url":"https:\/\/www.filharmonikusok.hu\/wp-content\/uploads\/2016\/11\/Kocsis_-1972_G\u00f6d\u00f6ll\u0151_Fot\u00f3-Kresz-Albert-150x150.jpg"},"medium":{"file":"Kocsis_-1972_G\u00f6d\u00f6ll\u0151_Fot\u00f3-Kresz-Albert-300x225.jpg","width":300,"height":225,"mime_type":"image\/jpeg","source_url":"https:\/\/www.filharmonikusok.hu\/wp-content\/uploads\/2016\/11\/Kocsis_-1972_G\u00f6d\u00f6ll\u0151_Fot\u00f3-Kresz-Albert-300x225.jpg"},"person-size":{"file":"Kocsis_-1972_G\u00f6d\u00f6ll\u0151_Fot\u00f3-Kresz-Albert-165x165.jpg","width":165,"height":165,"mime_type":"image\/jpeg","source_url":"https:\/\/www.filharmonikusok.hu\/wp-content\/uploads\/2016\/11\/Kocsis_-1972_G\u00f6d\u00f6ll\u0151_Fot\u00f3-Kresz-Albert-165x165.jpg"},"album-size":{"file":"Kocsis_-1972_G\u00f6d\u00f6ll\u0151_Fot\u00f3-Kresz-Albert-263x263.jpg","width":263,"height":263,"mime_type":"image\/jpeg","source_url":"https:\/\/www.filharmonikusok.hu\/wp-content\/uploads\/2016\/11\/Kocsis_-1972_G\u00f6d\u00f6ll\u0151_Fot\u00f3-Kresz-Albert-263x263.jpg"},"news-lead-size":{"file":"Kocsis_-1972_G\u00f6d\u00f6ll\u0151_Fot\u00f3-Kresz-Albert-360x203.jpg","width":360,"height":203,"mime_type":"image\/jpeg","source_url":"https:\/\/www.filharmonikusok.hu\/wp-content\/uploads\/2016\/11\/Kocsis_-1972_G\u00f6d\u00f6ll\u0151_Fot\u00f3-Kresz-Albert-360x203.jpg"},"director-index-size":{"file":"Kocsis_-1972_G\u00f6d\u00f6ll\u0151_Fot\u00f3-Kresz-Albert-359x450.jpg","width":359,"height":450,"mime_type":"image\/jpeg","source_url":"https:\/\/www.filharmonikusok.hu\/wp-content\/uploads\/2016\/11\/Kocsis_-1972_G\u00f6d\u00f6ll\u0151_Fot\u00f3-Kresz-Albert-359x450.jpg"},"person-lead-size":{"file":"Kocsis_-1972_G\u00f6d\u00f6ll\u0151_Fot\u00f3-Kresz-Albert-555x480.jpg","width":555,"height":480,"mime_type":"image\/jpeg","source_url":"https:\/\/www.filharmonikusok.hu\/wp-content\/uploads\/2016\/11\/Kocsis_-1972_G\u00f6d\u00f6ll\u0151_Fot\u00f3-Kresz-Albert-555x480.jpg"},"full":{"file":"Kocsis_-1972_G\u00f6d\u00f6ll\u0151_Fot\u00f3-Kresz-Albert.bmp","width":640,"height":480,"mime_type":"image\/bmp","source_url":"https:\/\/www.filharmonikusok.hu\/wp-content\/uploads\/2016\/11\/Kocsis_-1972_G\u00f6d\u00f6ll\u0151_Fot\u00f3-Kresz-Albert.bmp"}},"image_meta":{"aperture":"0","credit":"","camera":"","caption":"","created_timestamp":"0","copyright":"","focal_length":"0","iso":"0","shutter_speed":"0","title":"","orientation":"0","keywords":[]}},"post":null,"source_url":"https:\/\/www.filharmonikusok.hu\/wp-content\/uploads\/2016\/11\/Kocsis_-1972_G\u00f6d\u00f6ll\u0151_Fot\u00f3-Kresz-Albert.bmp","_links":{"self":[{"href":"https:\/\/www.filharmonikusok.hu\/en\/wp-json\/wp\/v2\/media\/99208","targetHints":{"allow":["GET"]}}],"collection":[{"href":"https:\/\/www.filharmonikusok.hu\/en\/wp-json\/wp\/v2\/media"}],"about":[{"href":"https:\/\/www.filharmonikusok.hu\/en\/wp-json\/wp\/v2\/types\/attachment"}],"author":[{"embeddable":true,"href":"https:\/\/www.filharmonikusok.hu\/en\/wp-json\/wp\/v2\/users\/3"}],"replies":[{"embeddable":true,"href":"https:\/\/www.filharmonikusok.hu\/en\/wp-json\/wp\/v2\/comments?post=99208"}]}}

http://www.filharmonikusok.hu/wp-content/uploads/2016/11/Kocsis_-1972_Gödöllő_Fotó-Kresz-Albert.bmp

<p class="attachment"><a href='https://www.filharmonikusok.hu/wp-content/uploads/2016/11/Kocsis_-1972_Gödöllő_Fotó-Kresz-Albert.bmp'><img loading="lazy" decoding="async" width="300" height="225" src="https://www.filharmonikusok.hu/wp-content/uploads/2016/11/Kocsis_-1972_Gödöllő_Fotó-Kresz-Albert-300x225.jpg" class="attachment-medium size-medium" alt="" srcset="https://www.filharmonikusok.hu/wp-content/uploads/2016/11/Kocsis_-1972_Gödöllő_Fotó-Kresz-Albert-300x225.jpg 300w, https://www.filharmonikusok.hu/wp-content/uploads/2016/11/Kocsis_-1972_Gödöllő_Fotó-Kresz-Albert.bmp 640w" sizes="auto, (max-width: 300px) 100vw, 300px" /></a></p>

2016/11/Kocsis_-1972_Gödöllő_Fotó-Kresz-Albert.bmp

Kocsis_-1972_Gödöllő_Fotó-Kresz-Albert-150x150.jpg

https://www.filharmonikusok.hu/wp-content/uploads/2016/11/Kocsis_-1972_Gödöllő_Fotó-Kresz-Albert-150x150.jpg

Kocsis_-1972_Gödöllő_Fotó-Kresz-Albert-300x225.jpg

https://www.filharmonikusok.hu/wp-content/uploads/2016/11/Kocsis_-1972_Gödöllő_Fotó-Kresz-Albert-300x225.jpg

Kocsis_-1972_Gödöllő_Fotó-Kresz-Albert-165x165.jpg

https://www.filharmonikusok.hu/wp-content/uploads/2016/11/Kocsis_-1972_Gödöllő_Fotó-Kresz-Albert-165x165.jpg

Kocsis_-1972_Gödöllő_Fotó-Kresz-Albert-263x263.jpg

https://www.filharmonikusok.hu/wp-content/uploads/2016/11/Kocsis_-1972_Gödöllő_Fotó-Kresz-Albert-263x263.jpg

Kocsis_-1972_Gödöllő_Fotó-Kresz-Albert-360x203.jpg

https://www.filharmonikusok.hu/wp-content/uploads/2016/11/Kocsis_-1972_Gödöllő_Fotó-Kresz-Albert-360x203.jpg

Kocsis_-1972_Gödöllő_Fotó-Kresz-Albert-359x450.jpg

https://www.filharmonikusok.hu/wp-content/uploads/2016/11/Kocsis_-1972_Gödöllő_Fotó-Kresz-Albert-359x450.jpg

Kocsis_-1972_Gödöllő_Fotó-Kresz-Albert-555x480.jpg

https://www.filharmonikusok.hu/wp-content/uploads/2016/11/Kocsis_-1972_Gödöllő_Fotó-Kresz-Albert-555x480.jpg

Kocsis_-1972_Gödöllő_Fotó-Kresz-Albert.bmp

https://www.filharmonikusok.hu/wp-content/uploads/2016/11/Kocsis_-1972_Gödöllő_Fotó-Kresz-Albert.bmp
