{"id":99206,"date":"2016-11-08T15:40:21","date_gmt":"2016-11-08T15:40:21","guid":{"rendered":"http:\/\/www.filharmonikusok.hu\/wp-content\/uploads\/2016\/11\/KocsisZ4FG.jpg"},"modified":"2016-11-08T15:40:21","modified_gmt":"2016-11-08T15:40:21","slug":"kocsis-zoltan-a-zeneakademian-1988-03-23","status":"inherit","type":"attachment","link":"https:\/\/www.filharmonikusok.hu\/en\/kocsis-zoltan-a-zeneakademian-1988-03-23\/","title":{"rendered":"Kocsis Zolt\u00e1n a Zeneakad\u00e9mi\u00e1n 1988.03.23."},"author":3,"featured_media":0,"comment_status":"closed","ping_status":"closed","template":"","meta":{"_acf_changed":false,"_monsterinsights_skip_tracking":false,"_monsterinsights_sitenote_active":false,"_monsterinsights_sitenote_note":"","_monsterinsights_sitenote_category":0},"class_list":["post-99206","attachment","type-attachment","status-inherit","hentry"],"translation":{"provider":"WPGlobus","version":"3.0.2","language":"en","enabled_languages":["hu","en"],"languages":{"hu":{"title":true},"en":{"title":false}}},"acf":[],"smush":{"stats":{"percent":29.566358338680814,"bytes":113345,"size_before":383358,"size_after":270013,"time":0.62,"api_version":"1.0","lossy":false,"keep_exif":0},"sizes":{"thumbnail":{"percent":69.24,"bytes":11219,"size_before":16203,"size_after":4984,"time":0.02},"medium":{"percent":56.98,"bytes":11326,"size_before":19876,"size_after":8550,"time":0.01},"medium_large":{"percent":23.78,"bytes":12596,"size_before":52967,"size_after":40371,"time":0.09},"person-size":{"percent":65.84,"bytes":11233,"size_before":17061,"size_after":5828,"time":0.01},"album-size":{"percent":48.95,"bytes":11467,"size_before":23425,"size_after":11958,"time":0.05},"news-lead-size":{"percent":49.16,"bytes":11395,"size_before":23178,"size_after":11783,"time":0.01},"director-index-size":{"percent":34.39,"bytes":11891,"size_before":34576,"size_after":22685,"time":0.07},"person-lead-size":{"percent":23.96,"bytes":12886,"size_before":53773,"size_after":40887,"time":0.06},"full":{"percent":13.59,"bytes":19332,"size_before":142299,"size_after":122967,"time":0.3}}},"publishpress_future_workflow_manual_trigger":{"enabledWorkflows":[]},"description":{"rendered":"<p class=\"attachment\"><a href='https:\/\/www.filharmonikusok.hu\/wp-content\/uploads\/2016\/11\/KocsisZ4FG.jpg'><img loading=\"lazy\" decoding=\"async\" width=\"300\" height=\"167\" src=\"https:\/\/www.filharmonikusok.hu\/wp-content\/uploads\/2016\/11\/KocsisZ4FG-300x167.jpg\" class=\"attachment-medium size-medium\" alt=\"\" srcset=\"https:\/\/www.filharmonikusok.hu\/wp-content\/uploads\/2016\/11\/KocsisZ4FG-300x167.jpg 300w, https:\/\/www.filharmonikusok.hu\/wp-content\/uploads\/2016\/11\/KocsisZ4FG-768x427.jpg 768w, https:\/\/www.filharmonikusok.hu\/wp-content\/uploads\/2016\/11\/KocsisZ4FG.jpg 886w\" sizes=\"auto, (max-width: 300px) 100vw, 300px\" \/><\/a><\/p>\n"},"caption":{"rendered":"<p>Kocsis Zolt\u00e1n a Zeneakad\u00e9mi\u00e1n 1988.03.23.<\/p>\n"},"alt_text":"","media_type":"image","mime_type":"image\/jpeg","media_details":{"width":886,"height":493,"file":"2016\/11\/KocsisZ4FG.jpg","sizes":{"thumbnail":{"file":"KocsisZ4FG-150x150.jpg","width":150,"height":150,"mime_type":"image\/jpeg","source_url":"https:\/\/www.filharmonikusok.hu\/wp-content\/uploads\/2016\/11\/KocsisZ4FG-150x150.jpg"},"medium":{"file":"KocsisZ4FG-300x167.jpg","width":300,"height":167,"mime_type":"image\/jpeg","source_url":"https:\/\/www.filharmonikusok.hu\/wp-content\/uploads\/2016\/11\/KocsisZ4FG-300x167.jpg"},"medium_large":{"file":"KocsisZ4FG-768x427.jpg","width":768,"height":427,"mime_type":"image\/jpeg","source_url":"https:\/\/www.filharmonikusok.hu\/wp-content\/uploads\/2016\/11\/KocsisZ4FG-768x427.jpg"},"person-size":{"file":"KocsisZ4FG-165x165.jpg","width":165,"height":165,"mime_type":"image\/jpeg","source_url":"https:\/\/www.filharmonikusok.hu\/wp-content\/uploads\/2016\/11\/KocsisZ4FG-165x165.jpg"},"album-size":{"file":"KocsisZ4FG-263x263.jpg","width":263,"height":263,"mime_type":"image\/jpeg","source_url":"https:\/\/www.filharmonikusok.hu\/wp-content\/uploads\/2016\/11\/KocsisZ4FG-263x263.jpg"},"news-lead-size":{"file":"KocsisZ4FG-360x203.jpg","width":360,"height":203,"mime_type":"image\/jpeg","source_url":"https:\/\/www.filharmonikusok.hu\/wp-content\/uploads\/2016\/11\/KocsisZ4FG-360x203.jpg"},"director-index-size":{"file":"KocsisZ4FG-359x450.jpg","width":359,"height":450,"mime_type":"image\/jpeg","source_url":"https:\/\/www.filharmonikusok.hu\/wp-content\/uploads\/2016\/11\/KocsisZ4FG-359x450.jpg"},"person-lead-size":{"file":"KocsisZ4FG-555x493.jpg","width":555,"height":493,"mime_type":"image\/jpeg","source_url":"https:\/\/www.filharmonikusok.hu\/wp-content\/uploads\/2016\/11\/KocsisZ4FG-555x493.jpg"},"full":{"file":"KocsisZ4FG.jpg","width":886,"height":493,"mime_type":"image\/jpeg","source_url":"https:\/\/www.filharmonikusok.hu\/wp-content\/uploads\/2016\/11\/KocsisZ4FG.jpg"}},"image_meta":{"aperture":"0","credit":"Fej\u00e9r G\u00e1bor","camera":"","caption":"Kocsis Zolt\u00e1n a Zeneakad\u00e9mi\u00e1n 1988.03.23.","created_timestamp":"0","copyright":"\u00a9 Fej\u00e9r G\u00e1bor","focal_length":"0","iso":"0","shutter_speed":"0","title":"Kocsis Zolt\u00e1n a Zeneakad\u00e9mi\u00e1n 1988.03.23.","orientation":"1","keywords":[]}},"post":null,"source_url":"https:\/\/www.filharmonikusok.hu\/wp-content\/uploads\/2016\/11\/KocsisZ4FG.jpg","_links":{"self":[{"href":"https:\/\/www.filharmonikusok.hu\/en\/wp-json\/wp\/v2\/media\/99206","targetHints":{"allow":["GET"]}}],"collection":[{"href":"https:\/\/www.filharmonikusok.hu\/en\/wp-json\/wp\/v2\/media"}],"about":[{"href":"https:\/\/www.filharmonikusok.hu\/en\/wp-json\/wp\/v2\/types\/attachment"}],"author":[{"embeddable":true,"href":"https:\/\/www.filharmonikusok.hu\/en\/wp-json\/wp\/v2\/users\/3"}],"replies":[{"embeddable":true,"href":"https:\/\/www.filharmonikusok.hu\/en\/wp-json\/wp\/v2\/comments?post=99206"}]}}

Kocsis Zoltán a Zeneakadémián 1988.03.23.

<p>Kocsis Zoltán a Zeneakadémián 1988.03.23.</p>

Fejér Gábor

© Fejér Gábor
