{"id":97349,"date":"2016-10-17T14:11:08","date_gmt":"2016-10-17T14:11:08","guid":{"rendered":"http:\/\/www.filharmonikusok.hu\/wp-content\/uploads\/2016\/10\/Carl_Mont_Ber\u00e9nyi_07v\u00e1gott.jpg"},"modified":"2016-10-17T14:13:01","modified_gmt":"2016-10-17T14:13:01","slug":"carl_mont_berenyi_07vagott","status":"inherit","type":"attachment","link":"https:\/\/www.filharmonikusok.hu\/en\/carl_mont_berenyi_07vagott\/","title":{"rendered":"carlo_montanaro_berenyi_07vagott"},"author":3,"featured_media":0,"comment_status":"closed","ping_status":"closed","template":"","meta":{"_acf_changed":false,"_monsterinsights_skip_tracking":false,"_monsterinsights_sitenote_active":false,"_monsterinsights_sitenote_note":"","_monsterinsights_sitenote_category":0},"class_list":["post-97349","attachment","type-attachment","status-inherit","hentry"],"translation":{"provider":"WPGlobus","version":"3.0.2","language":"en","enabled_languages":["hu","en"],"languages":{"hu":{"title":true},"en":{"title":false}}},"acf":[],"smush":{"stats":{"percent":38.464076382085494,"bytes":114251,"size_before":297033,"size_after":182782,"time":0.44000000000000006,"api_version":"1.0","lossy":false,"keep_exif":0},"sizes":{"thumbnail":{"percent":72.78,"bytes":11030,"size_before":15155,"size_after":4125,"time":0.03},"medium":{"percent":67.87,"bytes":11105,"size_before":16362,"size_after":5257,"time":0.06},"medium_large":{"percent":36.64,"bytes":11554,"size_before":31532,"size_after":19978,"time":0.03},"large":{"percent":27.44,"bytes":11875,"size_before":43272,"size_after":31397,"time":0.12},"person-size":{"percent":70.22,"bytes":11048,"size_before":15733,"size_after":4685,"time":0.01},"album-size":{"percent":56.32,"bytes":11180,"size_before":19852,"size_after":8672,"time":0.01},"news-lead-size":{"percent":61.92,"bytes":11159,"size_before":18021,"size_after":6862,"time":0.04},"director-index-size":{"percent":39.7,"bytes":11304,"size_before":28473,"size_after":17169,"time":0.02},"person-lead-size":{"percent":31.14,"bytes":11580,"size_before":37188,"size_after":25608,"time":0.02},"slider-size":{"percent":17.38,"bytes":12416,"size_before":71445,"size_after":59029,"time":0.1}}},"publishpress_future_workflow_manual_trigger":{"enabledWorkflows":[]},"description":{"rendered":"<p class=\"attachment\"><a href='https:\/\/www.filharmonikusok.hu\/wp-content\/uploads\/2016\/10\/Carl_Mont_Ber\u00e9nyi_07v\u00e1gott.jpg'><img loading=\"lazy\" decoding=\"async\" width=\"300\" height=\"168\" src=\"https:\/\/www.filharmonikusok.hu\/wp-content\/uploads\/2016\/10\/Carl_Mont_Ber\u00e9nyi_07v\u00e1gott-300x168.jpg\" class=\"attachment-medium size-medium\" alt=\"\" srcset=\"https:\/\/www.filharmonikusok.hu\/wp-content\/uploads\/2016\/10\/Carl_Mont_Ber\u00e9nyi_07v\u00e1gott-300x168.jpg 300w, https:\/\/www.filharmonikusok.hu\/wp-content\/uploads\/2016\/10\/Carl_Mont_Ber\u00e9nyi_07v\u00e1gott-768x429.jpg 768w, https:\/\/www.filharmonikusok.hu\/wp-content\/uploads\/2016\/10\/Carl_Mont_Ber\u00e9nyi_07v\u00e1gott-1024x572.jpg 1024w, https:\/\/www.filharmonikusok.hu\/wp-content\/uploads\/2016\/10\/Carl_Mont_Ber\u00e9nyi_07v\u00e1gott-360x203.jpg 360w\" sizes=\"auto, (max-width: 300px) 100vw, 300px\" \/><\/a><\/p>\n<p>foto: Ber\u00e9nyi Gyula<\/p>\n"},"caption":{"rendered":"<p>foto: Ber\u00e9nyi Gyula<\/p>\n"},"alt_text":"","media_type":"image","mime_type":"image\/jpeg","media_details":{"width":2717,"height":1518,"file":"2016\/10\/Carl_Mont_Ber\u00e9nyi_07v\u00e1gott.jpg","sizes":{"thumbnail":{"file":"Carl_Mont_Ber\u00e9nyi_07v\u00e1gott-150x150.jpg","width":150,"height":150,"mime_type":"image\/jpeg","source_url":"https:\/\/www.filharmonikusok.hu\/wp-content\/uploads\/2016\/10\/Carl_Mont_Ber\u00e9nyi_07v\u00e1gott-150x150.jpg"},"medium":{"file":"Carl_Mont_Ber\u00e9nyi_07v\u00e1gott-300x168.jpg","width":300,"height":168,"mime_type":"image\/jpeg","source_url":"https:\/\/www.filharmonikusok.hu\/wp-content\/uploads\/2016\/10\/Carl_Mont_Ber\u00e9nyi_07v\u00e1gott-300x168.jpg"},"medium_large":{"file":"Carl_Mont_Ber\u00e9nyi_07v\u00e1gott-768x429.jpg","width":768,"height":429,"mime_type":"image\/jpeg","source_url":"https:\/\/www.filharmonikusok.hu\/wp-content\/uploads\/2016\/10\/Carl_Mont_Ber\u00e9nyi_07v\u00e1gott-768x429.jpg"},"large":{"file":"Carl_Mont_Ber\u00e9nyi_07v\u00e1gott-1024x572.jpg","width":1024,"height":572,"mime_type":"image\/jpeg","source_url":"https:\/\/www.filharmonikusok.hu\/wp-content\/uploads\/2016\/10\/Carl_Mont_Ber\u00e9nyi_07v\u00e1gott-1024x572.jpg"},"person-size":{"file":"Carl_Mont_Ber\u00e9nyi_07v\u00e1gott-165x165.jpg","width":165,"height":165,"mime_type":"image\/jpeg","source_url":"https:\/\/www.filharmonikusok.hu\/wp-content\/uploads\/2016\/10\/Carl_Mont_Ber\u00e9nyi_07v\u00e1gott-165x165.jpg"},"album-size":{"file":"Carl_Mont_Ber\u00e9nyi_07v\u00e1gott-263x263.jpg","width":263,"height":263,"mime_type":"image\/jpeg","source_url":"https:\/\/www.filharmonikusok.hu\/wp-content\/uploads\/2016\/10\/Carl_Mont_Ber\u00e9nyi_07v\u00e1gott-263x263.jpg"},"news-lead-size":{"file":"Carl_Mont_Ber\u00e9nyi_07v\u00e1gott-360x203.jpg","width":360,"height":203,"mime_type":"image\/jpeg","source_url":"https:\/\/www.filharmonikusok.hu\/wp-content\/uploads\/2016\/10\/Carl_Mont_Ber\u00e9nyi_07v\u00e1gott-360x203.jpg"},"director-index-size":{"file":"Carl_Mont_Ber\u00e9nyi_07v\u00e1gott-359x450.jpg","width":359,"height":450,"mime_type":"image\/jpeg","source_url":"https:\/\/www.filharmonikusok.hu\/wp-content\/uploads\/2016\/10\/Carl_Mont_Ber\u00e9nyi_07v\u00e1gott-359x450.jpg"},"person-lead-size":{"file":"Carl_Mont_Ber\u00e9nyi_07v\u00e1gott-555x555.jpg","width":555,"height":555,"mime_type":"image\/jpeg","source_url":"https:\/\/www.filharmonikusok.hu\/wp-content\/uploads\/2016\/10\/Carl_Mont_Ber\u00e9nyi_07v\u00e1gott-555x555.jpg"},"slider-size":{"file":"Carl_Mont_Ber\u00e9nyi_07v\u00e1gott-1600x722.jpg","width":1600,"height":722,"mime_type":"image\/jpeg","source_url":"https:\/\/www.filharmonikusok.hu\/wp-content\/uploads\/2016\/10\/Carl_Mont_Ber\u00e9nyi_07v\u00e1gott-1600x722.jpg"},"full":{"file":"Carl_Mont_Ber\u00e9nyi_07v\u00e1gott.jpg","width":2717,"height":1518,"mime_type":"image\/jpeg","source_url":"https:\/\/www.filharmonikusok.hu\/wp-content\/uploads\/2016\/10\/Carl_Mont_Ber\u00e9nyi_07v\u00e1gott.jpg"}},"image_meta":{"aperture":"2.8","credit":"unknown","camera":"Canon EOS 20D","caption":"","created_timestamp":"1229367265","copyright":"","focal_length":"150","iso":"800","shutter_speed":"0.008","title":"","orientation":"1","keywords":[]}},"post":null,"source_url":"https:\/\/www.filharmonikusok.hu\/wp-content\/uploads\/2016\/10\/Carl_Mont_Ber\u00e9nyi_07v\u00e1gott.jpg","_links":{"self":[{"href":"https:\/\/www.filharmonikusok.hu\/en\/wp-json\/wp\/v2\/media\/97349","targetHints":{"allow":["GET"]}}],"collection":[{"href":"https:\/\/www.filharmonikusok.hu\/en\/wp-json\/wp\/v2\/media"}],"about":[{"href":"https:\/\/www.filharmonikusok.hu\/en\/wp-json\/wp\/v2\/types\/attachment"}],"author":[{"embeddable":true,"href":"https:\/\/www.filharmonikusok.hu\/en\/wp-json\/wp\/v2\/users\/3"}],"replies":[{"embeddable":true,"href":"https:\/\/www.filharmonikusok.hu\/en\/wp-json\/wp\/v2\/comments?post=97349"}]}}

http://www.filharmonikusok.hu/wp-content/uploads/2016/10/Carl_Mont_Berényi_07vágott.jpg

<p class="attachment"><a href='https://www.filharmonikusok.hu/wp-content/uploads/2016/10/Carl_Mont_Berényi_07vágott.jpg'><img loading="lazy" decoding="async" width="300" height="168" src="https://www.filharmonikusok.hu/wp-content/uploads/2016/10/Carl_Mont_Berényi_07vágott-300x168.jpg" class="attachment-medium size-medium" alt="" srcset="https://www.filharmonikusok.hu/wp-content/uploads/2016/10/Carl_Mont_Berényi_07vágott-300x168.jpg 300w, https://www.filharmonikusok.hu/wp-content/uploads/2016/10/Carl_Mont_Berényi_07vágott-768x429.jpg 768w, https://www.filharmonikusok.hu/wp-content/uploads/2016/10/Carl_Mont_Berényi_07vágott-1024x572.jpg 1024w, https://www.filharmonikusok.hu/wp-content/uploads/2016/10/Carl_Mont_Berényi_07vágott-360x203.jpg 360w" sizes="auto, (max-width: 300px) 100vw, 300px" /></a></p>
<p>foto: Berényi Gyula</p>

<p>foto: Berényi Gyula</p>

2016/10/Carl_Mont_Berényi_07vágott.jpg

Carl_Mont_Berényi_07vágott-150x150.jpg

https://www.filharmonikusok.hu/wp-content/uploads/2016/10/Carl_Mont_Berényi_07vágott-150x150.jpg

Carl_Mont_Berényi_07vágott-300x168.jpg

https://www.filharmonikusok.hu/wp-content/uploads/2016/10/Carl_Mont_Berényi_07vágott-300x168.jpg

Carl_Mont_Berényi_07vágott-768x429.jpg

https://www.filharmonikusok.hu/wp-content/uploads/2016/10/Carl_Mont_Berényi_07vágott-768x429.jpg

Carl_Mont_Berényi_07vágott-1024x572.jpg

https://www.filharmonikusok.hu/wp-content/uploads/2016/10/Carl_Mont_Berényi_07vágott-1024x572.jpg

Carl_Mont_Berényi_07vágott-165x165.jpg

https://www.filharmonikusok.hu/wp-content/uploads/2016/10/Carl_Mont_Berényi_07vágott-165x165.jpg

Carl_Mont_Berényi_07vágott-263x263.jpg

https://www.filharmonikusok.hu/wp-content/uploads/2016/10/Carl_Mont_Berényi_07vágott-263x263.jpg

Carl_Mont_Berényi_07vágott-360x203.jpg

https://www.filharmonikusok.hu/wp-content/uploads/2016/10/Carl_Mont_Berényi_07vágott-360x203.jpg

Carl_Mont_Berényi_07vágott-359x450.jpg

https://www.filharmonikusok.hu/wp-content/uploads/2016/10/Carl_Mont_Berényi_07vágott-359x450.jpg

Carl_Mont_Berényi_07vágott-555x555.jpg

https://www.filharmonikusok.hu/wp-content/uploads/2016/10/Carl_Mont_Berényi_07vágott-555x555.jpg

Carl_Mont_Berényi_07vágott-1600x722.jpg

https://www.filharmonikusok.hu/wp-content/uploads/2016/10/Carl_Mont_Berényi_07vágott-1600x722.jpg

Carl_Mont_Berényi_07vágott.jpg

https://www.filharmonikusok.hu/wp-content/uploads/2016/10/Carl_Mont_Berényi_07vágott.jpg
