{"id":101066,"date":"2017-04-10T13:47:28","date_gmt":"2017-04-10T13:47:28","guid":{"rendered":"http:\/\/www.filharmonikusok.hu\/wp-content\/uploads\/2017\/04\/foto@MTI_Balogh-Zoltan_HZS2.jpg"},"modified":"2017-04-10T13:47:45","modified_gmt":"2017-04-10T13:47:45","slug":"hamar-zsolt-2","status":"inherit","type":"attachment","link":"https:\/\/www.filharmonikusok.hu\/en\/hamar-zsolt-2\/","title":{"rendered":"Hamar Zsolt"},"author":1,"featured_media":0,"comment_status":"closed","ping_status":"closed","template":"","meta":{"_acf_changed":false,"_monsterinsights_skip_tracking":false,"_monsterinsights_sitenote_active":false,"_monsterinsights_sitenote_note":"","_monsterinsights_sitenote_category":0},"class_list":["post-101066","attachment","type-attachment","status-inherit","hentry"],"translation":{"provider":"WPGlobus","version":"3.0.2","language":"en","enabled_languages":["hu","en"],"languages":{"hu":{"title":true},"en":{"title":false}}},"acf":[],"smush":{"stats":{"percent":53.334554753763186,"bytes":346417,"size_before":649517,"size_after":303100,"time":0.48000000000000004,"api_version":"1.0","lossy":false,"keep_exif":0},"sizes":{"thumbnail":{"percent":87.88,"bytes":34141,"size_before":38851,"size_after":4710,"time":0.02},"medium":{"percent":79.09,"bytes":34221,"size_before":43268,"size_after":9047,"time":0.01},"medium_large":{"percent":46.46,"bytes":34870,"size_before":75053,"size_after":40183,"time":0.12},"large":{"percent":35.13,"bytes":35432,"size_before":100863,"size_after":65431,"time":0.06},"person-size":{"percent":86.41,"bytes":34175,"size_before":39552,"size_after":5377,"time":0.03},"album-size":{"percent":75.96,"bytes":34258,"size_before":45100,"size_after":10842,"time":0.02},"news-lead-size":{"percent":76.61,"bytes":34238,"size_before":44690,"size_after":10452,"time":0.02},"director-index-size":{"percent":61.14,"bytes":34491,"size_before":56414,"size_after":21923,"time":0.02},"person-lead-size":{"percent":48.53,"bytes":34769,"size_before":71650,"size_after":36881,"time":0.1},"slider-size":{"percent":26.72,"bytes":35822,"size_before":134076,"size_after":98254,"time":0.08}}},"publishpress_future_workflow_manual_trigger":{"enabledWorkflows":[]},"description":{"rendered":"<p class=\"attachment\"><a href='https:\/\/www.filharmonikusok.hu\/wp-content\/uploads\/2017\/04\/foto@MTI_Balogh-Zoltan_HZS2.jpg'><img loading=\"lazy\" decoding=\"async\" width=\"300\" height=\"200\" src=\"https:\/\/www.filharmonikusok.hu\/wp-content\/uploads\/2017\/04\/foto@MTI_Balogh-Zoltan_HZS2-300x200.jpg\" class=\"attachment-medium size-medium\" alt=\"\" srcset=\"https:\/\/www.filharmonikusok.hu\/wp-content\/uploads\/2017\/04\/foto@MTI_Balogh-Zoltan_HZS2-300x200.jpg 300w, https:\/\/www.filharmonikusok.hu\/wp-content\/uploads\/2017\/04\/foto@MTI_Balogh-Zoltan_HZS2-768x511.jpg 768w, https:\/\/www.filharmonikusok.hu\/wp-content\/uploads\/2017\/04\/foto@MTI_Balogh-Zoltan_HZS2-1024x682.jpg 1024w\" sizes=\"auto, (max-width: 300px) 100vw, 300px\" \/><\/a><\/p>\n"},"caption":{"rendered":"<p>Budapest, 2017. \u00e1prilis 3.<br \/>\nHamar Zsolt, Liszt Ferenc-d\u00edjas karmester, zeneszerz\u00f5, a Nemzeti Filharmonikusok \u00faj zeneigazgat\u00f3ja a f\u00f5v\u00e1rosi M\u00fbv\u00e9szetek Palot\u00e1ja (M\u00fcpa) el\u00f5tt 2017. \u00e1prilis 3-\u00e1n.<br \/>\nMTI Fot\u00f3: Balogh Zolt\u00e1n<\/p>\n"},"alt_text":"","media_type":"image","mime_type":"image\/jpeg","media_details":{"width":4736,"height":3152,"file":"2017\/04\/foto@MTI_Balogh-Zoltan_HZS2.jpg","sizes":{"thumbnail":{"file":"foto@MTI_Balogh-Zoltan_HZS2-150x150.jpg","width":150,"height":150,"mime_type":"image\/jpeg","source_url":"https:\/\/www.filharmonikusok.hu\/wp-content\/uploads\/2017\/04\/foto@MTI_Balogh-Zoltan_HZS2-150x150.jpg"},"medium":{"file":"foto@MTI_Balogh-Zoltan_HZS2-300x200.jpg","width":300,"height":200,"mime_type":"image\/jpeg","source_url":"https:\/\/www.filharmonikusok.hu\/wp-content\/uploads\/2017\/04\/foto@MTI_Balogh-Zoltan_HZS2-300x200.jpg"},"medium_large":{"file":"foto@MTI_Balogh-Zoltan_HZS2-768x511.jpg","width":768,"height":511,"mime_type":"image\/jpeg","source_url":"https:\/\/www.filharmonikusok.hu\/wp-content\/uploads\/2017\/04\/foto@MTI_Balogh-Zoltan_HZS2-768x511.jpg"},"large":{"file":"foto@MTI_Balogh-Zoltan_HZS2-1024x682.jpg","width":1024,"height":682,"mime_type":"image\/jpeg","source_url":"https:\/\/www.filharmonikusok.hu\/wp-content\/uploads\/2017\/04\/foto@MTI_Balogh-Zoltan_HZS2-1024x682.jpg"},"person-size":{"file":"foto@MTI_Balogh-Zoltan_HZS2-165x165.jpg","width":165,"height":165,"mime_type":"image\/jpeg","source_url":"https:\/\/www.filharmonikusok.hu\/wp-content\/uploads\/2017\/04\/foto@MTI_Balogh-Zoltan_HZS2-165x165.jpg"},"album-size":{"file":"foto@MTI_Balogh-Zoltan_HZS2-263x263.jpg","width":263,"height":263,"mime_type":"image\/jpeg","source_url":"https:\/\/www.filharmonikusok.hu\/wp-content\/uploads\/2017\/04\/foto@MTI_Balogh-Zoltan_HZS2-263x263.jpg"},"news-lead-size":{"file":"foto@MTI_Balogh-Zoltan_HZS2-360x203.jpg","width":360,"height":203,"mime_type":"image\/jpeg","source_url":"https:\/\/www.filharmonikusok.hu\/wp-content\/uploads\/2017\/04\/foto@MTI_Balogh-Zoltan_HZS2-360x203.jpg"},"director-index-size":{"file":"foto@MTI_Balogh-Zoltan_HZS2-359x450.jpg","width":359,"height":450,"mime_type":"image\/jpeg","source_url":"https:\/\/www.filharmonikusok.hu\/wp-content\/uploads\/2017\/04\/foto@MTI_Balogh-Zoltan_HZS2-359x450.jpg"},"person-lead-size":{"file":"foto@MTI_Balogh-Zoltan_HZS2-555x555.jpg","width":555,"height":555,"mime_type":"image\/jpeg","source_url":"https:\/\/www.filharmonikusok.hu\/wp-content\/uploads\/2017\/04\/foto@MTI_Balogh-Zoltan_HZS2-555x555.jpg"},"slider-size":{"file":"foto@MTI_Balogh-Zoltan_HZS2-1600x722.jpg","width":1600,"height":722,"mime_type":"image\/jpeg","source_url":"https:\/\/www.filharmonikusok.hu\/wp-content\/uploads\/2017\/04\/foto@MTI_Balogh-Zoltan_HZS2-1600x722.jpg"},"full":{"file":"foto@MTI_Balogh-Zoltan_HZS2.jpg","width":4736,"height":3152,"mime_type":"image\/jpeg","source_url":"https:\/\/www.filharmonikusok.hu\/wp-content\/uploads\/2017\/04\/foto@MTI_Balogh-Zoltan_HZS2.jpg"}},"image_meta":{"aperture":"0","credit":"MTI\/MTVA","camera":"","caption":"Budapest, 2017. \u00e1prilis 3.\r\nHamar Zsolt, Liszt Ferenc-d\u00edjas karmester, zeneszerz\u00f5, a Nemzeti Filharmonikusok \u00faj zeneigazgat\u00f3ja a f\u00f5v\u00e1rosi M\u00fbv\u00e9szetek Palot\u00e1ja (M\u00fcpa) el\u00f5tt 2017. \u00e1prilis 3-\u00e1n.\r\nMTI Fot\u00f3: Balogh Zolt\u00e1n","created_timestamp":"1491234634","copyright":"MTVA - M\u00e9diaszolg\u00e1ltat\u00e1s-t\u00e1mogat\u00f3 \u00e9s Vagyonkezel\u00f5 Alap","focal_length":"0","iso":"0","shutter_speed":"0","title":"Hamar Zsolt","orientation":"1","keywords":["FOT\u00d3","karmester","K\u00c9PKIV\u00c1G\u00c1S","K\u00f6z\u00e9leti szem\u00e9lyis\u00e9g foglalkoz\u00e1sa","laza arck\u00e9p, portr\u00e9","m\u00fbv\u00e9sz","SZEM\u00c9LY","zeneigazgat\u00f3","zeneszerz\u00f5"]}},"post":null,"source_url":"https:\/\/www.filharmonikusok.hu\/wp-content\/uploads\/2017\/04\/foto@MTI_Balogh-Zoltan_HZS2.jpg","_links":{"self":[{"href":"https:\/\/www.filharmonikusok.hu\/en\/wp-json\/wp\/v2\/media\/101066","targetHints":{"allow":["GET"]}}],"collection":[{"href":"https:\/\/www.filharmonikusok.hu\/en\/wp-json\/wp\/v2\/media"}],"about":[{"href":"https:\/\/www.filharmonikusok.hu\/en\/wp-json\/wp\/v2\/types\/attachment"}],"author":[{"embeddable":true,"href":"https:\/\/www.filharmonikusok.hu\/en\/wp-json\/wp\/v2\/users\/1"}],"replies":[{"embeddable":true,"href":"https:\/\/www.filharmonikusok.hu\/en\/wp-json\/wp\/v2\/comments?post=101066"}]}}

<p>Budapest, 2017. április 3.<br />
Hamar Zsolt, Liszt Ferenc-díjas karmester, zeneszerzõ, a Nemzeti Filharmonikusok új zeneigazgatója a fõvárosi Mûvészetek Palotája (Müpa) elõtt 2017. április 3-án.<br />
MTI Fotó: Balogh Zoltán</p>

Budapest, 2017. április 3.
Hamar Zsolt, Liszt Ferenc-díjas karmester, zeneszerzõ, a Nemzeti Filharmonikusok új zeneigazgatója a fõvárosi Mûvészetek Palotája (Müpa) elõtt 2017. április 3-án.
MTI Fotó: Balogh Zoltán

MTVA - Médiaszolgáltatás-támogató és Vagyonkezelõ Alap

FOTÓ

KÉPKIVÁGÁS

Közéleti személyiség foglalkozása

laza arckép, portré

mûvész

SZEMÉLY

zeneigazgató

zeneszerzõ
