{"id":99977,"date":"2016-12-08T09:05:53","date_gmt":"2016-12-08T09:05:53","guid":{"rendered":"http:\/\/www.filharmonikusok.hu\/?post_type=concerts&#038;p=99977"},"modified":"2016-12-20T12:44:04","modified_gmt":"2016-12-20T12:44:04","slug":"uton-zene-kispest","status":"publish","type":"concerts","link":"https:\/\/www.filharmonikusok.hu\/en\/koncertek\/uton-zene-kispest\/","title":{"rendered":"\u00daton a zene &#8211; Kispest"},"content":{"rendered":"","protected":false},"template":"","class_list":["post-99977","concerts","type-concerts","status-publish","hentry"],"translation":{"provider":"WPGlobus","version":"3.0.2","language":"en","enabled_languages":["hu","en"],"languages":{"hu":{"title":true,"content":false,"excerpt":false},"en":{"title":true,"content":false,"excerpt":false}}},"acf":{"alcim":"","kiemelt_kep":{"ID":97548,"id":97548,"title":"music-581732_1920","filename":"music-581732_1920-1.jpg","filesize":597681,"url":"https:\/\/www.filharmonikusok.hu\/wp-content\/uploads\/2016\/10\/music-581732_1920-1.jpg","link":"https:\/\/www.filharmonikusok.hu\/en\/koncertek\/uton-a-zene-karcag\/music-581732_1920-2\/","alt":"","author":"3","description":"zene \u00e1ltal\u00e1nos","caption":"","name":"music-581732_1920-2","status":"inherit","uploaded_to":97145,"date":"2016-10-18 15:41:23","modified":"2017-03-23 15:36:11","menu_order":0,"mime_type":"image\/jpeg","type":"image","subtype":"jpeg","icon":"https:\/\/www.filharmonikusok.hu\/wp-includes\/images\/media\/default.png","width":1920,"height":1440,"sizes":{"thumbnail":"https:\/\/www.filharmonikusok.hu\/wp-content\/uploads\/2016\/10\/music-581732_1920-1-150x150.jpg","thumbnail-width":150,"thumbnail-height":150,"medium":"https:\/\/www.filharmonikusok.hu\/wp-content\/uploads\/2016\/10\/music-581732_1920-1-300x225.jpg","medium-width":300,"medium-height":225,"medium_large":"https:\/\/www.filharmonikusok.hu\/wp-content\/uploads\/2016\/10\/music-581732_1920-1-768x576.jpg","medium_large-width":640,"medium_large-height":480,"large":"https:\/\/www.filharmonikusok.hu\/wp-content\/uploads\/2016\/10\/music-581732_1920-1-1024x768.jpg","large-width":640,"large-height":480,"1536x1536":"https:\/\/www.filharmonikusok.hu\/wp-content\/uploads\/2016\/10\/music-581732_1920-1.jpg","1536x1536-width":1536,"1536x1536-height":1152,"2048x2048":"https:\/\/www.filharmonikusok.hu\/wp-content\/uploads\/2016\/10\/music-581732_1920-1.jpg","2048x2048-width":1920,"2048x2048-height":1440,"person-size":"https:\/\/www.filharmonikusok.hu\/wp-content\/uploads\/2016\/10\/music-581732_1920-1-165x165.jpg","person-size-width":165,"person-size-height":165,"person-size-2":"https:\/\/www.filharmonikusok.hu\/wp-content\/uploads\/2016\/10\/music-581732_1920-1.jpg","person-size-2-width":165,"person-size-2-height":124,"album-size":"https:\/\/www.filharmonikusok.hu\/wp-content\/uploads\/2016\/10\/music-581732_1920-1-263x263.jpg","album-size-width":263,"album-size-height":263,"news-lead-size":"https:\/\/www.filharmonikusok.hu\/wp-content\/uploads\/2016\/10\/music-581732_1920-1-360x203.jpg","news-lead-size-width":360,"news-lead-size-height":203,"director-index-size":"https:\/\/www.filharmonikusok.hu\/wp-content\/uploads\/2016\/10\/music-581732_1920-1-359x450.jpg","director-index-size-width":359,"director-index-size-height":450,"person-lead-size":"https:\/\/www.filharmonikusok.hu\/wp-content\/uploads\/2016\/10\/music-581732_1920-1-555x555.jpg","person-lead-size-width":555,"person-lead-size-height":555,"slider-size":"https:\/\/www.filharmonikusok.hu\/wp-content\/uploads\/2016\/10\/music-581732_1920-1-1600x722.jpg","slider-size-width":1600,"slider-size-height":722}},"kiemelt_kep_en":null,"megjegyzes":"","esemeny_datum":"20161212","esemeny_idopontja":"15.30 - 17.00","sajat_program":true,"esemeny_tipusa":["koncertek","ismeretterjeszto","iskolai_program"],"esemeny_helyszine":{"ID":99978,"post_author":"3","post_date":"2016-12-08 09:05:21","post_date_gmt":"2016-12-08 09:05:21","post_content":"","post_title":"Kispesti Alapfok\u00fa M\u0171v\u00e9szeti Iskola","post_excerpt":"","post_status":"publish","comment_status":"closed","ping_status":"closed","post_password":"","post_name":"kispesti-alapfoku-muveszeti-iskola","to_ping":"","pinged":"","post_modified":"2016-12-08 09:05:21","post_modified_gmt":"2016-12-08 09:05:21","post_content_filtered":"","post_parent":0,"guid":"http:\/\/www.filharmonikusok.hu\/?post_type=places&#038;p=99978","menu_order":0,"post_type":"places","post_mime_type":"","comment_count":"0","filter":"raw","varos":"Budapest, Kispest","orszag":"Magyarorsz\u00e1g","cim":"1193 Budapest, Ir\u00e1nyi D\u00e1niel u. 2.","megjegyzes":"","weboldal":""},"helyszin_kategoria":"budapest","karmester":null,"hazigazda":null,"muvek":[],"muvekrol_reszletesen":null,"kozr_szemelyek":[],"muveszekrol_reszletesen":null,"kozr_szemelyek_feluldefinialasa":"<p>Kora kereszt\u00e9ny \u00e9s renesz\u00e1nsz dallamok<\/p>\n<p>Haydn <em>Szeren\u00e1d<\/em><\/p>\n<p>Boccherini <em>Menuette<\/em><\/p>\n<p>Mozart <em>Du\u00f3k &#8211; k\u00e9t r\u00e9szlet a Var\u00e1zsfuvola c. oper\u00e1b\u00f3l<\/em><\/p>\n<p><em>Hull a pelyhes feh\u00e9r h\u00f3 &#8211; k\u00f6z\u00f6s \u00e9nekl\u00e9s<\/em><\/p>\n<p>Erkel <em>Palot\u00e1s<\/em><\/p>\n<p>Bart\u00f3k <em>N\u00e9gy darab a 44 du\u00f3 k\u00e9t heged\u0171re c\u00edm\u0171\u00a0 k\u00f6tetb\u0151l<\/em><\/p>\n<p><em>P\u00e1rn\u00e1s t\u00e1nc, Sz\u00fanyogt\u00e1nc, Ugyan \u00e9des kom\u00e1masszony, Dudan\u00f3ta<\/em><\/p>\n<p>Razek <em>Macskakvartett<\/em><\/p>\n<p><em>Kiskar\u00e1csony, nagykar\u00e1csony &#8211; k\u00f6z\u00f6s \u00e9nekl\u00e9s<\/em><\/p>\n<p><em>Csendes \u00e9j<\/em><\/p>\n<p>A Nemzeti Filharmonikus Zenekar fell\u00e9p\u0151 m\u0171v\u00e9szei:<\/p>\n<p>Szab\u00f3 Krisztina <em>heged\u0171<\/em><\/p>\n<p>Szegleti Bernadette <em>heged\u0171<\/em><\/p>\n<p>Moh\u00e1csi Gyula <em>br\u00e1csa<\/em><\/p>\n<p>Horv\u00e1th Andrea <em>fagott<\/em><\/p>\n<p>&nbsp;<\/p>\n<p>A koncerten fell\u00e9p\u0151 n\u00f6vend\u00e9kek m\u0171sora<\/p>\n<p>Telemann <em>F-d\u00far szon\u00e1ta II.-I. t\u00e9tel<\/em><\/p>\n<p>Bakai M\u00e1ty\u00e1s <em>trombita<\/em> (tan\u00e1ra: Sz\u00e1szi Domonkos)<\/p>\n<p>Ellerton <em>Tarantella<\/em><\/p>\n<p>Lendvai Kamilla <em>heged\u0171<\/em> (tan\u00e1ra Csonka G\u00e1bor)<\/p>\n<p>&nbsp;<\/p>\n","kozr_intezmenyek":[],"gombtipus":"link","jegyarak":"","hivatkozas_gomb_szovege":"ingyenes","hivatkozas_gomg_url-je":"","youtube_id":"","old_id":""},"publishpress_future_workflow_manual_trigger":{"enabledWorkflows":[]},"_links":{"self":[{"href":"https:\/\/www.filharmonikusok.hu\/en\/wp-json\/wp\/v2\/concerts\/99977","targetHints":{"allow":["GET"]}}],"collection":[{"href":"https:\/\/www.filharmonikusok.hu\/en\/wp-json\/wp\/v2\/concerts"}],"about":[{"href":"https:\/\/www.filharmonikusok.hu\/en\/wp-json\/wp\/v2\/types\/concerts"}],"wp:attachment":[{"href":"https:\/\/www.filharmonikusok.hu\/en\/wp-json\/wp\/v2\/media?parent=99977"}],"curies":[{"name":"wp","href":"https:\/\/api.w.org\/{rel}","templated":true}]}}

Úton a zene &#8211; Kispest

zene általános

Kispesti Alapfokú Művészeti Iskola

Magyarország

1193 Budapest, Irányi Dániel u. 2.

<p>Kora keresztény és reneszánsz dallamok</p>
<p>Haydn <em>Szerenád</em></p>
<p>Boccherini <em>Menuette</em></p>
<p>Mozart <em>Duók &#8211; két részlet a Varázsfuvola c. operából</em></p>
<p><em>Hull a pelyhes fehér hó &#8211; közös éneklés</em></p>
<p>Erkel <em>Palotás</em></p>
<p>Bartók <em>Négy darab a 44 duó két hegedűre című  kötetből</em></p>
<p><em>Párnás tánc, Szúnyogtánc, Ugyan édes komámasszony, Dudanóta</em></p>
<p>Razek <em>Macskakvartett</em></p>
<p><em>Kiskarácsony, nagykarácsony &#8211; közös éneklés</em></p>
<p><em>Csendes éj</em></p>
<p>A Nemzeti Filharmonikus Zenekar fellépő művészei:</p>
<p>Szabó Krisztina <em>hegedű</em></p>
<p>Szegleti Bernadette <em>hegedű</em></p>
<p>Mohácsi Gyula <em>brácsa</em></p>
<p>Horváth Andrea <em>fagott</em></p>
<p>&nbsp;</p>
<p>A koncerten fellépő növendékek műsora</p>
<p>Telemann <em>F-dúr szonáta II.-I. tétel</em></p>
<p>Bakai Mátyás <em>trombita</em> (tanára: Szászi Domonkos)</p>
<p>Ellerton <em>Tarantella</em></p>
<p>Lendvai Kamilla <em>hegedű</em> (tanára Csonka Gábor)</p>
<p>&nbsp;</p>
