{"id":99968,"date":"2016-12-05T09:13:54","date_gmt":"2016-12-05T09:13:54","guid":{"rendered":"http:\/\/www.filharmonikusok.hu\/?post_type=concerts&#038;p=99968"},"modified":"2016-12-05T09:13:54","modified_gmt":"2016-12-05T09:13:54","slug":"wagner-parsifal-wagner-napok","status":"publish","type":"concerts","link":"https:\/\/www.filharmonikusok.hu\/en\/koncertek\/wagner-parsifal-wagner-napok\/","title":{"rendered":"Wagner Parsifal &#8211; Wagner-napok"},"content":{"rendered":"","protected":false},"template":"","class_list":["post-99968","concerts","type-concerts","status-publish","hentry"],"translation":{"provider":"WPGlobus","version":"3.0.2","language":"en","enabled_languages":["hu","en"],"languages":{"hu":{"title":true,"content":false,"excerpt":false},"en":{"title":false,"content":false,"excerpt":false}}},"acf":{"alcim":"A Nemzeti \u00c9nekkar k\u00f6zrem\u0171k\u00f6d\u00e9s\u00e9vel","kiemelt_kep":null,"kiemelt_kep_en":null,"megjegyzes":"","esemeny_datum":"20170621","esemeny_idopontja":"16.00 - 22.00","sajat_program":false,"esemeny_tipusa":["koncertek"],"esemeny_helyszine":{"ID":87689,"post_author":"1","post_date":"2016-09-08 08:02:38","post_date_gmt":"2016-09-08 08:02:38","post_content":"","post_title":"{:hu}M\u00fcpa - Bart\u00f3k B\u00e9la Nemzeti Hangversenyterem{:}{:en}M\u00fcpa - B\u00e9la Bart\u00f3k National Concert Hall{:}","post_excerpt":"","post_status":"publish","comment_status":"closed","ping_status":"closed","post_password":"","post_name":"mupa-bartok-bela-nemzeti-hangversenyterem","to_ping":"","pinged":"","post_modified":"2016-09-08 08:02:38","post_modified_gmt":"2016-09-08 08:02:38","post_content_filtered":"","post_parent":0,"guid":"http:\/\/www.filharmonikusok.hu\/places\/mupa-bartok-bela-nemzeti-hangversenyterem\/","menu_order":0,"post_type":"places","post_mime_type":"","comment_count":"0","filter":"raw","varos":"{:hu}Budapest{:}{:en}Budapest{:}","orszag":"{:hu}Magyarorsz\u00e1g{:}{:en}Magyarorsz\u00e1g{:}","cim":"<p>1095 Budapest, Komor Marcell u. 1.<\/p>","megjegyzes":"","weboldal":"http:\/\/www.muveszetekpalotaja.hu"},"helyszin_kategoria":"budapest","karmester":{"ID":86376,"post_author":"1","post_date":"2016-12-05 09:10:12","post_date_gmt":"2016-12-05 09:10:12","post_content":"","post_title":"{:hu}Fischer \u00c1d\u00e1m{:}{:en}\u00c1d\u00e1m Fischer{:}","post_excerpt":"","post_status":"publish","comment_status":"closed","ping_status":"closed","post_password":"","post_name":"fischer-adam","to_ping":"","pinged":"","post_modified":"2016-12-05 09:10:12","post_modified_gmt":"2016-12-05 09:10:12","post_content_filtered":"","post_parent":0,"guid":"http:\/\/www.filharmonikusok.hu\/?post_type=artists&#038;p=86376","menu_order":0,"post_type":"artists","post_mime_type":"","comment_count":"0","filter":"raw"},"hazigazda":null,"muvek":[],"muvekrol_reszletesen":null,"kozr_szemelyek":[],"muveszekrol_reszletesen":null,"kozr_szemelyek_feluldefinialasa":"<p>Wagner <em>Parsifal &#8211; f\u00e9lig szcen\u00edrozott el\u0151ad\u00e1s<\/em><\/p>\n<p>&nbsp;<\/p>\n<p>Lauri Vasar <em>Amfortas<\/em><\/p>\n<p>Violeta Urmana <em>Kundry<\/em><\/p>\n<p>Peter Seiffert <em>Parsifal<\/em><\/p>\n<p>Albert Pesendorfer <em>Gurnemanz<\/em><\/p>\n<p>Cserhalmi Ferenc <em>Titurel<\/em><\/p>\n<p>J\u00fcrgen <em>Linn Klingsor<\/em><\/p>\n<p>Kiss P\u00e9ter <em>1. Gr\u00e1l-lovag<\/em><\/p>\n<p>Ambrus \u00c1kos <em>2. Gr\u00e1l-lovag<\/em><\/p>\n<p>&nbsp;<\/p>\n<p>Alkot\u00f3k:<\/p>\n<p>Parditka Magdolna <em>rendez\u0151<\/em><\/p>\n<p>Szemer\u00e9di Alexandra <em>d\u00edszlettervez\u0151<\/em><\/p>\n<p>&nbsp;<\/p>\n<p>M\u0171v\u00e9szeti vezet\u0151:<\/p>\n<p>Fischer \u00c1d\u00e1m<\/p>\n","kozr_intezmenyek":[{"ID":87468,"post_author":"1","post_date":"2016-09-08 07:58:44","post_date_gmt":"2016-09-08 07:58:44","post_content":"","post_title":"{:hu}A Magyar R\u00e1di\u00f3 Szimfonikus Zenekara{:}{:en}The Hungarian Radio Symphony Orchestra{:}","post_excerpt":"","post_status":"publish","comment_status":"closed","ping_status":"closed","post_password":"","post_name":"a-magyar-radio-szimfonikus-zenekara","to_ping":"","pinged":"","post_modified":"2016-12-05 09:09:20","post_modified_gmt":"2016-12-05 09:09:20","post_content_filtered":"","post_parent":0,"guid":"http:\/\/www.filharmonikusok.hu\/institutions\/a-magyar-radio-szimfonikus-zenekara\/","menu_order":0,"post_type":"institutions","post_mime_type":"","comment_count":"0","filter":"raw"},{"ID":87497,"post_author":"1","post_date":"2016-09-08 07:58:45","post_date_gmt":"2016-09-08 07:58:45","post_content":"","post_title":"{:hu}A Magyar R\u00e1di\u00f3 \u00c9nekkara (karigazgat\u00f3: Pad Zolt\u00e1n){:}{:en}Hungarian Radio Choir{:}","post_excerpt":"","post_status":"publish","comment_status":"closed","ping_status":"closed","post_password":"","post_name":"a-magyar-radio-enekkara","to_ping":"","pinged":"","post_modified":"2016-12-05 09:06:42","post_modified_gmt":"2016-12-05 09:06:42","post_content_filtered":"","post_parent":0,"guid":"http:\/\/www.filharmonikusok.hu\/institutions\/a-magyar-radio-enekkara\/","menu_order":0,"post_type":"institutions","post_mime_type":"","comment_count":"0","filter":"raw"},{"ID":87463,"post_author":"1","post_date":"2016-09-08 07:58:44","post_date_gmt":"2016-09-08 07:58:44","post_content":"\"A Magyar R\u00e1di\u00f3 Gyermekk\u00f3rus\u00e1nak alap\u00edt\u00f3it Kod\u00e1ly Zolt\u00e1n m\u00e1ig \u00e9rv\u00e9nyes gondolata vezette arra, hogy p\u00e9ldamutat\u00f3 iskol\u00e1t teremtsenek \u00e9s hirdess\u00e9k a vil\u00e1gban a kod\u00e1lyi filoz\u00f3fia nagyszerus\u00e9g\u00e9t \u00e9s igazs\u00e1g\u00e1t. A Gyermekk\u00f3rus 1954-ben alakult 8-15 \u00e9ves gyerekek sz\u00e1m\u00e1ra. A gregori\u00e1n zen\u00e9t\u00f4l a renesz\u00e1nsz vok\u00e1lis polif\u00f3ni\u00e1n \u00e1t a kort\u00e1rs zen\u00e9ig terjed az egy\u00fcttes reperto\u00e1rja. Kod\u00e1ly \u00e9s Bart\u00f3k m\u0171vei mellett k\u00fcl\u00f6n\u00f6s figyelmet ford\u00edtanak a kort\u00e1rs magyar zeneszerz\u00f4k, t\u00f6bbek k\u00f6z\u00f6tt Petrovics Emil, Bozay Attila, Kocs\u00e1r Mikl\u00f3s, Szokolay S\u00e1ndor, Rem\u00e9nyi Attila, Orb\u00e1n Gy\u00f6rgy, Gy\u00f6ngy\u00f6si Levente m\u0171veinek bemutat\u00e1s\u00e1ra is.\"","post_title":"{:hu}A Magyar R\u00e1di\u00f3 Gyermekk\u00f3rusa (karigazgat\u00f3: Matos L\u00e1szl\u00f3){:}{:en}The Hungarian Radio Children's Choir{:}","post_excerpt":"","post_status":"publish","comment_status":"closed","ping_status":"closed","post_password":"","post_name":"a-magyar-radio-gyermekkorusa","to_ping":"","pinged":"","post_modified":"2016-12-05 09:07:25","post_modified_gmt":"2016-12-05 09:07:25","post_content_filtered":"","post_parent":0,"guid":"http:\/\/www.filharmonikusok.hu\/institutions\/a-magyar-radio-gyermekkorusa\/","menu_order":0,"post_type":"institutions","post_mime_type":"","comment_count":"0","filter":"raw"},{"ID":87528,"post_author":"1","post_date":"2016-09-08 07:58:45","post_date_gmt":"2016-09-08 07:58:45","post_content":"{:hu}<img class=\"alignnone size-medium wp-image-115522\" src=\"https:\/\/www.filharmonikusok.hu\/wp-content\/uploads\/2017\/10\/MNF_Mupa_Evad-egyuttese_2019_20_foto_Csibi-Szilvia11_555x555-300x300.jpg\" alt=\"\" width=\"300\" height=\"300\" \/>A Nemzeti \u00c9nekkar 1985-ben alakult \u00c1llami \u00c9nekkar n\u00e9ven, 2016. janu\u00e1r 1-t\u0151l vezet\u0151 karnagya Somos Csaba. Az \u00e9nekkar Magyarorsz\u00e1g egyik vezet\u0151 hivat\u00e1sos k\u00f3rusa, amelynek profilja a zenekar-k\u00eds\u00e9retes kompoz\u00edci\u00f3k, orat\u00f3riumok, valamint a cappella m\u0171vek el\u0151ad\u00e1sa. Reperto\u00e1rja ennek megfelel\u0151en rendk\u00edv\u00fcl gazdag, a kora barokk Sch\u00fctz alkot\u00e1sait\u00f3l Bach, a b\u00e9csi klasszikusok \u00e9s a 19. sz\u00e1zad zeneszerz\u0151inek kompoz\u00edci\u00f3in kereszt\u00fcl a 20. sz\u00e1zad \u00e9s a kort\u00e1rs zen\u00e9ig minden ir\u00e1nyba nyitott, m\u0171faji hat\u00e1rok n\u00e9lk\u00fcl, de a ritk\u00e1n m\u0171sorra ker\u00fcl\u0151 alkot\u00e1sok megsz\u00f3laltat\u00e1s\u00e1ban is elk\u00f6telezett. A reperto\u00e1rj\u00e1n hangs\u00falyosan jelen lev\u0151 19. sz\u00e1zadi orat\u00f3riumok mellett az egy\u00fcttes kiemelt fontoss\u00e1got tulajdon\u00edt a kort\u00e1rs m\u0171vek el\u0151ad\u00e1s\u00e1nak, sz\u00e1mos m\u0171 \u0151sbemutat\u00f3ja, illetve magyarorsz\u00e1gi bemutat\u00f3ja f\u0171z\u0151dik a nev\u00e9hez.\r\n\r\nA k\u00f3rus visszat\u00e9r\u0151 k\u00f6zrem\u0171k\u00f6d\u0151je a Nemzeti Filharmonikusok martonv\u00e1s\u00e1ri ny\u00e1ri Beethoven-sorozat\u00e1nak, kiemelked\u0151 szerepl\u0151je a zenekar csal\u00e1di matin\u00e9 koncertsorozat\u00e1nak, valamint a Kocsis Zolt\u00e1n m\u0171v\u00e9szeti vezet\u00e9s\u00e9vel 2006 \u00f3ta fel\u00e9p\u00fcl\u0151 Bart\u00f3k \u00daj Sorozatnak. A Nemzeti Filharmonikusok Richard Strauss oper\u00e1it bemutat\u00f3 nagy siker\u0171 sz\u00e9ri\u00e1j\u00e1ban \u00e9s Schoenberg M\u00f3zes \u00e9s \u00c1ron c\u00edm\u0171 oper\u00e1j\u00e1ban, az \u00e9nekkar mellett t\u00f6bb tagja sz\u00f3listak\u00e9nt is fell\u00e9pett. Az \u00e9nekkar a hazai koncertek mellett nemzetk\u00f6zi felk\u00e9r\u00e9seknek is eleget tesz, rendszeresen koncertezik a magyarok \u00e1ltal is lakott hat\u00e1ront\u00fali telep\u00fcl\u00e9seken. A Nemzeti \u00c9nekkar a M\u00fcp\u00e1ban megrendezett nagyszab\u00e1s\u00fa Wagner-napok rendszeresen megh\u00edvott k\u00f6zrem\u0171k\u00f6d\u0151je.{:}{:en}<img class=\"alignnone size-medium wp-image-115522\" src=\"https:\/\/www.filharmonikusok.hu\/wp-content\/uploads\/2017\/10\/MNF_Mupa_Evad-egyuttese_2019_20_foto_Csibi-Szilvia11_555x555-300x300.jpg\" alt=\"\" width=\"300\" height=\"300\" \/>\r\n\r\nThe Hungarian National Choir (originally called State Choir) was founded in 1985. Between 1990 and 2016 it was headed by M\u00e1ty\u00e1s Antal, who was succeeded by Csaba Somos on 1 January 2016. The choir is one of Hungary\u2019s leading professional choirs. It boasts a rich repertoire chiefly consisting of orchestra-accompanied and a capella choral music, as well as oratorios, ranging from works by the early-Baroque Sch\u00fctz to Bach, Viennese Classical, 19<sup>th<\/sup> and 20<sup>th<\/sup>-century composers, and contemporary music. The Hungarian National Choir is open to every genre and is dedicated to performing rarely heard works. While the backbone of the repertoire consists of 19<sup>th<\/sup>-century oratorios, the Hungarian National Choir attaches great importance to performing contemporary music. Numerous world and national premi\u00e8res are linked with its name.\r\n\r\nThey are\u00a0 returning guests at the Hungarian National Philharmonic Orchestra\u2019s summer Beethoven series in Martonv\u00e1s\u00e1r. It regularly appears in the Orchestra\u2019s family matin\u00e9e concerts, as well as the <em>Bart\u00f3k New Series<\/em>, launched in 2006. The successful performance of Richard Strauss\u2019s operas and Schoenberg\u2019s <em>Moses and Aron<\/em> has involved the National Choir and many of its soloists. In addition to concerts at home, the choir performs extensively abroad and regularly gives concerts in minority Hungarian areas across the border. The Hungarian National Choir is a regular participant of large-scale events at the Palace of Art, such as the Wagner Days.{:}","post_title":"{:hu}Nemzeti \u00c9nekkar (karigazgat\u00f3: Somos Csaba){:}{:en}Hungarian National Choir (choirmaster: Csaba Somos){:}","post_excerpt":"","post_status":"publish","comment_status":"closed","ping_status":"closed","post_password":"","post_name":"nemzeti-enekkar-karigazgato-somos-csaba","to_ping":"","pinged":"","post_modified":"2020-07-22 10:07:10","post_modified_gmt":"2020-07-22 10:07:10","post_content_filtered":"","post_parent":0,"guid":"http:\/\/www.filharmonikusok.hu\/institutions\/nemzeti-enekkar-karigazgato-somos-csaba\/","menu_order":0,"post_type":"institutions","post_mime_type":"","comment_count":"0","filter":"raw"}],"gombtipus":"link","jegyarak":"5.500 Ft - 7.900 Ft - 10.900 Ft - 14.900 Ft - 19.900 Ft","hivatkozas_gomb_szovege":"Tov\u00e1bb","hivatkozas_gomg_url-je":"https:\/\/www.mupa.hu\/program\/wagner-parsifal-2017-06-08_16-00-bbnh","youtube_id":"","old_id":""},"publishpress_future_workflow_manual_trigger":{"enabledWorkflows":[]},"_links":{"self":[{"href":"https:\/\/www.filharmonikusok.hu\/en\/wp-json\/wp\/v2\/concerts\/99968","targetHints":{"allow":["GET"]}}],"collection":[{"href":"https:\/\/www.filharmonikusok.hu\/en\/wp-json\/wp\/v2\/concerts"}],"about":[{"href":"https:\/\/www.filharmonikusok.hu\/en\/wp-json\/wp\/v2\/types\/concerts"}],"wp:attachment":[{"href":"https:\/\/www.filharmonikusok.hu\/en\/wp-json\/wp\/v2\/media?parent=99968"}],"curies":[{"name":"wp","href":"https:\/\/api.w.org\/{rel}","templated":true}]}}

A Nemzeti Énekkar közreműködésével

{:hu}Müpa - Bartók Béla Nemzeti Hangversenyterem{:}{:en}Müpa - Béla Bartók National Concert Hall{:}

{:hu}Magyarország{:}{:en}Magyarország{:}

{:hu}Fischer Ádám{:}{:en}Ádám Fischer{:}

<p>Wagner <em>Parsifal &#8211; félig szcenírozott előadás</em></p>
<p>&nbsp;</p>
<p>Lauri Vasar <em>Amfortas</em></p>
<p>Violeta Urmana <em>Kundry</em></p>
<p>Peter Seiffert <em>Parsifal</em></p>
<p>Albert Pesendorfer <em>Gurnemanz</em></p>
<p>Cserhalmi Ferenc <em>Titurel</em></p>
<p>Jürgen <em>Linn Klingsor</em></p>
<p>Kiss Péter <em>1. Grál-lovag</em></p>
<p>Ambrus Ákos <em>2. Grál-lovag</em></p>
<p>&nbsp;</p>
<p>Alkotók:</p>
<p>Parditka Magdolna <em>rendező</em></p>
<p>Szemerédi Alexandra <em>díszlettervező</em></p>
<p>&nbsp;</p>
<p>Művészeti vezető:</p>
<p>Fischer Ádám</p>

{:hu}A Magyar Rádió Szimfonikus Zenekara{:}{:en}The Hungarian Radio Symphony Orchestra{:}

{:hu}A Magyar Rádió Énekkara (karigazgató: Pad Zoltán){:}{:en}Hungarian Radio Choir{:}

"A Magyar Rádió Gyermekkórusának alapítóit Kodály Zoltán máig érvényes gondolata vezette arra, hogy példamutató iskolát teremtsenek és hirdessék a világban a kodályi filozófia nagyszeruségét és igazságát. A Gyermekkórus 1954-ben alakult 8-15 éves gyerekek számára. A gregorián zenétôl a reneszánsz vokális polifónián át a kortárs zenéig terjed az együttes repertoárja. Kodály és Bartók művei mellett különös figyelmet fordítanak a kortárs magyar zeneszerzôk, többek között Petrovics Emil, Bozay Attila, Kocsár Miklós, Szokolay Sándor, Reményi Attila, Orbán György, Gyöngyösi Levente műveinek bemutatására is."

{:hu}A Magyar Rádió Gyermekkórusa (karigazgató: Matos László){:}{:en}The Hungarian Radio Children's Choir{:}

{:hu}<img class="alignnone size-medium wp-image-115522" src="https://www.filharmonikusok.hu/wp-content/uploads/2017/10/MNF_Mupa_Evad-egyuttese_2019_20_foto_Csibi-Szilvia11_555x555-300x300.jpg" alt="" width="300" height="300" />A Nemzeti Énekkar 1985-ben alakult Állami Énekkar néven, 2016. január 1-től vezető karnagya Somos Csaba. Az énekkar Magyarország egyik vezető hivatásos kórusa, amelynek profilja a zenekar-kíséretes kompozíciók, oratóriumok, valamint a cappella művek előadása. Repertoárja ennek megfelelően rendkívül gazdag, a kora barokk Schütz alkotásaitól Bach, a bécsi klasszikusok és a 19. század zeneszerzőinek kompozícióin keresztül a 20. század és a kortárs zenéig minden irányba nyitott, műfaji határok nélkül, de a ritkán műsorra kerülő alkotások megszólaltatásában is elkötelezett. A repertoárján hangsúlyosan jelen levő 19. századi oratóriumok mellett az együttes kiemelt fontosságot tulajdonít a kortárs művek előadásának, számos mű ősbemutatója, illetve magyarországi bemutatója fűződik a nevéhez.

A kórus visszatérő közreműködője a Nemzeti Filharmonikusok martonvásári nyári Beethoven-sorozatának, kiemelkedő szereplője a zenekar családi matiné koncertsorozatának, valamint a Kocsis Zoltán művészeti vezetésével 2006 óta felépülő Bartók Új Sorozatnak. A Nemzeti Filharmonikusok Richard Strauss operáit bemutató nagy sikerű szériájában és Schoenberg Mózes és Áron című operájában, az énekkar mellett több tagja szólistaként is fellépett. Az énekkar a hazai koncertek mellett nemzetközi felkéréseknek is eleget tesz, rendszeresen koncertezik a magyarok által is lakott határontúli településeken. A Nemzeti Énekkar a Müpában megrendezett nagyszabású Wagner-napok rendszeresen meghívott közreműködője.{:}{:en}<img class="alignnone size-medium wp-image-115522" src="https://www.filharmonikusok.hu/wp-content/uploads/2017/10/MNF_Mupa_Evad-egyuttese_2019_20_foto_Csibi-Szilvia11_555x555-300x300.jpg" alt="" width="300" height="300" />

The Hungarian National Choir (originally called State Choir) was founded in 1985. Between 1990 and 2016 it was headed by Mátyás Antal, who was succeeded by Csaba Somos on 1 January 2016. The choir is one of Hungary’s leading professional choirs. It boasts a rich repertoire chiefly consisting of orchestra-accompanied and a capella choral music, as well as oratorios, ranging from works by the early-Baroque Schütz to Bach, Viennese Classical, 19<sup>th</sup> and 20<sup>th</sup>-century composers, and contemporary music. The Hungarian National Choir is open to every genre and is dedicated to performing rarely heard works. While the backbone of the repertoire consists of 19<sup>th</sup>-century oratorios, the Hungarian National Choir attaches great importance to performing contemporary music. Numerous world and national premières are linked with its name.

They are  returning guests at the Hungarian National Philharmonic Orchestra’s summer Beethoven series in Martonvásár. It regularly appears in the Orchestra’s family matinée concerts, as well as the <em>Bartók New Series</em>, launched in 2006. The successful performance of Richard Strauss’s operas and Schoenberg’s <em>Moses and Aron</em> has involved the National Choir and many of its soloists. In addition to concerts at home, the choir performs extensively abroad and regularly gives concerts in minority Hungarian areas across the border. The Hungarian National Choir is a regular participant of large-scale events at the Palace of Art, such as the Wagner Days.{:}

{:hu}Nemzeti Énekkar (karigazgató: Somos Csaba){:}{:en}Hungarian National Choir (choirmaster: Csaba Somos){:}

Tovább
