{"id":126594,"date":"2026-04-30T08:40:28","date_gmt":"2026-04-30T08:40:28","guid":{"rendered":"https:\/\/www.filharmonikusok.hu\/?post_type=concerts&#038;p=126594"},"modified":"2026-04-30T08:43:29","modified_gmt":"2026-04-30T08:43:29","slug":"beethovennel-a-szabadban-2026","status":"publish","type":"concerts","link":"https:\/\/www.filharmonikusok.hu\/en\/koncertek\/beethovennel-a-szabadban-2026\/","title":{"rendered":"Beethoven in the Park \u2013 2026"},"content":{"rendered":"<p><strong><u>(Rain date: Sunday, 5 July) <\/u><\/strong><\/p>\n<p>Egmont \u2013 incidental music, Op. 84, excerpts<br \/>\nSymphony No. 3 in E-flat major (\u201cEroica\u201d), Op. 55<\/p>\n<p><strong>Adrienn Miksch<\/strong>\u00a0soprano<br \/>\n<strong>Hungarian National Philharmonic Orchestra <\/strong><\/p>\n<p>Conductor: <strong>Levente T\u00f6r\u00f6k<\/strong><\/p>\n<p>The Flemish Count Lamoral van Egmont (1522\u20131568) was a martyr of the 16th-century struggles for freedom in the Low Countries. Beethoven composed incidental music for Goethe\u2019s drama about him between October 1809 and June 1810. The creation of the work gained contemporary relevance from the fact that French troops occupied Vienna at that time as part of the Napoleonic Wars; thus, Beethoven was able to personally experience what it meant to yearn for liberation from foreign oppression as he composed the music. The genesis of his <em>Symphony No. 3 in E flat major (\u201cEroica\u201d)<\/em> is also linked to Napoleon: the four-movement work \u2013 which represents a paradigm shift in the symphonic repertoire due to its sound and scope \u2013 was originally intended by the composer to be dedicated to Napoleon. However, upon learning that the First Consul had crowned himself Emperor, Beethoven, in his disappointment, settled on the subtitle of \u201cheroic\u201d instead. Adrienn Miksch, a member of the Hungarian State Opera, delivers outstanding performances both in the operatic and concert repertoires. The conductor for the evening, Levente T\u00f6r\u00f6k, completed his higher education at the Vienna University of Music and Performing Arts and is currently artistic director of the Miskolc Symphony Orchestra. Music director of the City of Aachen since August 2026.<\/p>\n","protected":false},"template":"","class_list":["post-126594","concerts","type-concerts","status-publish","hentry"],"translation":{"provider":"WPGlobus","version":"3.0.2","language":"en","enabled_languages":["hu","en"],"languages":{"hu":{"title":true,"content":true,"excerpt":false},"en":{"title":true,"content":true,"excerpt":false}}},"acf":{"slides":false,"alcim":"Hungarian National Philharmonic concerts in Martonv\u00e1s\u00e1r","kiemelt_kep":{"ID":121330,"id":121330,"title":"Martonv\u00e1s\u00e1r 1","filename":"Martonvasar-1-1.png","filesize":2421687,"url":"https:\/\/www.filharmonikusok.hu\/wp-content\/uploads\/2023\/04\/Martonvasar-1-1.png","link":"https:\/\/www.filharmonikusok.hu\/en\/koncertek\/beethovennel-a-szabadban-2023\/martonvasar-1-2\/","alt":"","author":"951582","description":"","caption":"","name":"martonvasar-1-2","status":"inherit","uploaded_to":121329,"date":"2023-04-24 11:27:53","modified":"2023-04-24 11:27:53","menu_order":0,"mime_type":"image\/png","type":"image","subtype":"png","icon":"https:\/\/www.filharmonikusok.hu\/wp-includes\/images\/media\/default.png","width":1920,"height":560,"sizes":{"thumbnail":"https:\/\/www.filharmonikusok.hu\/wp-content\/uploads\/2023\/04\/Martonvasar-1-1-150x150.png","thumbnail-width":150,"thumbnail-height":150,"medium":"https:\/\/www.filharmonikusok.hu\/wp-content\/uploads\/2023\/04\/Martonvasar-1-1-300x88.png","medium-width":300,"medium-height":88,"medium_large":"https:\/\/www.filharmonikusok.hu\/wp-content\/uploads\/2023\/04\/Martonvasar-1-1-768x224.png","medium_large-width":640,"medium_large-height":187,"large":"https:\/\/www.filharmonikusok.hu\/wp-content\/uploads\/2023\/04\/Martonvasar-1-1-1024x299.png","large-width":640,"large-height":187,"1536x1536":"https:\/\/www.filharmonikusok.hu\/wp-content\/uploads\/2023\/04\/Martonvasar-1-1-1536x448.png","1536x1536-width":1536,"1536x1536-height":448,"2048x2048":"https:\/\/www.filharmonikusok.hu\/wp-content\/uploads\/2023\/04\/Martonvasar-1-1.png","2048x2048-width":1920,"2048x2048-height":560,"person-size":"https:\/\/www.filharmonikusok.hu\/wp-content\/uploads\/2023\/04\/Martonvasar-1-1-165x165.png","person-size-width":165,"person-size-height":165,"person-size-2":"https:\/\/www.filharmonikusok.hu\/wp-content\/uploads\/2023\/04\/Martonvasar-1-1-165x220.png","person-size-2-width":165,"person-size-2-height":220,"album-size":"https:\/\/www.filharmonikusok.hu\/wp-content\/uploads\/2023\/04\/Martonvasar-1-1-263x263.png","album-size-width":263,"album-size-height":263,"news-lead-size":"https:\/\/www.filharmonikusok.hu\/wp-content\/uploads\/2023\/04\/Martonvasar-1-1-360x203.png","news-lead-size-width":360,"news-lead-size-height":203,"director-index-size":"https:\/\/www.filharmonikusok.hu\/wp-content\/uploads\/2023\/04\/Martonvasar-1-1-359x450.png","director-index-size-width":359,"director-index-size-height":450,"person-lead-size":"https:\/\/www.filharmonikusok.hu\/wp-content\/uploads\/2023\/04\/Martonvasar-1-1-555x555.png","person-lead-size-width":555,"person-lead-size-height":555,"slider-size":"https:\/\/www.filharmonikusok.hu\/wp-content\/uploads\/2023\/04\/Martonvasar-1-1-1600x560.png","slider-size-width":1600,"slider-size-height":560}},"kiemelt_kep_en":{"ID":121330,"id":121330,"title":"Martonv\u00e1s\u00e1r 1","filename":"Martonvasar-1-1.png","filesize":2421687,"url":"https:\/\/www.filharmonikusok.hu\/wp-content\/uploads\/2023\/04\/Martonvasar-1-1.png","link":"https:\/\/www.filharmonikusok.hu\/en\/koncertek\/beethovennel-a-szabadban-2023\/martonvasar-1-2\/","alt":"","author":"951582","description":"","caption":"","name":"martonvasar-1-2","status":"inherit","uploaded_to":121329,"date":"2023-04-24 11:27:53","modified":"2023-04-24 11:27:53","menu_order":0,"mime_type":"image\/png","type":"image","subtype":"png","icon":"https:\/\/www.filharmonikusok.hu\/wp-includes\/images\/media\/default.png","width":1920,"height":560,"sizes":{"thumbnail":"https:\/\/www.filharmonikusok.hu\/wp-content\/uploads\/2023\/04\/Martonvasar-1-1-150x150.png","thumbnail-width":150,"thumbnail-height":150,"medium":"https:\/\/www.filharmonikusok.hu\/wp-content\/uploads\/2023\/04\/Martonvasar-1-1-300x88.png","medium-width":300,"medium-height":88,"medium_large":"https:\/\/www.filharmonikusok.hu\/wp-content\/uploads\/2023\/04\/Martonvasar-1-1-768x224.png","medium_large-width":640,"medium_large-height":187,"large":"https:\/\/www.filharmonikusok.hu\/wp-content\/uploads\/2023\/04\/Martonvasar-1-1-1024x299.png","large-width":640,"large-height":187,"1536x1536":"https:\/\/www.filharmonikusok.hu\/wp-content\/uploads\/2023\/04\/Martonvasar-1-1-1536x448.png","1536x1536-width":1536,"1536x1536-height":448,"2048x2048":"https:\/\/www.filharmonikusok.hu\/wp-content\/uploads\/2023\/04\/Martonvasar-1-1.png","2048x2048-width":1920,"2048x2048-height":560,"person-size":"https:\/\/www.filharmonikusok.hu\/wp-content\/uploads\/2023\/04\/Martonvasar-1-1-165x165.png","person-size-width":165,"person-size-height":165,"person-size-2":"https:\/\/www.filharmonikusok.hu\/wp-content\/uploads\/2023\/04\/Martonvasar-1-1-165x220.png","person-size-2-width":165,"person-size-2-height":220,"album-size":"https:\/\/www.filharmonikusok.hu\/wp-content\/uploads\/2023\/04\/Martonvasar-1-1-263x263.png","album-size-width":263,"album-size-height":263,"news-lead-size":"https:\/\/www.filharmonikusok.hu\/wp-content\/uploads\/2023\/04\/Martonvasar-1-1-360x203.png","news-lead-size-width":360,"news-lead-size-height":203,"director-index-size":"https:\/\/www.filharmonikusok.hu\/wp-content\/uploads\/2023\/04\/Martonvasar-1-1-359x450.png","director-index-size-width":359,"director-index-size-height":450,"person-lead-size":"https:\/\/www.filharmonikusok.hu\/wp-content\/uploads\/2023\/04\/Martonvasar-1-1-555x555.png","person-lead-size-width":555,"person-lead-size-height":555,"slider-size":"https:\/\/www.filharmonikusok.hu\/wp-content\/uploads\/2023\/04\/Martonvasar-1-1-1600x560.png","slider-size-width":1600,"slider-size-height":560}},"megjegyzes":"","esemeny_datum":"20260704","esemeny_idopontja":"7 pm","esemeny_vege":"9 pm","sajat_program":true,"esemeny_tipusa":["koncertek"],"esemeny_helyszine":{"ID":87568,"post_author":"1","post_date":"2016-09-08 08:02:37","post_date_gmt":"2016-09-08 08:02:37","post_content":"","post_title":"{:hu}Brunszvik-kast\u00e9ly parkja{:}{:en}Park of the Brunszvik Castle{:}","post_excerpt":"","post_status":"publish","comment_status":"closed","ping_status":"closed","post_password":"","post_name":"brunszvik-kastely-parkja","to_ping":"","pinged":"","post_modified":"2016-09-08 08:02:37","post_modified_gmt":"2016-09-08 08:02:37","post_content_filtered":"","post_parent":0,"guid":"http:\/\/www.filharmonikusok.hu\/places\/brunszvik-kastely-parkja\/","menu_order":0,"post_type":"places","post_mime_type":"","comment_count":"0","filter":"raw","varos":"{:hu}Martonv\u00e1s\u00e1r{:}{:en}Martonv\u00e1s\u00e1r{:}","orszag":"{:hu}Magyarorsz\u00e1g{:}{:en}Hungary{:}","cim":"","megjegyzes":"","weboldal":""},"helyszin_kategoria":"videk","karmester":{"ID":119113,"post_author":"951582","post_date":"2022-04-25 10:54:50","post_date_gmt":"2022-04-25 10:54:50","post_content":"","post_title":"{:hu}T\u00f6r\u00f6k Levente{:}{:en}Levente T\u00f6r\u00f6k{:}","post_excerpt":"","post_status":"publish","comment_status":"closed","ping_status":"closed","post_password":"","post_name":"torok-levente","to_ping":"","pinged":"","post_modified":"2022-04-25 10:54:50","post_modified_gmt":"2022-04-25 10:54:50","post_content_filtered":"","post_parent":0,"guid":"https:\/\/www.filharmonikusok.hu\/?post_type=artists&#038;p=119113","menu_order":0,"post_type":"artists","post_mime_type":"","comment_count":"0","filter":"raw"},"karmester_2":false,"hazigazda":null,"muvek":[],"muvek_feluldefinialasa":false,"muvekrol_reszletesen":null,"is_muvekrol_reszletesen_en":false,"kozr_szemelyek":[],"muveszekrol_reszletesen":null,"is_muveszekrol_reszletesen_en":false,"kozr_szemelyek_feluldefinialasa":"","kozr_intezmenyek":[],"gombtipus":"link","jegyarak":"HUF 8,000, HUF 6,000","jegyvasarlas_gomb":"","elkeltek_a_jegyek":false,"youtube_id":"","old_id":"","hivatkozas_gomb_szovege":"Buy ticket","hivatkozas_gomg_url-je":"https:\/\/nfz.jegy.hu\/program\/beethovennel-a-szabadban-a-nemzeti-filharmonikusok-koncertjei-martonvasaron-188846\/1403938"},"publishpress_future_workflow_manual_trigger":{"enabledWorkflows":[]},"_links":{"self":[{"href":"https:\/\/www.filharmonikusok.hu\/en\/wp-json\/wp\/v2\/concerts\/126594","targetHints":{"allow":["GET"]}}],"collection":[{"href":"https:\/\/www.filharmonikusok.hu\/en\/wp-json\/wp\/v2\/concerts"}],"about":[{"href":"https:\/\/www.filharmonikusok.hu\/en\/wp-json\/wp\/v2\/types\/concerts"}],"wp:attachment":[{"href":"https:\/\/www.filharmonikusok.hu\/en\/wp-json\/wp\/v2\/media?parent=126594"}],"curies":[{"name":"wp","href":"https:\/\/api.w.org\/{rel}","templated":true}]}}

<p><strong><u>(Rain date: Sunday, 5 July) </u></strong></p>
<p>Egmont – incidental music, Op. 84, excerpts<br />
Symphony No. 3 in E-flat major (“Eroica”), Op. 55</p>
<p><strong>Adrienn Miksch</strong> soprano<br />
<strong>Hungarian National Philharmonic Orchestra </strong></p>
<p>Conductor: <strong>Levente Török</strong></p>
<p>The Flemish Count Lamoral van Egmont (1522–1568) was a martyr of the 16th-century struggles for freedom in the Low Countries. Beethoven composed incidental music for Goethe’s drama about him between October 1809 and June 1810. The creation of the work gained contemporary relevance from the fact that French troops occupied Vienna at that time as part of the Napoleonic Wars; thus, Beethoven was able to personally experience what it meant to yearn for liberation from foreign oppression as he composed the music. The genesis of his <em>Symphony No. 3 in E flat major (“Eroica”)</em> is also linked to Napoleon: the four-movement work – which represents a paradigm shift in the symphonic repertoire due to its sound and scope – was originally intended by the composer to be dedicated to Napoleon. However, upon learning that the First Consul had crowned himself Emperor, Beethoven, in his disappointment, settled on the subtitle of “heroic” instead. Adrienn Miksch, a member of the Hungarian State Opera, delivers outstanding performances both in the operatic and concert repertoires. The conductor for the evening, Levente Török, completed his higher education at the Vienna University of Music and Performing Arts and is currently artistic director of the Miskolc Symphony Orchestra. Music director of the City of Aachen since August 2026.</p>

Hungarian National Philharmonic concerts in Martonvásár

Martonvásár 1

{:hu}Brunszvik-kastély parkja{:}{:en}Park of the Brunszvik Castle{:}

{:hu}Martonvásár{:}{:en}Martonvásár{:}

{:hu}Magyarország{:}{:en}Hungary{:}

{:hu}Török Levente{:}{:en}Levente Török{:}
