{"id":124655,"date":"2025-07-22T07:51:23","date_gmt":"2025-07-22T07:51:23","guid":{"rendered":"https:\/\/www.filharmonikusok.hu\/?post_type=concerts&#038;p=124655"},"modified":"2025-07-22T07:51:23","modified_gmt":"2025-07-22T07:51:23","slug":"sebastian-weigle-es-a-nemzeti-filharmonikus-zenekar-es-enekkar","status":"publish","type":"concerts","link":"https:\/\/www.filharmonikusok.hu\/en\/koncertek\/sebastian-weigle-es-a-nemzeti-filharmonikus-zenekar-es-enekkar\/","title":{"rendered":"Sebastian Weigle and the Hungarian National Philharmonic Orchestra and Choir"},"content":{"rendered":"<p>BRAHMS: Piano Concerto No. 2 in B-flat major, Op. 83<br \/>\n***<br \/>\nLISZT: Faust Symphony, S. 108<\/p>\n<div class=\"mb-4 flex flex-col\"><span class=\"font-sans text-sm font-normal leading-5\"><strong>Dezs\u0151 R\u00e1nki<\/strong> <\/span>piano<\/div>\n<div class=\"mb-4 flex flex-col\"><span class=\"font-sans text-sm font-normal leading-5\"><strong>Nikolai Schukoff<\/strong> <\/span>tenor<\/div>\n<div class=\"mb-4 flex flex-col\"><strong><span class=\"font-sans text-sm font-normal leading-5\">Hungarian National Philharmonic Orchestra<\/span><\/strong><\/div>\n<div class=\"mb-4 flex flex-col\"><strong><span class=\"font-sans text-sm font-normal leading-5\">Hungarian National Male Choir<\/span><\/strong><span class=\"font-sans text-sm font-normal leading-5\"> (Choirmaster: <\/span><strong><span class=\"font-sans text-sm font-normal leading-5\">Csaba Somos<\/span><\/strong><span class=\"font-sans text-sm font-normal leading-5\">)<\/span><\/div>\n<div><\/div>\n<div>\n<p class=\"font-sans\">The members of any orchestra feel most confident playing under the batons of conductors who know from personal experience the ins and outs of performing instrumental music. And this is exactly the extra bit of expertise possessed by the German horn player-turned-conductor Sebastian Weigle, who also earned the respect of the audience at the B\u00e9la Bart\u00f3k National Concert Hall when he took on Rienzi in 2017 and Ein deutsches Requiem in 2020 at the venue. Now he returns to rejoin his collaborator for those memorable concerts, the Hungarian National Philharmonic Orchestra. On this evening, M\u00fcpa Budapest\u2019s resident ensemble will first accompany Dezs\u0151 R\u00e1nki in performing Brahms\u2019s grand B-flat major piano concerto. It will then play Liszt\u2019s Faust Symphony, which is rich with the ideas of Goethe, together with the Hungarian National Male Choir. The soloist of the evening is the Graz-born heldentenor, Nikolai Schukoff, who in 2009 sang the title role of Parsifal at the Budapest Wagner Days festival, and in 2024 partnered Diana Damrau here at M\u00fcpa Budapest.<\/p>\n<p class=\"mt-3 font-sans\"><span class=\"font-bold\">Presented by:\u00a0<\/span>M\u00fcpa Budapest<\/p>\n<\/div>\n","protected":false},"template":"","class_list":["post-124655","concerts","type-concerts","status-publish","hentry"],"translation":{"provider":"WPGlobus","version":"3.0.2","language":"en","enabled_languages":["hu","en"],"languages":{"hu":{"title":true,"content":true,"excerpt":false},"en":{"title":true,"content":true,"excerpt":false}}},"acf":{"alcim":"Organised by M\u00fcpa Budapest","kiemelt_kep":{"ID":124656,"id":124656,"title":"2020.02.05_M\u00fcpa_Sebastian Weigle@MNF_fot\u00f3_Nagy Attila (34)","filename":"2020.02.05_Mupa_Sebastian-Weigle@MNF_foto_Nagy-Attila-34-scaled.jpg","filesize":744794,"url":"https:\/\/www.filharmonikusok.hu\/wp-content\/uploads\/2025\/07\/2020.02.05_Mupa_Sebastian-Weigle@MNF_foto_Nagy-Attila-34-scaled.jpg","link":"https:\/\/www.filharmonikusok.hu\/en\/koncertek\/sebastian-weigle-es-a-nemzeti-filharmonikus-zenekar-es-enekkar\/2020-02-05_mupa_sebastian-weiglemnf_foto_nagy-attila-34\/","alt":"","author":"951582","description":"","caption":"","name":"2020-02-05_mupa_sebastian-weiglemnf_foto_nagy-attila-34","status":"inherit","uploaded_to":124655,"date":"2025-07-21 10:16:35","modified":"2025-07-21 10:16:35","menu_order":0,"mime_type":"image\/jpeg","type":"image","subtype":"jpeg","icon":"https:\/\/www.filharmonikusok.hu\/wp-includes\/images\/media\/default.png","width":2560,"height":1707,"sizes":{"thumbnail":"https:\/\/www.filharmonikusok.hu\/wp-content\/uploads\/2025\/07\/2020.02.05_Mupa_Sebastian-Weigle@MNF_foto_Nagy-Attila-34-150x150.jpg","thumbnail-width":150,"thumbnail-height":150,"medium":"https:\/\/www.filharmonikusok.hu\/wp-content\/uploads\/2025\/07\/2020.02.05_Mupa_Sebastian-Weigle@MNF_foto_Nagy-Attila-34-300x200.jpg","medium-width":300,"medium-height":200,"medium_large":"https:\/\/www.filharmonikusok.hu\/wp-content\/uploads\/2025\/07\/2020.02.05_Mupa_Sebastian-Weigle@MNF_foto_Nagy-Attila-34-768x512.jpg","medium_large-width":640,"medium_large-height":427,"large":"https:\/\/www.filharmonikusok.hu\/wp-content\/uploads\/2025\/07\/2020.02.05_Mupa_Sebastian-Weigle@MNF_foto_Nagy-Attila-34-1024x683.jpg","large-width":640,"large-height":427,"1536x1536":"https:\/\/www.filharmonikusok.hu\/wp-content\/uploads\/2025\/07\/2020.02.05_Mupa_Sebastian-Weigle@MNF_foto_Nagy-Attila-34-1536x1024.jpg","1536x1536-width":1536,"1536x1536-height":1024,"2048x2048":"https:\/\/www.filharmonikusok.hu\/wp-content\/uploads\/2025\/07\/2020.02.05_Mupa_Sebastian-Weigle@MNF_foto_Nagy-Attila-34-2048x1365.jpg","2048x2048-width":2048,"2048x2048-height":1365,"person-size":"https:\/\/www.filharmonikusok.hu\/wp-content\/uploads\/2025\/07\/2020.02.05_Mupa_Sebastian-Weigle@MNF_foto_Nagy-Attila-34-165x165.jpg","person-size-width":165,"person-size-height":165,"person-size-2":"https:\/\/www.filharmonikusok.hu\/wp-content\/uploads\/2025\/07\/2020.02.05_Mupa_Sebastian-Weigle@MNF_foto_Nagy-Attila-34-165x220.jpg","person-size-2-width":165,"person-size-2-height":220,"album-size":"https:\/\/www.filharmonikusok.hu\/wp-content\/uploads\/2025\/07\/2020.02.05_Mupa_Sebastian-Weigle@MNF_foto_Nagy-Attila-34-263x263.jpg","album-size-width":263,"album-size-height":263,"news-lead-size":"https:\/\/www.filharmonikusok.hu\/wp-content\/uploads\/2025\/07\/2020.02.05_Mupa_Sebastian-Weigle@MNF_foto_Nagy-Attila-34-360x203.jpg","news-lead-size-width":360,"news-lead-size-height":203,"director-index-size":"https:\/\/www.filharmonikusok.hu\/wp-content\/uploads\/2025\/07\/2020.02.05_Mupa_Sebastian-Weigle@MNF_foto_Nagy-Attila-34-359x450.jpg","director-index-size-width":359,"director-index-size-height":450,"person-lead-size":"https:\/\/www.filharmonikusok.hu\/wp-content\/uploads\/2025\/07\/2020.02.05_Mupa_Sebastian-Weigle@MNF_foto_Nagy-Attila-34-555x555.jpg","person-lead-size-width":555,"person-lead-size-height":555,"slider-size":"https:\/\/www.filharmonikusok.hu\/wp-content\/uploads\/2025\/07\/2020.02.05_Mupa_Sebastian-Weigle@MNF_foto_Nagy-Attila-34-1600x722.jpg","slider-size-width":1600,"slider-size-height":722}},"kiemelt_kep_en":{"ID":124656,"id":124656,"title":"2020.02.05_M\u00fcpa_Sebastian Weigle@MNF_fot\u00f3_Nagy Attila (34)","filename":"2020.02.05_Mupa_Sebastian-Weigle@MNF_foto_Nagy-Attila-34-scaled.jpg","filesize":744794,"url":"https:\/\/www.filharmonikusok.hu\/wp-content\/uploads\/2025\/07\/2020.02.05_Mupa_Sebastian-Weigle@MNF_foto_Nagy-Attila-34-scaled.jpg","link":"https:\/\/www.filharmonikusok.hu\/en\/koncertek\/sebastian-weigle-es-a-nemzeti-filharmonikus-zenekar-es-enekkar\/2020-02-05_mupa_sebastian-weiglemnf_foto_nagy-attila-34\/","alt":"","author":"951582","description":"","caption":"","name":"2020-02-05_mupa_sebastian-weiglemnf_foto_nagy-attila-34","status":"inherit","uploaded_to":124655,"date":"2025-07-21 10:16:35","modified":"2025-07-21 10:16:35","menu_order":0,"mime_type":"image\/jpeg","type":"image","subtype":"jpeg","icon":"https:\/\/www.filharmonikusok.hu\/wp-includes\/images\/media\/default.png","width":2560,"height":1707,"sizes":{"thumbnail":"https:\/\/www.filharmonikusok.hu\/wp-content\/uploads\/2025\/07\/2020.02.05_Mupa_Sebastian-Weigle@MNF_foto_Nagy-Attila-34-150x150.jpg","thumbnail-width":150,"thumbnail-height":150,"medium":"https:\/\/www.filharmonikusok.hu\/wp-content\/uploads\/2025\/07\/2020.02.05_Mupa_Sebastian-Weigle@MNF_foto_Nagy-Attila-34-300x200.jpg","medium-width":300,"medium-height":200,"medium_large":"https:\/\/www.filharmonikusok.hu\/wp-content\/uploads\/2025\/07\/2020.02.05_Mupa_Sebastian-Weigle@MNF_foto_Nagy-Attila-34-768x512.jpg","medium_large-width":640,"medium_large-height":427,"large":"https:\/\/www.filharmonikusok.hu\/wp-content\/uploads\/2025\/07\/2020.02.05_Mupa_Sebastian-Weigle@MNF_foto_Nagy-Attila-34-1024x683.jpg","large-width":640,"large-height":427,"1536x1536":"https:\/\/www.filharmonikusok.hu\/wp-content\/uploads\/2025\/07\/2020.02.05_Mupa_Sebastian-Weigle@MNF_foto_Nagy-Attila-34-1536x1024.jpg","1536x1536-width":1536,"1536x1536-height":1024,"2048x2048":"https:\/\/www.filharmonikusok.hu\/wp-content\/uploads\/2025\/07\/2020.02.05_Mupa_Sebastian-Weigle@MNF_foto_Nagy-Attila-34-2048x1365.jpg","2048x2048-width":2048,"2048x2048-height":1365,"person-size":"https:\/\/www.filharmonikusok.hu\/wp-content\/uploads\/2025\/07\/2020.02.05_Mupa_Sebastian-Weigle@MNF_foto_Nagy-Attila-34-165x165.jpg","person-size-width":165,"person-size-height":165,"person-size-2":"https:\/\/www.filharmonikusok.hu\/wp-content\/uploads\/2025\/07\/2020.02.05_Mupa_Sebastian-Weigle@MNF_foto_Nagy-Attila-34-165x220.jpg","person-size-2-width":165,"person-size-2-height":220,"album-size":"https:\/\/www.filharmonikusok.hu\/wp-content\/uploads\/2025\/07\/2020.02.05_Mupa_Sebastian-Weigle@MNF_foto_Nagy-Attila-34-263x263.jpg","album-size-width":263,"album-size-height":263,"news-lead-size":"https:\/\/www.filharmonikusok.hu\/wp-content\/uploads\/2025\/07\/2020.02.05_Mupa_Sebastian-Weigle@MNF_foto_Nagy-Attila-34-360x203.jpg","news-lead-size-width":360,"news-lead-size-height":203,"director-index-size":"https:\/\/www.filharmonikusok.hu\/wp-content\/uploads\/2025\/07\/2020.02.05_Mupa_Sebastian-Weigle@MNF_foto_Nagy-Attila-34-359x450.jpg","director-index-size-width":359,"director-index-size-height":450,"person-lead-size":"https:\/\/www.filharmonikusok.hu\/wp-content\/uploads\/2025\/07\/2020.02.05_Mupa_Sebastian-Weigle@MNF_foto_Nagy-Attila-34-555x555.jpg","person-lead-size-width":555,"person-lead-size-height":555,"slider-size":"https:\/\/www.filharmonikusok.hu\/wp-content\/uploads\/2025\/07\/2020.02.05_Mupa_Sebastian-Weigle@MNF_foto_Nagy-Attila-34-1600x722.jpg","slider-size-width":1600,"slider-size-height":722}},"megjegyzes":"","esemeny_datum":"20251003","esemeny_idopontja":"7.30 pm","esemeny_vege":"9.50 pm","sajat_program":false,"esemeny_tipusa":["koncertek"],"esemeny_helyszine":{"ID":87689,"post_author":"1","post_date":"2016-09-08 08:02:38","post_date_gmt":"2016-09-08 08:02:38","post_content":"","post_title":"{:hu}M\u00fcpa - Bart\u00f3k B\u00e9la Nemzeti Hangversenyterem{:}{:en}M\u00fcpa - B\u00e9la Bart\u00f3k National Concert Hall{:}","post_excerpt":"","post_status":"publish","comment_status":"closed","ping_status":"closed","post_password":"","post_name":"mupa-bartok-bela-nemzeti-hangversenyterem","to_ping":"","pinged":"","post_modified":"2016-09-08 08:02:38","post_modified_gmt":"2016-09-08 08:02:38","post_content_filtered":"","post_parent":0,"guid":"http:\/\/www.filharmonikusok.hu\/places\/mupa-bartok-bela-nemzeti-hangversenyterem\/","menu_order":0,"post_type":"places","post_mime_type":"","comment_count":"0","filter":"raw","varos":"{:hu}Budapest{:}{:en}Budapest{:}","orszag":"{:hu}Magyarorsz\u00e1g{:}{:en}Magyarorsz\u00e1g{:}","cim":"<p>1095 Budapest, Komor Marcell u. 1.<\/p>","megjegyzes":"","weboldal":"http:\/\/www.muveszetekpalotaja.hu"},"helyszin_kategoria":"budapest","karmester":{"ID":100201,"post_author":"3","post_date":"2017-01-11 09:24:44","post_date_gmt":"2017-01-11 09:24:44","post_content":"(Gavin Dixon, musicweb-international.com)\r\n\r\nFot\u00f3: Kirsten Bucher","post_title":"{:hu}Sebastian Weigle{:}{:en}Sebastian Weigle{:}","post_excerpt":"","post_status":"publish","comment_status":"closed","ping_status":"closed","post_password":"","post_name":"sebastian-wiegle","to_ping":"","pinged":"","post_modified":"2019-11-06 13:36:39","post_modified_gmt":"2019-11-06 13:36:39","post_content_filtered":"","post_parent":0,"guid":"http:\/\/www.filharmonikusok.hu\/?post_type=artists&#038;p=100201","menu_order":0,"post_type":"artists","post_mime_type":"","comment_count":"0","filter":"raw"},"karmester_2":false,"hazigazda":null,"muvek":[],"muvek_feluldefinialasa":false,"muvekrol_reszletesen":null,"is_muvekrol_reszletesen_en":false,"kozr_szemelyek":[],"muveszekrol_reszletesen":null,"is_muveszekrol_reszletesen_en":false,"kozr_szemelyek_feluldefinialasa":"","kozr_intezmenyek":[],"gombtipus":"link","jegyarak":"HUF 3,900 - HUF 14,900 (Tickets for this performance are being sold based on a dynamic pricing system)","jegyvasarlas_gomb":"","elkeltek_a_jegyek":false,"youtube_id":"","old_id":"","hivatkozas_gomb_szovege":"More","hivatkozas_gomg_url-je":"https:\/\/mupa.hu\/program\/komolyzene-opera-szinhaz\/sebastian-weigle-es-a-nemzeti-filharmonikus-zenekar-es-enekkar-2025-10-03_19-30-bbnh"},"publishpress_future_workflow_manual_trigger":{"enabledWorkflows":[]},"_links":{"self":[{"href":"https:\/\/www.filharmonikusok.hu\/en\/wp-json\/wp\/v2\/concerts\/124655","targetHints":{"allow":["GET"]}}],"collection":[{"href":"https:\/\/www.filharmonikusok.hu\/en\/wp-json\/wp\/v2\/concerts"}],"about":[{"href":"https:\/\/www.filharmonikusok.hu\/en\/wp-json\/wp\/v2\/types\/concerts"}],"wp:attachment":[{"href":"https:\/\/www.filharmonikusok.hu\/en\/wp-json\/wp\/v2\/media?parent=124655"}],"curies":[{"name":"wp","href":"https:\/\/api.w.org\/{rel}","templated":true}]}}

<p>BRAHMS: Piano Concerto No. 2 in B-flat major, Op. 83<br />
***<br />
LISZT: Faust Symphony, S. 108</p>
<div class="mb-4 flex flex-col"><span class="font-sans text-sm font-normal leading-5"><strong>Dezső Ránki</strong> </span>piano</div>
<div class="mb-4 flex flex-col"><span class="font-sans text-sm font-normal leading-5"><strong>Nikolai Schukoff</strong> </span>tenor</div>
<div class="mb-4 flex flex-col"><strong><span class="font-sans text-sm font-normal leading-5">Hungarian National Philharmonic Orchestra</span></strong></div>
<div class="mb-4 flex flex-col"><strong><span class="font-sans text-sm font-normal leading-5">Hungarian National Male Choir</span></strong><span class="font-sans text-sm font-normal leading-5"> (Choirmaster: </span><strong><span class="font-sans text-sm font-normal leading-5">Csaba Somos</span></strong><span class="font-sans text-sm font-normal leading-5">)</span></div>
<div></div>
<div>
<p class="font-sans">The members of any orchestra feel most confident playing under the batons of conductors who know from personal experience the ins and outs of performing instrumental music. And this is exactly the extra bit of expertise possessed by the German horn player-turned-conductor Sebastian Weigle, who also earned the respect of the audience at the Béla Bartók National Concert Hall when he took on Rienzi in 2017 and Ein deutsches Requiem in 2020 at the venue. Now he returns to rejoin his collaborator for those memorable concerts, the Hungarian National Philharmonic Orchestra. On this evening, Müpa Budapest’s resident ensemble will first accompany Dezső Ránki in performing Brahms’s grand B-flat major piano concerto. It will then play Liszt’s Faust Symphony, which is rich with the ideas of Goethe, together with the Hungarian National Male Choir. The soloist of the evening is the Graz-born heldentenor, Nikolai Schukoff, who in 2009 sang the title role of Parsifal at the Budapest Wagner Days festival, and in 2024 partnered Diana Damrau here at Müpa Budapest.</p>
<p class="mt-3 font-sans"><span class="font-bold">Presented by: </span>Müpa Budapest</p>
</div>

Organised by Müpa Budapest

2020.02.05_Müpa_Sebastian Weigle@MNF_fotó_Nagy Attila (34)

{:hu}Müpa - Bartók Béla Nemzeti Hangversenyterem{:}{:en}Müpa - Béla Bartók National Concert Hall{:}

{:hu}Magyarország{:}{:en}Magyarország{:}

(Gavin Dixon, musicweb-international.com)

Fotó: Kirsten Bucher
