{"id":123224,"date":"2024-04-24T09:24:02","date_gmt":"2024-04-24T09:24:02","guid":{"rendered":"https:\/\/www.filharmonikusok.hu\/?post_type=concerts&#038;p=123224"},"modified":"2024-06-26T09:26:46","modified_gmt":"2024-06-26T09:26:46","slug":"mozart-krommer-hummel-haydn-francois-leleux","status":"publish","type":"concerts","link":"https:\/\/www.filharmonikusok.hu\/en\/koncertek\/mozart-krommer-hummel-haydn-francois-leleux\/","title":{"rendered":"MOZART, KROMMER, HUMMEL, HAYDN &#8211; FRAN\u00c7OIS LELEUX"},"content":{"rendered":"<p>WOLFGANG AMADEUS MOZART: Symphony No. 31 in D major, K. 297 (\u201cParis\u201d)<br \/>\nFRANZ KROMMER: Concertino for Flute, Oboe and Orchestra in C major, Op. 65<br \/>\n***<br \/>\nJOHANN NEPOMUK HUMMEL: Introduction, theme et variations, Op. 102<br \/>\nJOSEPH HAYDN: Symphony No. 82 in C major (\u201cBear\u201d), Hob. I:82<\/p>\n<p><strong>Anita Szab\u00f3<\/strong> flute<br \/>\n<strong>B\u00e9la Horv\u00e1th<\/strong> oboe<br \/>\n<strong>Hungarian National Philharmonic Orchestra<\/strong><\/p>\n<p>Conductor and featuring on oboe: <strong>Fran\u00e7ois Leleux<\/strong><\/p>\n<p><strong>The world-class French oboist and conductor Fran\u00e7ois Leleux is a frequent guest of the Hungarian National Philharmonic Orchestra and one of the finest oboe players in the world. He was appointed principal oboist for the Paris Opera at the age of 18, before later becoming a soloist for the Bavarian Radio Symphony Orchestra and the Chamber Orchestra of Europe. He is a member of the wind quintet Les Vents Fran\u00e7ais, who have performed in Hungary on several occasions. For his latest appearance, he will conduct the Viennese Classic works of Mozart, Krommer and Haydn alongside two members of the orchestra, the flautist Anita Szab\u00f3 and oboist B\u00e9la, for Krommer\u2019s <em>Concertino<\/em> \u2013 although he will also take the stage as a soloist himself in the second half of the show for Hummel\u2019s work <em>Introduction, theme et variations<\/em>.<\/strong><\/p>\n<p>Fran\u00e7ois Leleux is both one of the finest oboe players in the world and an outstanding conductor. In recent years, he has often \u2018returned home\u2019 to the Hungarian Philharmonic Orchestra: his concerts are always met with enthusiastic acclaim and always result in invitations to return. His career began at a young age: he became principal oboist for the Paris Opera at the age of 18, and has also performed as a soloist for the Bavarian Radio Symphony Orchestra and the Chamber Orchestra of Europe. His records have been warmly received by critics, while he also regularly displays his chamber music talents with his wind quintet Les Vents Fran\u00e7ais, which has also toured Hungary. Here, while the Viennese Classics will take centre stage, the concert will offer an unusual programme. Between one work each from the greats, Mozart and Hadyn (the <em>Paris<\/em> and <em>Bear symphonies<\/em>), we will also enjoy the performance of string concertos from their German-speaking contemporaries, Franz Krommer and Johann Nepomuk Hummel. From the former, we will hear <em>Concertino in C major<\/em>, composed for the flute and oboe, while Hummel\u2019s work will feature two members of the orchestra, the flautist Anita Szab\u00f3 and oboist B\u00e9la Horv\u00e1th. The final composition, <em>Introduction, theme et variations<\/em>, will be interpreted by the evening\u2019s star turn, Fran\u00e7ois Leleux.<\/p>\n","protected":false},"template":"","class_list":["post-123224","concerts","type-concerts","status-publish","hentry"],"translation":{"provider":"WPGlobus","version":"3.0.2","language":"en","enabled_languages":["hu","en"],"languages":{"hu":{"title":true,"content":true,"excerpt":false},"en":{"title":true,"content":true,"excerpt":false}}},"acf":{"alcim":"Ferencsik season ticket 5 ","kiemelt_kep":{"ID":123157,"id":123157,"title":"2025.04.17","filename":"2025.04.17.png","filesize":620935,"url":"https:\/\/www.filharmonikusok.hu\/wp-content\/uploads\/2024\/04\/2025.04.17.png","link":"https:\/\/www.filharmonikusok.hu\/en\/koncertek\/mozart-krommer-hummel-haydn-francois-leleux\/2025-04-17\/","alt":"","author":"951582","description":"","caption":"","name":"2025-04-17","status":"inherit","uploaded_to":123224,"date":"2024-04-10 12:23:19","modified":"2024-04-19 09:36:28","menu_order":0,"mime_type":"image\/png","type":"image","subtype":"png","icon":"https:\/\/www.filharmonikusok.hu\/wp-includes\/images\/media\/default.png","width":1920,"height":560,"sizes":{"thumbnail":"https:\/\/www.filharmonikusok.hu\/wp-content\/uploads\/2024\/04\/2025.04.17-150x150.png","thumbnail-width":150,"thumbnail-height":150,"medium":"https:\/\/www.filharmonikusok.hu\/wp-content\/uploads\/2024\/04\/2025.04.17-300x88.png","medium-width":300,"medium-height":88,"medium_large":"https:\/\/www.filharmonikusok.hu\/wp-content\/uploads\/2024\/04\/2025.04.17-768x224.png","medium_large-width":640,"medium_large-height":187,"large":"https:\/\/www.filharmonikusok.hu\/wp-content\/uploads\/2024\/04\/2025.04.17-1024x299.png","large-width":640,"large-height":187,"1536x1536":"https:\/\/www.filharmonikusok.hu\/wp-content\/uploads\/2024\/04\/2025.04.17-1536x448.png","1536x1536-width":1536,"1536x1536-height":448,"2048x2048":"https:\/\/www.filharmonikusok.hu\/wp-content\/uploads\/2024\/04\/2025.04.17.png","2048x2048-width":1920,"2048x2048-height":560,"person-size":"https:\/\/www.filharmonikusok.hu\/wp-content\/uploads\/2024\/04\/2025.04.17-165x165.png","person-size-width":165,"person-size-height":165,"person-size-2":"https:\/\/www.filharmonikusok.hu\/wp-content\/uploads\/2024\/04\/2025.04.17-165x220.png","person-size-2-width":165,"person-size-2-height":220,"album-size":"https:\/\/www.filharmonikusok.hu\/wp-content\/uploads\/2024\/04\/2025.04.17-263x263.png","album-size-width":263,"album-size-height":263,"news-lead-size":"https:\/\/www.filharmonikusok.hu\/wp-content\/uploads\/2024\/04\/2025.04.17-360x203.png","news-lead-size-width":360,"news-lead-size-height":203,"director-index-size":"https:\/\/www.filharmonikusok.hu\/wp-content\/uploads\/2024\/04\/2025.04.17-359x450.png","director-index-size-width":359,"director-index-size-height":450,"person-lead-size":"https:\/\/www.filharmonikusok.hu\/wp-content\/uploads\/2024\/04\/2025.04.17-555x555.png","person-lead-size-width":555,"person-lead-size-height":555,"slider-size":"https:\/\/www.filharmonikusok.hu\/wp-content\/uploads\/2024\/04\/2025.04.17-1600x560.png","slider-size-width":1600,"slider-size-height":560}},"kiemelt_kep_en":{"ID":123157,"id":123157,"title":"2025.04.17","filename":"2025.04.17.png","filesize":620935,"url":"https:\/\/www.filharmonikusok.hu\/wp-content\/uploads\/2024\/04\/2025.04.17.png","link":"https:\/\/www.filharmonikusok.hu\/en\/koncertek\/mozart-krommer-hummel-haydn-francois-leleux\/2025-04-17\/","alt":"","author":"951582","description":"","caption":"","name":"2025-04-17","status":"inherit","uploaded_to":123224,"date":"2024-04-10 12:23:19","modified":"2024-04-19 09:36:28","menu_order":0,"mime_type":"image\/png","type":"image","subtype":"png","icon":"https:\/\/www.filharmonikusok.hu\/wp-includes\/images\/media\/default.png","width":1920,"height":560,"sizes":{"thumbnail":"https:\/\/www.filharmonikusok.hu\/wp-content\/uploads\/2024\/04\/2025.04.17-150x150.png","thumbnail-width":150,"thumbnail-height":150,"medium":"https:\/\/www.filharmonikusok.hu\/wp-content\/uploads\/2024\/04\/2025.04.17-300x88.png","medium-width":300,"medium-height":88,"medium_large":"https:\/\/www.filharmonikusok.hu\/wp-content\/uploads\/2024\/04\/2025.04.17-768x224.png","medium_large-width":640,"medium_large-height":187,"large":"https:\/\/www.filharmonikusok.hu\/wp-content\/uploads\/2024\/04\/2025.04.17-1024x299.png","large-width":640,"large-height":187,"1536x1536":"https:\/\/www.filharmonikusok.hu\/wp-content\/uploads\/2024\/04\/2025.04.17-1536x448.png","1536x1536-width":1536,"1536x1536-height":448,"2048x2048":"https:\/\/www.filharmonikusok.hu\/wp-content\/uploads\/2024\/04\/2025.04.17.png","2048x2048-width":1920,"2048x2048-height":560,"person-size":"https:\/\/www.filharmonikusok.hu\/wp-content\/uploads\/2024\/04\/2025.04.17-165x165.png","person-size-width":165,"person-size-height":165,"person-size-2":"https:\/\/www.filharmonikusok.hu\/wp-content\/uploads\/2024\/04\/2025.04.17-165x220.png","person-size-2-width":165,"person-size-2-height":220,"album-size":"https:\/\/www.filharmonikusok.hu\/wp-content\/uploads\/2024\/04\/2025.04.17-263x263.png","album-size-width":263,"album-size-height":263,"news-lead-size":"https:\/\/www.filharmonikusok.hu\/wp-content\/uploads\/2024\/04\/2025.04.17-360x203.png","news-lead-size-width":360,"news-lead-size-height":203,"director-index-size":"https:\/\/www.filharmonikusok.hu\/wp-content\/uploads\/2024\/04\/2025.04.17-359x450.png","director-index-size-width":359,"director-index-size-height":450,"person-lead-size":"https:\/\/www.filharmonikusok.hu\/wp-content\/uploads\/2024\/04\/2025.04.17-555x555.png","person-lead-size-width":555,"person-lead-size-height":555,"slider-size":"https:\/\/www.filharmonikusok.hu\/wp-content\/uploads\/2024\/04\/2025.04.17-1600x560.png","slider-size-width":1600,"slider-size-height":560}},"megjegyzes":"","esemeny_datum":"20250417","esemeny_idopontja":"7.30 pm","esemeny_vege":"9.30 pm","sajat_program":true,"esemeny_tipusa":["koncertek"],"esemeny_helyszine":{"ID":87537,"post_author":"1","post_date":"2016-09-08 08:02:37","post_date_gmt":"2016-09-08 08:02:37","post_content":"","post_title":"{:hu}Zeneakad\u00e9mia{:}{:en}Liszt Academy{:}","post_excerpt":"","post_status":"publish","comment_status":"closed","ping_status":"closed","post_password":"","post_name":"zeneakademia","to_ping":"","pinged":"","post_modified":"2021-02-17 10:09:02","post_modified_gmt":"2021-02-17 10:09:02","post_content_filtered":"","post_parent":0,"guid":"http:\/\/www.filharmonikusok.hu\/places\/zeneakademia\/","menu_order":0,"post_type":"places","post_mime_type":"","comment_count":"0","filter":"raw","varos":"Budapest","orszag":"Hungary","cim":"VI. Liszt Ferenc t\u00e9r 8.","megjegyzes":"","weboldal":""},"helyszin_kategoria":"budapest","karmester":{"ID":101838,"post_author":"1","post_date":"2017-05-30 18:26:01","post_date_gmt":"2017-05-30 18:26:01","post_content":"{:hu}Fran\u00e7ois Leleux, a Magyar Nemzeti Filharmonikusok els\u0151 \u00e1lland\u00f3 vend\u00e9gm\u0171v\u00e9sze\r\n\r\nEl\u0151ad\u00e1sait \u201e\u00e9letnagys\u00e1g\u00fan\u00e1l nagyobb egy\u00e9nis\u00e9ge\u201d (Chicago Classical Review) jellemzi. A vil\u00e1g vezet\u0151 zenekarai \u00e9l\u00e9n, fesztiv\u00e1lokon \u00e9s koncertsorozatokban rendszeresen fell\u00e9p, mint sz\u00f3lista, karmester \u00e9s szervez\u0151. Az oboistak\u00e9nt szaktekint\u00e9lynek sz\u00e1m\u00edt\u00f3 Leleux karmesterk\u00e9nt is megalapozta a h\u00edrnev\u00e9t olyan egy\u00fcttesekkel val\u00f3 egy\u00fcttm\u0171k\u00f6d\u00e9sben, mint a Hessei R\u00e1di\u00f3 Szimfonikus Zenekara, a Camerata Salzburg, az als\u00f3-ausztriai Tonk\u00fcnstler-Zenekar, valamint a sydney-i, a sv\u00e9d r\u00e1di\u00f3 \u00e9s a WDR Szimfonikus Zenekarai.\r\n\r\n<a href=\"https:\/\/francoisleleux.com\/\"><strong>Fran\u00e7ois Leleux<\/strong><\/a>{:}{:en}Fran\u00e7ois Leleux,\u00a0Principal Guest Artist of the National Philharmonic\r\n\r\nRrenowned for bringing \u201cbigger-than life personality\u201d to his performances (Chicago Classical Review), regularly appears as soloist, conductor and player\/director with the world\u2019s leading orchestras, festivals and concert series. His pre-eminence as an oboist is internationally recognised, but in recent seasons Leleux has in parallel established a significant reputation as a conductor, working with orchestras such as hr-Sinfonieorchester, Camerata Salzburg, Tonk\u00fcnstler-Orchester Nieder\u00f6sterreich and Sydney, Swedish Radio and WDR symphony orchestras.\r\n\r\n<a href=\"https:\/\/francoisleleux.com\/\"><strong>Fran\u00e7ois Leleux<\/strong><\/a>{:}","post_title":"{:hu}Fran\u00e7ois Leleux{:}{:en}Fran\u00e7ois Leleux{:}","post_excerpt":"","post_status":"publish","comment_status":"closed","ping_status":"closed","post_password":"","post_name":"francois-leleux","to_ping":"","pinged":"","post_modified":"2025-10-21 10:44:32","post_modified_gmt":"2025-10-21 10:44:32","post_content_filtered":"","post_parent":0,"guid":"http:\/\/www.filharmonikusok.hu\/?post_type=artists&#038;p=101838","menu_order":0,"post_type":"artists","post_mime_type":"","comment_count":"0","filter":"raw"},"karmester_2":false,"hazigazda":null,"muvek":[],"muvek_feluldefinialasa":false,"muvekrol_reszletesen":null,"is_muvekrol_reszletesen_en":false,"kozr_szemelyek":[],"muveszekrol_reszletesen":null,"is_muveszekrol_reszletesen_en":false,"kozr_szemelyek_feluldefinialasa":"","kozr_intezmenyek":[],"gombtipus":"link","jegyarak":"HUF 8,900 \/ HUF 6,900 \/ HUF 5,900 \/ HUF 4,900","jegyvasarlas_gomb":"","elkeltek_a_jegyek":false,"youtube_id":"","old_id":"","hivatkozas_gomb_szovege":"Buy ticket","hivatkozas_gomg_url-je":"https:\/\/nfz.jegy.hu\/program\/mozart-krommer-hummel-haydn-francois-leleux-ferencsik5-160592\/1130210"},"publishpress_future_workflow_manual_trigger":{"enabledWorkflows":[]},"_links":{"self":[{"href":"https:\/\/www.filharmonikusok.hu\/en\/wp-json\/wp\/v2\/concerts\/123224","targetHints":{"allow":["GET"]}}],"collection":[{"href":"https:\/\/www.filharmonikusok.hu\/en\/wp-json\/wp\/v2\/concerts"}],"about":[{"href":"https:\/\/www.filharmonikusok.hu\/en\/wp-json\/wp\/v2\/types\/concerts"}],"wp:attachment":[{"href":"https:\/\/www.filharmonikusok.hu\/en\/wp-json\/wp\/v2\/media?parent=123224"}],"curies":[{"name":"wp","href":"https:\/\/api.w.org\/{rel}","templated":true}]}}

MOZART, KROMMER, HUMMEL, HAYDN &#8211; FRANÇOIS LELEUX

<p>WOLFGANG AMADEUS MOZART: Symphony No. 31 in D major, K. 297 (“Paris”)<br />
FRANZ KROMMER: Concertino for Flute, Oboe and Orchestra in C major, Op. 65<br />
***<br />
JOHANN NEPOMUK HUMMEL: Introduction, theme et variations, Op. 102<br />
JOSEPH HAYDN: Symphony No. 82 in C major (“Bear”), Hob. I:82</p>
<p><strong>Anita Szabó</strong> flute<br />
<strong>Béla Horváth</strong> oboe<br />
<strong>Hungarian National Philharmonic Orchestra</strong></p>
<p>Conductor and featuring on oboe: <strong>François Leleux</strong></p>
<p><strong>The world-class French oboist and conductor François Leleux is a frequent guest of the Hungarian National Philharmonic Orchestra and one of the finest oboe players in the world. He was appointed principal oboist for the Paris Opera at the age of 18, before later becoming a soloist for the Bavarian Radio Symphony Orchestra and the Chamber Orchestra of Europe. He is a member of the wind quintet Les Vents Français, who have performed in Hungary on several occasions. For his latest appearance, he will conduct the Viennese Classic works of Mozart, Krommer and Haydn alongside two members of the orchestra, the flautist Anita Szabó and oboist Béla, for Krommer’s <em>Concertino</em> – although he will also take the stage as a soloist himself in the second half of the show for Hummel’s work <em>Introduction, theme et variations</em>.</strong></p>
<p>François Leleux is both one of the finest oboe players in the world and an outstanding conductor. In recent years, he has often ‘returned home’ to the Hungarian Philharmonic Orchestra: his concerts are always met with enthusiastic acclaim and always result in invitations to return. His career began at a young age: he became principal oboist for the Paris Opera at the age of 18, and has also performed as a soloist for the Bavarian Radio Symphony Orchestra and the Chamber Orchestra of Europe. His records have been warmly received by critics, while he also regularly displays his chamber music talents with his wind quintet Les Vents Français, which has also toured Hungary. Here, while the Viennese Classics will take centre stage, the concert will offer an unusual programme. Between one work each from the greats, Mozart and Hadyn (the <em>Paris</em> and <em>Bear symphonies</em>), we will also enjoy the performance of string concertos from their German-speaking contemporaries, Franz Krommer and Johann Nepomuk Hummel. From the former, we will hear <em>Concertino in C major</em>, composed for the flute and oboe, while Hummel’s work will feature two members of the orchestra, the flautist Anita Szabó and oboist Béla Horváth. The final composition, <em>Introduction, theme et variations</em>, will be interpreted by the evening’s star turn, François Leleux.</p>

{:hu}Zeneakadémia{:}{:en}Liszt Academy{:}

VI. Liszt Ferenc tér 8.

{:hu}François Leleux, a Magyar Nemzeti Filharmonikusok első állandó vendégművésze

Előadásait „életnagyságúnál nagyobb egyénisége” (Chicago Classical Review) jellemzi. A világ vezető zenekarai élén, fesztiválokon és koncertsorozatokban rendszeresen fellép, mint szólista, karmester és szervező. Az oboistaként szaktekintélynek számító Leleux karmesterként is megalapozta a hírnevét olyan együttesekkel való együttműködésben, mint a Hessei Rádió Szimfonikus Zenekara, a Camerata Salzburg, az alsó-ausztriai Tonkünstler-Zenekar, valamint a sydney-i, a svéd rádió és a WDR Szimfonikus Zenekarai.

<a href="https://francoisleleux.com/"><strong>François Leleux</strong></a>{:}{:en}François Leleux, Principal Guest Artist of the National Philharmonic

Rrenowned for bringing “bigger-than life personality” to his performances (Chicago Classical Review), regularly appears as soloist, conductor and player/director with the world’s leading orchestras, festivals and concert series. His pre-eminence as an oboist is internationally recognised, but in recent seasons Leleux has in parallel established a significant reputation as a conductor, working with orchestras such as hr-Sinfonieorchester, Camerata Salzburg, Tonkünstler-Orchester Niederösterreich and Sydney, Swedish Radio and WDR symphony orchestras.

<a href="https://francoisleleux.com/"><strong>François Leleux</strong></a>{:}

{:hu}François Leleux{:}{:en}François Leleux{:}
