{"id":121195,"date":"2023-04-20T08:39:11","date_gmt":"2023-04-20T08:39:11","guid":{"rendered":"https:\/\/www.filharmonikusok.hu\/?post_type=concerts&#038;p=121195"},"modified":"2024-05-28T11:22:10","modified_gmt":"2024-05-28T11:22:10","slug":"a-magyar-klasszikus-zene-napja-3","status":"publish","type":"concerts","link":"https:\/\/www.filharmonikusok.hu\/en\/koncertek\/a-magyar-klasszikus-zene-napja-3\/","title":{"rendered":"HUNGARIAN CLASSICAL MUSIC DAY &#8211; IN MEMORIAM ZOLT\u00c1N KOCSIS"},"content":{"rendered":"<p>LAJOS HUSZ\u00c1R: Silence Spoke to Me<br \/>\n***<br \/>\nB\u00c9LA BART\u00d3K: Violin Concerto No. 1, Sz. 36, BB 48a<br \/>\nERNST VON DOHN\u00c1NYI: Ruralia Hungarica, op. 32b<\/p>\n<p><strong>Krist\u00f3f Bar\u00e1ti<\/strong>\u00a0violin<br \/>\n<strong>Adrienn Miksch<\/strong>\u00a0soprano<br \/>\n<strong>Andrea Mel\u00e1th<\/strong> mezzo soprano<br \/>\n<strong>M\u00e1t\u00e9 F\u00fclep<\/strong> baritone<\/p>\n<p><strong>Hungarian National Philharmonic Orchestra<\/strong><\/p>\n<p>Conductor:<strong> G\u00e1bor Tak\u00e1cs-Nagy <\/strong><\/p>\n<p><strong>\u00a0<\/strong><\/p>\n<p>This season of the Hungarian National Philharmonic Orchestra revolves around the spirit of Zolt\u00e1n Kocsis. In November, we commemorate the anniversary of his death with a concert, while on his birthday at the end of May we, together with the Academy of Music, are organising the Day of Hungarian Classical Music with the intention of creating a tradition, nurturing old values and encouraging the birth of new ones.<\/p>\n<p>Lajos Husz\u00e1r was born in Szeged in 1948. His work as a composer combines tradition with the tools of modernity. He wrote his opera <em>Silence<\/em>, based on a story by B\u00e9la Bal\u00e1zs, between 1994 and 1998. His work being played on this occasion, <em>The Silence Spoke to Me<\/em>, is an arrangement of a section of that opera. B\u00e9la Bart\u00f3k\u2019s <em>Violin Concerto No. 1<\/em>, composed around 1907-08, was inspired by the young composer\u2019s unrequited love for the violinist Stefi Geyer. The two-movement work would only be premiered in 1958, after both she and the composer had died. Ernst von Dohn\u00e1nyi\u2019s series of Hungarian folk songs <em>Ruralia Hungarica<\/em> was considered one of the composer\u2019s most popular pieces during his lifetime, but today it can only be heard occasionally. Dohn\u00e1nyi arranged five of the seven movements of the original piano version of the 1924 work for orchestra. Krist\u00f3f Bar\u00e1ti is one of the most significant Hungarian violinists of our time, one whose music is celebrated with great enthusiasm all over the world. The concert\u2019s vocal soloists, Adrienn Miksch, Andrea Mel\u00e1th and M\u00e1t\u00e9 F\u00fclep, are all outstanding Hungarian singers. G\u00e1bor Tak\u00e1cs-Nagy is a Kossuth Prize-winning violinist and conductor,\u00a0world renown as the founding first violinist of the Tak\u00e1cs String Quartet, later also distinguishing himself as a conductor not only in Hungary, but also in the most important music centres of Europe.<\/p>\n","protected":false},"template":"","class_list":["post-121195","concerts","type-concerts","status-publish","hentry"],"translation":{"provider":"WPGlobus","version":"3.0.2","language":"en","enabled_languages":["hu","en"],"languages":{"hu":{"title":true,"content":true,"excerpt":false},"en":{"title":true,"content":true,"excerpt":false}}},"acf":{"alcim":"Non-season ticket concert ","kiemelt_kep":{"ID":119914,"id":119914,"title":"nemzeti filharmonikus zenekar 2022","filename":"nemzeti-filharmonikus-zenekar-2022.jpg","filesize":1120775,"url":"https:\/\/www.filharmonikusok.hu\/wp-content\/uploads\/2022\/09\/nemzeti-filharmonikus-zenekar-2022.jpg","link":"https:\/\/www.filharmonikusok.hu\/en\/bemutatkozunk\/nemzeti-filharmonikus-zenekar\/nemzeti-filharmonikus-zenekar-2022\/","alt":"","author":"951590","description":"","caption":"","name":"nemzeti-filharmonikus-zenekar-2022","status":"inherit","uploaded_to":78085,"date":"2022-09-14 13:34:50","modified":"2022-09-14 13:34:50","menu_order":0,"mime_type":"image\/jpeg","type":"image","subtype":"jpeg","icon":"https:\/\/www.filharmonikusok.hu\/wp-includes\/images\/media\/default.png","width":1600,"height":722,"sizes":{"thumbnail":"https:\/\/www.filharmonikusok.hu\/wp-content\/uploads\/2022\/09\/nemzeti-filharmonikus-zenekar-2022-150x150.jpg","thumbnail-width":150,"thumbnail-height":150,"medium":"https:\/\/www.filharmonikusok.hu\/wp-content\/uploads\/2022\/09\/nemzeti-filharmonikus-zenekar-2022-300x135.jpg","medium-width":300,"medium-height":135,"medium_large":"https:\/\/www.filharmonikusok.hu\/wp-content\/uploads\/2022\/09\/nemzeti-filharmonikus-zenekar-2022-768x347.jpg","medium_large-width":640,"medium_large-height":289,"large":"https:\/\/www.filharmonikusok.hu\/wp-content\/uploads\/2022\/09\/nemzeti-filharmonikus-zenekar-2022-1024x462.jpg","large-width":640,"large-height":289,"1536x1536":"https:\/\/www.filharmonikusok.hu\/wp-content\/uploads\/2022\/09\/nemzeti-filharmonikus-zenekar-2022-1536x693.jpg","1536x1536-width":1536,"1536x1536-height":693,"2048x2048":"https:\/\/www.filharmonikusok.hu\/wp-content\/uploads\/2022\/09\/nemzeti-filharmonikus-zenekar-2022.jpg","2048x2048-width":1600,"2048x2048-height":722,"person-size":"https:\/\/www.filharmonikusok.hu\/wp-content\/uploads\/2022\/09\/nemzeti-filharmonikus-zenekar-2022-165x165.jpg","person-size-width":165,"person-size-height":165,"person-size-2":"https:\/\/www.filharmonikusok.hu\/wp-content\/uploads\/2022\/09\/nemzeti-filharmonikus-zenekar-2022-165x220.jpg","person-size-2-width":165,"person-size-2-height":220,"album-size":"https:\/\/www.filharmonikusok.hu\/wp-content\/uploads\/2022\/09\/nemzeti-filharmonikus-zenekar-2022-263x263.jpg","album-size-width":263,"album-size-height":263,"news-lead-size":"https:\/\/www.filharmonikusok.hu\/wp-content\/uploads\/2022\/09\/nemzeti-filharmonikus-zenekar-2022-360x203.jpg","news-lead-size-width":360,"news-lead-size-height":203,"director-index-size":"https:\/\/www.filharmonikusok.hu\/wp-content\/uploads\/2022\/09\/nemzeti-filharmonikus-zenekar-2022-359x450.jpg","director-index-size-width":359,"director-index-size-height":450,"person-lead-size":"https:\/\/www.filharmonikusok.hu\/wp-content\/uploads\/2022\/09\/nemzeti-filharmonikus-zenekar-2022-555x555.jpg","person-lead-size-width":555,"person-lead-size-height":555,"slider-size":"https:\/\/www.filharmonikusok.hu\/wp-content\/uploads\/2022\/09\/nemzeti-filharmonikus-zenekar-2022-1600x722.jpg","slider-size-width":1600,"slider-size-height":722}},"kiemelt_kep_en":null,"megjegyzes":"","esemeny_datum":"20240530","esemeny_idopontja":"7.30 pm","esemeny_vege":"9.20 pm","sajat_program":true,"esemeny_tipusa":["koncertek"],"esemeny_helyszine":{"ID":87537,"post_author":"1","post_date":"2016-09-08 08:02:37","post_date_gmt":"2016-09-08 08:02:37","post_content":"","post_title":"{:hu}Zeneakad\u00e9mia{:}{:en}Liszt Academy{:}","post_excerpt":"","post_status":"publish","comment_status":"closed","ping_status":"closed","post_password":"","post_name":"zeneakademia","to_ping":"","pinged":"","post_modified":"2021-02-17 10:09:02","post_modified_gmt":"2021-02-17 10:09:02","post_content_filtered":"","post_parent":0,"guid":"http:\/\/www.filharmonikusok.hu\/places\/zeneakademia\/","menu_order":0,"post_type":"places","post_mime_type":"","comment_count":"0","filter":"raw","varos":"Budapest","orszag":"Hungary","cim":"VI. Liszt Ferenc t\u00e9r 8.","megjegyzes":"","weboldal":""},"helyszin_kategoria":"budapest","karmester":{"ID":106494,"post_author":"1","post_date":"2018-04-05 13:45:33","post_date_gmt":"2018-04-05 13:45:33","post_content":"","post_title":"{:hu}Tak\u00e1cs-Nagy G\u00e1bor{:}{:en}G\u00e1bor Tak\u00e1cs-Nagy{:}","post_excerpt":"","post_status":"publish","comment_status":"closed","ping_status":"closed","post_password":"","post_name":"takacs-nagy-gabor","to_ping":"","pinged":"","post_modified":"2023-04-20 08:55:28","post_modified_gmt":"2023-04-20 08:55:28","post_content_filtered":"","post_parent":0,"guid":"http:\/\/www.filharmonikusok.hu\/?post_type=artists&#038;p=106494","menu_order":0,"post_type":"artists","post_mime_type":"","comment_count":"0","filter":"raw"},"karmester_2":false,"hazigazda":null,"muvek":[],"muvek_feluldefinialasa":false,"muvekrol_reszletesen":null,"is_muvekrol_reszletesen_en":false,"kozr_szemelyek":[],"muveszekrol_reszletesen":null,"is_muveszekrol_reszletesen_en":false,"kozr_szemelyek_feluldefinialasa":"","kozr_intezmenyek":[],"gombtipus":"jegy","jegyarak":"HUF 6,900 \u2013 HUF 2,900 (Tickets for this performance are being sold based on a dynamic pricing system)","jegyvasarlas_gomb":"https:\/\/nfz.jegy.hu\/program\/a-magyar-klasszikus-zene-napja-146023\/968674","elkeltek_a_jegyek":false,"youtube_id":"","old_id":""},"publishpress_future_workflow_manual_trigger":{"enabledWorkflows":[]},"_links":{"self":[{"href":"https:\/\/www.filharmonikusok.hu\/en\/wp-json\/wp\/v2\/concerts\/121195","targetHints":{"allow":["GET"]}}],"collection":[{"href":"https:\/\/www.filharmonikusok.hu\/en\/wp-json\/wp\/v2\/concerts"}],"about":[{"href":"https:\/\/www.filharmonikusok.hu\/en\/wp-json\/wp\/v2\/types\/concerts"}],"wp:attachment":[{"href":"https:\/\/www.filharmonikusok.hu\/en\/wp-json\/wp\/v2\/media?parent=121195"}],"curies":[{"name":"wp","href":"https:\/\/api.w.org\/{rel}","templated":true}]}}

HUNGARIAN CLASSICAL MUSIC DAY &#8211; IN MEMORIAM ZOLTÁN KOCSIS

<p>LAJOS HUSZÁR: Silence Spoke to Me<br />
***<br />
BÉLA BARTÓK: Violin Concerto No. 1, Sz. 36, BB 48a<br />
ERNST VON DOHNÁNYI: Ruralia Hungarica, op. 32b</p>
<p><strong>Kristóf Baráti</strong> violin<br />
<strong>Adrienn Miksch</strong> soprano<br />
<strong>Andrea Meláth</strong> mezzo soprano<br />
<strong>Máté Fülep</strong> baritone</p>
<p><strong>Hungarian National Philharmonic Orchestra</strong></p>
<p>Conductor:<strong> Gábor Takács-Nagy </strong></p>
<p><strong> </strong></p>
<p>This season of the Hungarian National Philharmonic Orchestra revolves around the spirit of Zoltán Kocsis. In November, we commemorate the anniversary of his death with a concert, while on his birthday at the end of May we, together with the Academy of Music, are organising the Day of Hungarian Classical Music with the intention of creating a tradition, nurturing old values and encouraging the birth of new ones.</p>
<p>Lajos Huszár was born in Szeged in 1948. His work as a composer combines tradition with the tools of modernity. He wrote his opera <em>Silence</em>, based on a story by Béla Balázs, between 1994 and 1998. His work being played on this occasion, <em>The Silence Spoke to Me</em>, is an arrangement of a section of that opera. Béla Bartók’s <em>Violin Concerto No. 1</em>, composed around 1907-08, was inspired by the young composer’s unrequited love for the violinist Stefi Geyer. The two-movement work would only be premiered in 1958, after both she and the composer had died. Ernst von Dohnányi’s series of Hungarian folk songs <em>Ruralia Hungarica</em> was considered one of the composer’s most popular pieces during his lifetime, but today it can only be heard occasionally. Dohnányi arranged five of the seven movements of the original piano version of the 1924 work for orchestra. Kristóf Baráti is one of the most significant Hungarian violinists of our time, one whose music is celebrated with great enthusiasm all over the world. The concert’s vocal soloists, Adrienn Miksch, Andrea Meláth and Máté Fülep, are all outstanding Hungarian singers. Gábor Takács-Nagy is a Kossuth Prize-winning violinist and conductor, world renown as the founding first violinist of the Takács String Quartet, later also distinguishing himself as a conductor not only in Hungary, but also in the most important music centres of Europe.</p>

{:hu}Zeneakadémia{:}{:en}Liszt Academy{:}

VI. Liszt Ferenc tér 8.

{:hu}Takács-Nagy Gábor{:}{:en}Gábor Takács-Nagy{:}
