{"id":120684,"date":"2023-01-18T11:11:52","date_gmt":"2023-01-18T11:11:52","guid":{"rendered":"https:\/\/www.filharmonikusok.hu\/?post_type=concerts&#038;p=120684"},"modified":"2023-01-18T11:13:35","modified_gmt":"2023-01-18T11:13:35","slug":"a-nemzeti-filharmonikus-zenekar-turneja-japanban","status":"publish","type":"concerts","link":"https:\/\/www.filharmonikusok.hu\/en\/koncertek\/a-nemzeti-filharmonikus-zenekar-turneja-japanban\/","title":{"rendered":"A Nemzeti Filharmonikus zenekar turn\u00e9ja Jap\u00e1nban &#8211; Nagoya"},"content":{"rendered":"<p>BEETHOVEN: Egmont-nyit\u00e1ny, op. 84<br \/>\nBRUCH: I. (g-moll) heged\u0171verseny, op. 26<br \/>\nDVO\u0158\u00c1K: V. (e-moll) szimf\u00f3nia, op. 64<\/p>\n<p>Mariko Senju \u2013 heged\u0171m\u0171v\u00e9sz<\/p>\n<p>Vez\u00e9nyel: Kobayashi Ken-Ichiro<\/p>\n","protected":false},"template":"","class_list":["post-120684","concerts","type-concerts","status-publish","hentry"],"translation":{"provider":"WPGlobus","version":"3.0.2","language":"en","enabled_languages":["hu","en"],"languages":{"hu":{"title":true,"content":true,"excerpt":false},"en":{"title":false,"content":false,"excerpt":false}}},"acf":{"alcim":"","kiemelt_kep":{"ID":120641,"id":120641,"title":"2023.01.16_Toki\u00f3","filename":"2023.01.16_Tokio.png","filesize":216016,"url":"https:\/\/www.filharmonikusok.hu\/wp-content\/uploads\/2023\/01\/2023.01.16_Tokio.png","link":"https:\/\/www.filharmonikusok.hu\/en\/koncertek\/a-nemzeti-filharmonikus-zenekar-turneja-japanban-tokio\/2023-01-16_tokio\/","alt":"","author":"951582","description":"","caption":"","name":"2023-01-16_tokio","status":"inherit","uploaded_to":120640,"date":"2023-01-10 15:01:25","modified":"2023-01-10 15:01:25","menu_order":0,"mime_type":"image\/png","type":"image","subtype":"png","icon":"https:\/\/www.filharmonikusok.hu\/wp-includes\/images\/media\/default.png","width":1920,"height":560,"sizes":{"thumbnail":"https:\/\/www.filharmonikusok.hu\/wp-content\/uploads\/2023\/01\/2023.01.16_Tokio-150x150.png","thumbnail-width":150,"thumbnail-height":150,"medium":"https:\/\/www.filharmonikusok.hu\/wp-content\/uploads\/2023\/01\/2023.01.16_Tokio-300x88.png","medium-width":300,"medium-height":88,"medium_large":"https:\/\/www.filharmonikusok.hu\/wp-content\/uploads\/2023\/01\/2023.01.16_Tokio-768x224.png","medium_large-width":640,"medium_large-height":187,"large":"https:\/\/www.filharmonikusok.hu\/wp-content\/uploads\/2023\/01\/2023.01.16_Tokio-1024x299.png","large-width":640,"large-height":187,"1536x1536":"https:\/\/www.filharmonikusok.hu\/wp-content\/uploads\/2023\/01\/2023.01.16_Tokio-1536x448.png","1536x1536-width":1536,"1536x1536-height":448,"2048x2048":"https:\/\/www.filharmonikusok.hu\/wp-content\/uploads\/2023\/01\/2023.01.16_Tokio.png","2048x2048-width":1920,"2048x2048-height":560,"person-size":"https:\/\/www.filharmonikusok.hu\/wp-content\/uploads\/2023\/01\/2023.01.16_Tokio-165x165.png","person-size-width":165,"person-size-height":165,"person-size-2":"https:\/\/www.filharmonikusok.hu\/wp-content\/uploads\/2023\/01\/2023.01.16_Tokio-165x220.png","person-size-2-width":165,"person-size-2-height":220,"album-size":"https:\/\/www.filharmonikusok.hu\/wp-content\/uploads\/2023\/01\/2023.01.16_Tokio-263x263.png","album-size-width":263,"album-size-height":263,"news-lead-size":"https:\/\/www.filharmonikusok.hu\/wp-content\/uploads\/2023\/01\/2023.01.16_Tokio-360x203.png","news-lead-size-width":360,"news-lead-size-height":203,"director-index-size":"https:\/\/www.filharmonikusok.hu\/wp-content\/uploads\/2023\/01\/2023.01.16_Tokio-359x450.png","director-index-size-width":359,"director-index-size-height":450,"person-lead-size":"https:\/\/www.filharmonikusok.hu\/wp-content\/uploads\/2023\/01\/2023.01.16_Tokio-555x555.png","person-lead-size-width":555,"person-lead-size-height":555,"slider-size":"https:\/\/www.filharmonikusok.hu\/wp-content\/uploads\/2023\/01\/2023.01.16_Tokio-1600x560.png","slider-size-width":1600,"slider-size-height":560}},"kiemelt_kep_en":{"ID":120641,"id":120641,"title":"2023.01.16_Toki\u00f3","filename":"2023.01.16_Tokio.png","filesize":216016,"url":"https:\/\/www.filharmonikusok.hu\/wp-content\/uploads\/2023\/01\/2023.01.16_Tokio.png","link":"https:\/\/www.filharmonikusok.hu\/en\/koncertek\/a-nemzeti-filharmonikus-zenekar-turneja-japanban-tokio\/2023-01-16_tokio\/","alt":"","author":"951582","description":"","caption":"","name":"2023-01-16_tokio","status":"inherit","uploaded_to":120640,"date":"2023-01-10 15:01:25","modified":"2023-01-10 15:01:25","menu_order":0,"mime_type":"image\/png","type":"image","subtype":"png","icon":"https:\/\/www.filharmonikusok.hu\/wp-includes\/images\/media\/default.png","width":1920,"height":560,"sizes":{"thumbnail":"https:\/\/www.filharmonikusok.hu\/wp-content\/uploads\/2023\/01\/2023.01.16_Tokio-150x150.png","thumbnail-width":150,"thumbnail-height":150,"medium":"https:\/\/www.filharmonikusok.hu\/wp-content\/uploads\/2023\/01\/2023.01.16_Tokio-300x88.png","medium-width":300,"medium-height":88,"medium_large":"https:\/\/www.filharmonikusok.hu\/wp-content\/uploads\/2023\/01\/2023.01.16_Tokio-768x224.png","medium_large-width":640,"medium_large-height":187,"large":"https:\/\/www.filharmonikusok.hu\/wp-content\/uploads\/2023\/01\/2023.01.16_Tokio-1024x299.png","large-width":640,"large-height":187,"1536x1536":"https:\/\/www.filharmonikusok.hu\/wp-content\/uploads\/2023\/01\/2023.01.16_Tokio-1536x448.png","1536x1536-width":1536,"1536x1536-height":448,"2048x2048":"https:\/\/www.filharmonikusok.hu\/wp-content\/uploads\/2023\/01\/2023.01.16_Tokio.png","2048x2048-width":1920,"2048x2048-height":560,"person-size":"https:\/\/www.filharmonikusok.hu\/wp-content\/uploads\/2023\/01\/2023.01.16_Tokio-165x165.png","person-size-width":165,"person-size-height":165,"person-size-2":"https:\/\/www.filharmonikusok.hu\/wp-content\/uploads\/2023\/01\/2023.01.16_Tokio-165x220.png","person-size-2-width":165,"person-size-2-height":220,"album-size":"https:\/\/www.filharmonikusok.hu\/wp-content\/uploads\/2023\/01\/2023.01.16_Tokio-263x263.png","album-size-width":263,"album-size-height":263,"news-lead-size":"https:\/\/www.filharmonikusok.hu\/wp-content\/uploads\/2023\/01\/2023.01.16_Tokio-360x203.png","news-lead-size-width":360,"news-lead-size-height":203,"director-index-size":"https:\/\/www.filharmonikusok.hu\/wp-content\/uploads\/2023\/01\/2023.01.16_Tokio-359x450.png","director-index-size-width":359,"director-index-size-height":450,"person-lead-size":"https:\/\/www.filharmonikusok.hu\/wp-content\/uploads\/2023\/01\/2023.01.16_Tokio-555x555.png","person-lead-size-width":555,"person-lead-size-height":555,"slider-size":"https:\/\/www.filharmonikusok.hu\/wp-content\/uploads\/2023\/01\/2023.01.16_Tokio-1600x560.png","slider-size-width":1600,"slider-size-height":560}},"megjegyzes":"","esemeny_datum":"20230119","esemeny_idopontja":"19:00","esemeny_vege":"","sajat_program":false,"esemeny_tipusa":["koncertek"],"esemeny_helyszine":{"ID":87644,"post_author":"1","post_date":"2016-09-08 08:02:37","post_date_gmt":"2016-09-08 08:02:37","post_content":"","post_title":"{:hu}Aichi Prefectural Art Theatre - Concert Hall{:}{:en}Aichi Prefectural Art Theatre - Concert Hall{:}","post_excerpt":"","post_status":"publish","comment_status":"closed","ping_status":"closed","post_password":"","post_name":"aichi-prefectural-art-theatre-concert-hall","to_ping":"","pinged":"","post_modified":"2016-09-08 08:02:37","post_modified_gmt":"2016-09-08 08:02:37","post_content_filtered":"","post_parent":0,"guid":"http:\/\/www.filharmonikusok.hu\/places\/aichi-prefectural-art-theatre-concert-hall\/","menu_order":0,"post_type":"places","post_mime_type":"","comment_count":"0","filter":"raw","varos":"{:hu}Nagoya{:}{:en}Nagoya{:}","orszag":"{:hu}Jap\u00e1n{:}{:en}Japan{:}","cim":"1-13-2 Toro, Higashi-ku, Nagoya-shi","megjegyzes":"Tel: (+ 81 5) 2971 5511","weboldal":""},"helyszin_kategoria":"kulfold","karmester":{"ID":86518,"post_author":"1","post_date":"2016-10-18 16:13:17","post_date_gmt":"2016-10-18 16:13:17","post_content":"{:hu}Kobayashi Ken-Ichiro 1940-ben sz\u00fcletett Jap\u00e1nban, karmesteri tanulm\u00e1nyait Watanabe Ake\u00f3n\u00e1l \u00e9s Yamada Kazu\u00f3n\u00e1l folytatta a Toki\u00f3i M\u0171v\u00e9szeti \u00e9s Zenei Egyetemen. 1974-ben ker\u00fclt be a nemzetk\u00f6zi zenei \u00e9let k\u00f6z\u00e9ppontj\u00e1ba, amikor els\u0151 d\u00edjat nyert a Magyar Telev\u00edzi\u00f3 I. Nemzetk\u00f6zi Karmesterverseny\u00e9n. Sikere az\u00f3ta is t\u00f6retlen, a legnevesebb zenekarokat dirig\u00e1lja N\u00e9metorsz\u00e1gban, Ausztri\u00e1ban \u00e9s Angli\u00e1ban. A Magyar \u00c1llami Hangversenyzenekar (ma Nemzeti Filharmonikus Zenekar) vezet\u0151 karmestere 1987-t\u0151l, \u00f6r\u00f6k\u00f6s tiszteletbeli eln\u00f6k-karnagya 1992-t\u0151l. 1994-ben megkapta a Magyar K\u00f6zt\u00e1rsas\u00e1g egyik legmagasabb kit\u00fcntet\u00e9s\u00e9t. Jelenleg a Jap\u00e1n Filharmonikusok vezet\u0151 karmestere.{:}{:en}Born in 1940. He studied conducting under WATANABE Akeo and YAMADA Kazuo at the Tokyo National University of Fine Arts and Music. It was in 1974 when he studied gaining international attention after receiving first prize at the International Conductors Competition of the Hungarian Television. Since then he has gained a reputation by conducting major orchestras in countries such as Germany, Austria and the UK. He was appointed Principal Conductor of the Hungary State Symphony Orchestra (Hungary National Philharmonic Orchestra nowaday) in 1987, and General Director of the Orchestra in 1992. In 1994, he received \"Middle Cross with the Star of the Order of the Republic of Hungary\". The Japan Philharmonic appointed him Chief Conductor in 1998, Principal Conductor in 1990, and Chief Guest Principal Conductor in 1994.\r\nIn 1997, he returns to the Japan Philharmonic as Chief Conductor.{:}","post_title":"{:hu}Kobayashi Ken-Ichiro{:}{:en}Ken-Ichiro Kobayashi{:}","post_excerpt":"","post_status":"publish","comment_status":"closed","ping_status":"closed","post_password":"","post_name":"kobayashi-ken-ichiro","to_ping":"","pinged":"","post_modified":"2018-05-30 08:13:14","post_modified_gmt":"2018-05-30 08:13:14","post_content_filtered":"","post_parent":0,"guid":"http:\/\/www.filharmonikusok.hu\/?post_type=artists&#038;p=86518","menu_order":0,"post_type":"artists","post_mime_type":"","comment_count":"0","filter":"raw"},"karmester_2":false,"hazigazda":null,"muvek":[],"muvek_feluldefinialasa":false,"muvekrol_reszletesen":null,"is_muvekrol_reszletesen_en":false,"kozr_szemelyek":[],"muveszekrol_reszletesen":true,"is_muveszekrol_reszletesen_en":false,"kozr_szemelyek_feluldefinialasa":"","kozr_intezmenyek":[],"gombtipus":"link","jegyarak":"","hivatkozas_gomb_szovege":"R\u00e9szletek","hivatkozas_gomg_url-je":"https:\/\/www.filharmonikusok.hu\/koncertek\/a-nemzeti-filharmonikus-zenekar-turneja-japanban\/","youtube_id":"","old_id":""},"publishpress_future_workflow_manual_trigger":{"enabledWorkflows":[]},"_links":{"self":[{"href":"https:\/\/www.filharmonikusok.hu\/en\/wp-json\/wp\/v2\/concerts\/120684","targetHints":{"allow":["GET"]}}],"collection":[{"href":"https:\/\/www.filharmonikusok.hu\/en\/wp-json\/wp\/v2\/concerts"}],"about":[{"href":"https:\/\/www.filharmonikusok.hu\/en\/wp-json\/wp\/v2\/types\/concerts"}],"wp:attachment":[{"href":"https:\/\/www.filharmonikusok.hu\/en\/wp-json\/wp\/v2\/media?parent=120684"}],"curies":[{"name":"wp","href":"https:\/\/api.w.org\/{rel}","templated":true}]}}

A Nemzeti Filharmonikus zenekar turnéja Japánban &#8211; Nagoya

<p>BEETHOVEN: Egmont-nyitány, op. 84<br />
BRUCH: I. (g-moll) hegedűverseny, op. 26<br />
DVOŘÁK: V. (e-moll) szimfónia, op. 64</p>
<p>Mariko Senju – hegedűművész</p>
<p>Vezényel: Kobayashi Ken-Ichiro</p>

2023.01.16_Tokió

{:hu}Japán{:}{:en}Japan{:}

{:hu}Kobayashi Ken-Ichiro 1940-ben született Japánban, karmesteri tanulmányait Watanabe Akeónál és Yamada Kazuónál folytatta a Tokiói Művészeti és Zenei Egyetemen. 1974-ben került be a nemzetközi zenei élet középpontjába, amikor első díjat nyert a Magyar Televízió I. Nemzetközi Karmesterversenyén. Sikere azóta is töretlen, a legnevesebb zenekarokat dirigálja Németországban, Ausztriában és Angliában. A Magyar Állami Hangversenyzenekar (ma Nemzeti Filharmonikus Zenekar) vezető karmestere 1987-től, örökös tiszteletbeli elnök-karnagya 1992-től. 1994-ben megkapta a Magyar Köztársaság egyik legmagasabb kitüntetését. Jelenleg a Japán Filharmonikusok vezető karmestere.{:}{:en}Born in 1940. He studied conducting under WATANABE Akeo and YAMADA Kazuo at the Tokyo National University of Fine Arts and Music. It was in 1974 when he studied gaining international attention after receiving first prize at the International Conductors Competition of the Hungarian Television. Since then he has gained a reputation by conducting major orchestras in countries such as Germany, Austria and the UK. He was appointed Principal Conductor of the Hungary State Symphony Orchestra (Hungary National Philharmonic Orchestra nowaday) in 1987, and General Director of the Orchestra in 1992. In 1994, he received "Middle Cross with the Star of the Order of the Republic of Hungary". The Japan Philharmonic appointed him Chief Conductor in 1998, Principal Conductor in 1990, and Chief Guest Principal Conductor in 1994.
In 1997, he returns to the Japan Philharmonic as Chief Conductor.{:}

Részletek
