{"id":119359,"date":"2022-06-17T09:03:42","date_gmt":"2022-06-17T09:03:42","guid":{"rendered":"https:\/\/www.filharmonikusok.hu\/?post_type=concerts&#038;p=119359"},"modified":"2023-05-24T12:08:02","modified_gmt":"2023-05-24T12:08:02","slug":"a-magyar-klasszikus-zene-napja-2","status":"publish","type":"concerts","link":"https:\/\/www.filharmonikusok.hu\/en\/koncertek\/a-magyar-klasszikus-zene-napja-2\/","title":{"rendered":"HUNGARIAN CLASSICAL MUSIC DAY"},"content":{"rendered":"<p>L\u00e1szl\u00f3 Dubrovay: Symphony No. 6 (\u2018Spring\u2019)<br \/>\nGy\u00f6rgy Ligeti: Concert Rom\u00e2nesc<\/p>\n<p>***<\/p>\n<p>Claude Debussy \u2013 Zolt\u00e1n Kocsis \u2013 Marurice Ravel: Images (oubli\u00e9es), L. 87<br \/>\nLe\u00f3 Weiner: Hungarian Folk Dances \u2013 suite, op. 18<\/p>\n<p><strong>Hungarian National Philharmonic Orchestra<\/strong><\/p>\n<p>Conductor:<strong>\u00a0G\u00e1bor K\u00e1li<\/strong><\/p>\n<p>Zolt\u00e1n Kocsis made it his worthy custom to give a charity concert each year on his birthday, the 30th of May. This tradition was later revived by his former ensemble, the Hungarian National Philharmonic Orchestra, and his alma mater, the Liszt Academy, when they jointly established Hungarian Classical Music Day in 2021. On Kocsis\u2019s birthday, the concerts pay tribute to Hungarian classical music and its creators \u2013 in part with the unconcealed aim of encouraging new works of Hungarian classical music to be born.<\/p>\n<p>L\u00e1szl\u00f3 Dubrovay originally wrote his 2009 <em>\u2018Spring\u2019<\/em> <em>Symphony No. 6<\/em> for concert brass ensemble, but later created a symphonic version as well, which is what we will be hearing here. Gy\u00f6rgy Ligeti\u2019s youthful opus <em>Concert Rom\u00e2nesc<\/em> (1951) is a testament both to the budding composer\u2019s enthusiasm for Romanian folk music and his respect for the output of Bart\u00f3k. Although Debussy\u2019s 1894 series <em>Images (oubli\u00e9es)<\/em> is not a Hungarian work, it did become one at least in part when Kocsis found a congenial way to arrange the first and third of the three movements, originally written for piano, for orchestra (the middle movement, <em>Sarabande<\/em> had already been arranged by Ravel in 1923). In performing the cycle, we pay tribute to Kocsis\u2019s universal knowledge, a frequent subject of admiration. Le\u00f3 Weiner\u2019s cycle <em>Hungarian Folk Dances<\/em> not only enchants listeners with its elegance, it also reminds us that there is much the Hungarian music world has to do when it comes to Weiner\u2019s oeuvre, which, still under the shadow of those of his two giant contemporaries Bart\u00f3k and Kod\u00e1ly, continues to receive less attention. Taking the podium will be G\u00e1bor K\u00e1li, an outstandingly talented young Hungarian conductor who has achieved considerable success both here and abroad in recent years.<\/p>\n","protected":false},"template":"","class_list":["post-119359","concerts","type-concerts","status-publish","hentry"],"translation":{"provider":"WPGlobus","version":"3.0.2","language":"en","enabled_languages":["hu","en"],"languages":{"hu":{"title":true,"content":true,"excerpt":false},"en":{"title":true,"content":true,"excerpt":false}}},"acf":{"alcim":"Non-season ticket concert","kiemelt_kep":{"ID":119350,"id":119350,"title":"2023.05.30_esem\u00e9nyfot\u00f3","filename":"2023.05.30_esemenyfoto.png","filesize":230436,"url":"https:\/\/www.filharmonikusok.hu\/wp-content\/uploads\/2022\/06\/2023.05.30_esemenyfoto.png","link":"https:\/\/www.filharmonikusok.hu\/en\/koncertek\/a-sotetbol-a-fenyre-a-nemzeti-filharmonikusok-husveti-hangversenye\/2023-05-30_esemenyfoto\/","alt":"","author":"951582","description":"","caption":"","name":"2023-05-30_esemenyfoto","status":"inherit","uploaded_to":119343,"date":"2022-06-16 11:12:46","modified":"2022-06-16 11:12:46","menu_order":0,"mime_type":"image\/png","type":"image","subtype":"png","icon":"https:\/\/www.filharmonikusok.hu\/wp-includes\/images\/media\/default.png","width":1920,"height":560,"sizes":{"thumbnail":"https:\/\/www.filharmonikusok.hu\/wp-content\/uploads\/2022\/06\/2023.05.30_esemenyfoto-150x150.png","thumbnail-width":150,"thumbnail-height":150,"medium":"https:\/\/www.filharmonikusok.hu\/wp-content\/uploads\/2022\/06\/2023.05.30_esemenyfoto-300x88.png","medium-width":300,"medium-height":88,"medium_large":"https:\/\/www.filharmonikusok.hu\/wp-content\/uploads\/2022\/06\/2023.05.30_esemenyfoto-768x224.png","medium_large-width":640,"medium_large-height":187,"large":"https:\/\/www.filharmonikusok.hu\/wp-content\/uploads\/2022\/06\/2023.05.30_esemenyfoto-1024x299.png","large-width":640,"large-height":187,"1536x1536":"https:\/\/www.filharmonikusok.hu\/wp-content\/uploads\/2022\/06\/2023.05.30_esemenyfoto-1536x448.png","1536x1536-width":1536,"1536x1536-height":448,"2048x2048":"https:\/\/www.filharmonikusok.hu\/wp-content\/uploads\/2022\/06\/2023.05.30_esemenyfoto.png","2048x2048-width":1920,"2048x2048-height":560,"person-size":"https:\/\/www.filharmonikusok.hu\/wp-content\/uploads\/2022\/06\/2023.05.30_esemenyfoto-165x165.png","person-size-width":165,"person-size-height":165,"person-size-2":"https:\/\/www.filharmonikusok.hu\/wp-content\/uploads\/2022\/06\/2023.05.30_esemenyfoto-165x220.png","person-size-2-width":165,"person-size-2-height":220,"album-size":"https:\/\/www.filharmonikusok.hu\/wp-content\/uploads\/2022\/06\/2023.05.30_esemenyfoto-263x263.png","album-size-width":263,"album-size-height":263,"news-lead-size":"https:\/\/www.filharmonikusok.hu\/wp-content\/uploads\/2022\/06\/2023.05.30_esemenyfoto-360x203.png","news-lead-size-width":360,"news-lead-size-height":203,"director-index-size":"https:\/\/www.filharmonikusok.hu\/wp-content\/uploads\/2022\/06\/2023.05.30_esemenyfoto-359x450.png","director-index-size-width":359,"director-index-size-height":450,"person-lead-size":"https:\/\/www.filharmonikusok.hu\/wp-content\/uploads\/2022\/06\/2023.05.30_esemenyfoto-555x555.png","person-lead-size-width":555,"person-lead-size-height":555,"slider-size":"https:\/\/www.filharmonikusok.hu\/wp-content\/uploads\/2022\/06\/2023.05.30_esemenyfoto-1600x560.png","slider-size-width":1600,"slider-size-height":560}},"kiemelt_kep_en":{"ID":119350,"id":119350,"title":"2023.05.30_esem\u00e9nyfot\u00f3","filename":"2023.05.30_esemenyfoto.png","filesize":230436,"url":"https:\/\/www.filharmonikusok.hu\/wp-content\/uploads\/2022\/06\/2023.05.30_esemenyfoto.png","link":"https:\/\/www.filharmonikusok.hu\/en\/koncertek\/a-sotetbol-a-fenyre-a-nemzeti-filharmonikusok-husveti-hangversenye\/2023-05-30_esemenyfoto\/","alt":"","author":"951582","description":"","caption":"","name":"2023-05-30_esemenyfoto","status":"inherit","uploaded_to":119343,"date":"2022-06-16 11:12:46","modified":"2022-06-16 11:12:46","menu_order":0,"mime_type":"image\/png","type":"image","subtype":"png","icon":"https:\/\/www.filharmonikusok.hu\/wp-includes\/images\/media\/default.png","width":1920,"height":560,"sizes":{"thumbnail":"https:\/\/www.filharmonikusok.hu\/wp-content\/uploads\/2022\/06\/2023.05.30_esemenyfoto-150x150.png","thumbnail-width":150,"thumbnail-height":150,"medium":"https:\/\/www.filharmonikusok.hu\/wp-content\/uploads\/2022\/06\/2023.05.30_esemenyfoto-300x88.png","medium-width":300,"medium-height":88,"medium_large":"https:\/\/www.filharmonikusok.hu\/wp-content\/uploads\/2022\/06\/2023.05.30_esemenyfoto-768x224.png","medium_large-width":640,"medium_large-height":187,"large":"https:\/\/www.filharmonikusok.hu\/wp-content\/uploads\/2022\/06\/2023.05.30_esemenyfoto-1024x299.png","large-width":640,"large-height":187,"1536x1536":"https:\/\/www.filharmonikusok.hu\/wp-content\/uploads\/2022\/06\/2023.05.30_esemenyfoto-1536x448.png","1536x1536-width":1536,"1536x1536-height":448,"2048x2048":"https:\/\/www.filharmonikusok.hu\/wp-content\/uploads\/2022\/06\/2023.05.30_esemenyfoto.png","2048x2048-width":1920,"2048x2048-height":560,"person-size":"https:\/\/www.filharmonikusok.hu\/wp-content\/uploads\/2022\/06\/2023.05.30_esemenyfoto-165x165.png","person-size-width":165,"person-size-height":165,"person-size-2":"https:\/\/www.filharmonikusok.hu\/wp-content\/uploads\/2022\/06\/2023.05.30_esemenyfoto-165x220.png","person-size-2-width":165,"person-size-2-height":220,"album-size":"https:\/\/www.filharmonikusok.hu\/wp-content\/uploads\/2022\/06\/2023.05.30_esemenyfoto-263x263.png","album-size-width":263,"album-size-height":263,"news-lead-size":"https:\/\/www.filharmonikusok.hu\/wp-content\/uploads\/2022\/06\/2023.05.30_esemenyfoto-360x203.png","news-lead-size-width":360,"news-lead-size-height":203,"director-index-size":"https:\/\/www.filharmonikusok.hu\/wp-content\/uploads\/2022\/06\/2023.05.30_esemenyfoto-359x450.png","director-index-size-width":359,"director-index-size-height":450,"person-lead-size":"https:\/\/www.filharmonikusok.hu\/wp-content\/uploads\/2022\/06\/2023.05.30_esemenyfoto-555x555.png","person-lead-size-width":555,"person-lead-size-height":555,"slider-size":"https:\/\/www.filharmonikusok.hu\/wp-content\/uploads\/2022\/06\/2023.05.30_esemenyfoto-1600x560.png","slider-size-width":1600,"slider-size-height":560}},"megjegyzes":"","esemeny_datum":"20230530","esemeny_idopontja":"7:30 PM","esemeny_vege":"","sajat_program":true,"esemeny_tipusa":["koncertek"],"esemeny_helyszine":{"ID":87537,"post_author":"1","post_date":"2016-09-08 08:02:37","post_date_gmt":"2016-09-08 08:02:37","post_content":"","post_title":"{:hu}Zeneakad\u00e9mia{:}{:en}Liszt Academy{:}","post_excerpt":"","post_status":"publish","comment_status":"closed","ping_status":"closed","post_password":"","post_name":"zeneakademia","to_ping":"","pinged":"","post_modified":"2021-02-17 10:09:02","post_modified_gmt":"2021-02-17 10:09:02","post_content_filtered":"","post_parent":0,"guid":"http:\/\/www.filharmonikusok.hu\/places\/zeneakademia\/","menu_order":0,"post_type":"places","post_mime_type":"","comment_count":"0","filter":"raw","varos":"Budapest","orszag":"Hungary","cim":"VI. Liszt Ferenc t\u00e9r 8.","megjegyzes":"","weboldal":""},"helyszin_kategoria":"budapest","karmester":{"ID":119356,"post_author":"951582","post_date":"2022-06-16 12:15:04","post_date_gmt":"2022-06-16 12:15:04","post_content":"","post_title":"{:hu}K\u00e1li G\u00e1bor{:}{:en}G\u00e1bor K\u00e1li{:}","post_excerpt":"","post_status":"publish","comment_status":"closed","ping_status":"closed","post_password":"","post_name":"kali-gabor","to_ping":"","pinged":"","post_modified":"2022-06-16 12:15:04","post_modified_gmt":"2022-06-16 12:15:04","post_content_filtered":"","post_parent":0,"guid":"https:\/\/www.filharmonikusok.hu\/?post_type=artists&#038;p=119356","menu_order":0,"post_type":"artists","post_mime_type":"","comment_count":"0","filter":"raw"},"karmester_2":false,"hazigazda":null,"muvek":[],"muvek_feluldefinialasa":false,"muvekrol_reszletesen":null,"is_muvekrol_reszletesen_en":false,"kozr_szemelyek":[],"muveszekrol_reszletesen":null,"is_muveszekrol_reszletesen_en":false,"kozr_szemelyek_feluldefinialasa":"","kozr_intezmenyek":[],"gombtipus":"link","jegyarak":"HUF 6,900 \u2013 HUF 2,900 (Tickets for this performance are being sold based on a dynamic pricing system.)","jegyvasarlas_gomb":"","elkeltek_a_jegyek":false,"youtube_id":"","old_id":"","hivatkozas_gomb_szovege":"BUY TICKET","hivatkozas_gomg_url-je":"https:\/\/nfz.jegy.hu\/program\/a-magyar-klasszikus-zene-napja-137047\/844305"},"publishpress_future_workflow_manual_trigger":{"enabledWorkflows":[]},"_links":{"self":[{"href":"https:\/\/www.filharmonikusok.hu\/en\/wp-json\/wp\/v2\/concerts\/119359","targetHints":{"allow":["GET"]}}],"collection":[{"href":"https:\/\/www.filharmonikusok.hu\/en\/wp-json\/wp\/v2\/concerts"}],"about":[{"href":"https:\/\/www.filharmonikusok.hu\/en\/wp-json\/wp\/v2\/types\/concerts"}],"wp:attachment":[{"href":"https:\/\/www.filharmonikusok.hu\/en\/wp-json\/wp\/v2\/media?parent=119359"}],"curies":[{"name":"wp","href":"https:\/\/api.w.org\/{rel}","templated":true}]}}

<p>László Dubrovay: Symphony No. 6 (‘Spring’)<br />
György Ligeti: Concert Românesc</p>
<p>***</p>
<p>Claude Debussy – Zoltán Kocsis – Marurice Ravel: Images (oubliées), L. 87<br />
Leó Weiner: Hungarian Folk Dances – suite, op. 18</p>
<p><strong>Hungarian National Philharmonic Orchestra</strong></p>
<p>Conductor:<strong> Gábor Káli</strong></p>
<p>Zoltán Kocsis made it his worthy custom to give a charity concert each year on his birthday, the 30th of May. This tradition was later revived by his former ensemble, the Hungarian National Philharmonic Orchestra, and his alma mater, the Liszt Academy, when they jointly established Hungarian Classical Music Day in 2021. On Kocsis’s birthday, the concerts pay tribute to Hungarian classical music and its creators – in part with the unconcealed aim of encouraging new works of Hungarian classical music to be born.</p>
<p>László Dubrovay originally wrote his 2009 <em>‘Spring’</em> <em>Symphony No. 6</em> for concert brass ensemble, but later created a symphonic version as well, which is what we will be hearing here. György Ligeti’s youthful opus <em>Concert Românesc</em> (1951) is a testament both to the budding composer’s enthusiasm for Romanian folk music and his respect for the output of Bartók. Although Debussy’s 1894 series <em>Images (oubliées)</em> is not a Hungarian work, it did become one at least in part when Kocsis found a congenial way to arrange the first and third of the three movements, originally written for piano, for orchestra (the middle movement, <em>Sarabande</em> had already been arranged by Ravel in 1923). In performing the cycle, we pay tribute to Kocsis’s universal knowledge, a frequent subject of admiration. Leó Weiner’s cycle <em>Hungarian Folk Dances</em> not only enchants listeners with its elegance, it also reminds us that there is much the Hungarian music world has to do when it comes to Weiner’s oeuvre, which, still under the shadow of those of his two giant contemporaries Bartók and Kodály, continues to receive less attention. Taking the podium will be Gábor Káli, an outstandingly talented young Hungarian conductor who has achieved considerable success both here and abroad in recent years.</p>

2023.05.30_eseményfotó

{:hu}Zeneakadémia{:}{:en}Liszt Academy{:}

VI. Liszt Ferenc tér 8.

{:hu}Káli Gábor{:}{:en}Gábor Káli{:}
