{"id":119334,"date":"2022-06-17T08:44:38","date_gmt":"2022-06-17T08:44:38","guid":{"rendered":"https:\/\/www.filharmonikusok.hu\/?post_type=concerts&#038;p=119334"},"modified":"2022-08-15T12:20:45","modified_gmt":"2022-08-15T12:20:45","slug":"zenei-csemegek","status":"publish","type":"concerts","link":"https:\/\/www.filharmonikusok.hu\/en\/koncertek\/zenei-csemegek\/","title":{"rendered":"MUSICAL TREATS"},"content":{"rendered":"<p>L\u00e1szl\u00f3 Lajtha: Suite No. 3, op. 56<br \/>\nFranz Schubert\u2013Franz Liszt: Wanderer Fantasy<br \/>\n***<\/p>\n<p>Franz Schubert: Rosamunde \u2013 excerpts from the incidental music<\/p>\n<p><strong>Peter Klimo<\/strong> piano<\/p>\n<p><strong>Gertr\u00fad Wittinger<\/strong> voice<\/p>\n<p><strong>Hungarian National Choir <\/strong>(choirmaster:<strong> Csaba Somos)<\/strong><br \/>\n<strong>Hungarian National Philharmonic Orchestra<\/strong><\/p>\n<p>Conductor:<strong> Nimrod David Pfeffer<\/strong><\/p>\n<p>Rarities lead 2-1: a look through the selections for the Hungarian National Philharmonic Orchestra\u2019s Lajtha-Schubert might elicit some appreciative nods. Since the <em>Third Suite<\/em> by Bart\u00f3k and Kod\u00e1ly\u2019s contemporary L\u00e1szl\u00f3 Lajtha is hardly ever performed, it will be exciting to hear it played in its complete form. Liszt\u2019s transcription adding orchestral accompaniment to Schubert\u2019s <em>Wanderer Fantasy<\/em>, originally written for solo piano and here being performed by a Hungarian-American soloist, is also only rarely encountered. The Israeli guest conductor will then cap off the programme with a better-known treat: excerpts from the <em>Incidental Music to Rosamunde<\/em>.<\/p>\n<p>L\u00e1szl\u00f3 Lajtha was a prominent composer and folk music researcher of the generation that came a decade after Bart\u00f3k and Kod\u00e1ly, with both folk traditions and French music serving as important influences in his work. Dating from 1952 and with a tone that is appropriately light and entertaining for a celebratory occasion, his <em>Suite No. 3<\/em> was written for the centenary of the Budapest Philharmonic Orchestra. Schubert composed his <em>Wanderer Fantasy<\/em> in 1822, incorporating and developing in it the melody from his noted song <em>Der Wanderer<\/em>. Franz Liszt, discovering the opportunity to create a piano concerto out of the four-movement composition he admired so much, crafted an orchestral transcription of the work in 1851. Schubert wrote his incidental music consisting of atmospheric character movements to the Germany female writer Helmina von Ch\u00e9zy\u2019s play <em>Rosamunde, Princess of Cyprus<\/em> in 1823, a year after completing the <em>Wanderer Fantasy<\/em>.<\/p>\n<p><strong>Hungarian-American pianist Peter Klimo was born in Los Angeles in 1990. This will not be his first appearance as a soloist with the Hungarian National Philharmonic, and he took third prize at the Bart\u00f3k World Competition in Budapest in 2019. <\/strong><\/p>\n<p><strong>Born in 1984, Nimrod David Pfeffer studied under Alan Gilbert at the Juilliard School. A successful opera and concert conductor, he serves as the music director at the Lyric Opera Company of Guatemala. In 2017, he took third place at the Maestro Solti International Conducting Competition. <\/strong><\/p>\n","protected":false},"template":"","class_list":["post-119334","concerts","type-concerts","status-publish","hentry"],"translation":{"provider":"WPGlobus","version":"3.0.2","language":"en","enabled_languages":["hu","en"],"languages":{"hu":{"title":true,"content":true,"excerpt":false},"en":{"title":true,"content":true,"excerpt":false}}},"acf":{"alcim":"Luk\u00e1cs season ticket 2","kiemelt_kep":{"ID":119338,"id":119338,"title":"2023.03.17_esem\u00e9nyfot\u00f3","filename":"2023.03.17_esemenyfoto.png","filesize":185959,"url":"https:\/\/www.filharmonikusok.hu\/wp-content\/uploads\/2022\/06\/2023.03.17_esemenyfoto.png","link":"https:\/\/www.filharmonikusok.hu\/en\/koncertek\/zenei-csemegek\/2023-03-17_esemenyfoto\/","alt":"","author":"951582","description":"","caption":"","name":"2023-03-17_esemenyfoto","status":"inherit","uploaded_to":119334,"date":"2022-06-16 10:09:40","modified":"2022-06-16 10:09:40","menu_order":0,"mime_type":"image\/png","type":"image","subtype":"png","icon":"https:\/\/www.filharmonikusok.hu\/wp-includes\/images\/media\/default.png","width":1920,"height":560,"sizes":{"thumbnail":"https:\/\/www.filharmonikusok.hu\/wp-content\/uploads\/2022\/06\/2023.03.17_esemenyfoto-150x150.png","thumbnail-width":150,"thumbnail-height":150,"medium":"https:\/\/www.filharmonikusok.hu\/wp-content\/uploads\/2022\/06\/2023.03.17_esemenyfoto-300x88.png","medium-width":300,"medium-height":88,"medium_large":"https:\/\/www.filharmonikusok.hu\/wp-content\/uploads\/2022\/06\/2023.03.17_esemenyfoto-768x224.png","medium_large-width":640,"medium_large-height":187,"large":"https:\/\/www.filharmonikusok.hu\/wp-content\/uploads\/2022\/06\/2023.03.17_esemenyfoto-1024x299.png","large-width":640,"large-height":187,"1536x1536":"https:\/\/www.filharmonikusok.hu\/wp-content\/uploads\/2022\/06\/2023.03.17_esemenyfoto-1536x448.png","1536x1536-width":1536,"1536x1536-height":448,"2048x2048":"https:\/\/www.filharmonikusok.hu\/wp-content\/uploads\/2022\/06\/2023.03.17_esemenyfoto.png","2048x2048-width":1920,"2048x2048-height":560,"person-size":"https:\/\/www.filharmonikusok.hu\/wp-content\/uploads\/2022\/06\/2023.03.17_esemenyfoto-165x165.png","person-size-width":165,"person-size-height":165,"person-size-2":"https:\/\/www.filharmonikusok.hu\/wp-content\/uploads\/2022\/06\/2023.03.17_esemenyfoto-165x220.png","person-size-2-width":165,"person-size-2-height":220,"album-size":"https:\/\/www.filharmonikusok.hu\/wp-content\/uploads\/2022\/06\/2023.03.17_esemenyfoto-263x263.png","album-size-width":263,"album-size-height":263,"news-lead-size":"https:\/\/www.filharmonikusok.hu\/wp-content\/uploads\/2022\/06\/2023.03.17_esemenyfoto-360x203.png","news-lead-size-width":360,"news-lead-size-height":203,"director-index-size":"https:\/\/www.filharmonikusok.hu\/wp-content\/uploads\/2022\/06\/2023.03.17_esemenyfoto-359x450.png","director-index-size-width":359,"director-index-size-height":450,"person-lead-size":"https:\/\/www.filharmonikusok.hu\/wp-content\/uploads\/2022\/06\/2023.03.17_esemenyfoto-555x555.png","person-lead-size-width":555,"person-lead-size-height":555,"slider-size":"https:\/\/www.filharmonikusok.hu\/wp-content\/uploads\/2022\/06\/2023.03.17_esemenyfoto-1600x560.png","slider-size-width":1600,"slider-size-height":560}},"kiemelt_kep_en":{"ID":119338,"id":119338,"title":"2023.03.17_esem\u00e9nyfot\u00f3","filename":"2023.03.17_esemenyfoto.png","filesize":185959,"url":"https:\/\/www.filharmonikusok.hu\/wp-content\/uploads\/2022\/06\/2023.03.17_esemenyfoto.png","link":"https:\/\/www.filharmonikusok.hu\/en\/koncertek\/zenei-csemegek\/2023-03-17_esemenyfoto\/","alt":"","author":"951582","description":"","caption":"","name":"2023-03-17_esemenyfoto","status":"inherit","uploaded_to":119334,"date":"2022-06-16 10:09:40","modified":"2022-06-16 10:09:40","menu_order":0,"mime_type":"image\/png","type":"image","subtype":"png","icon":"https:\/\/www.filharmonikusok.hu\/wp-includes\/images\/media\/default.png","width":1920,"height":560,"sizes":{"thumbnail":"https:\/\/www.filharmonikusok.hu\/wp-content\/uploads\/2022\/06\/2023.03.17_esemenyfoto-150x150.png","thumbnail-width":150,"thumbnail-height":150,"medium":"https:\/\/www.filharmonikusok.hu\/wp-content\/uploads\/2022\/06\/2023.03.17_esemenyfoto-300x88.png","medium-width":300,"medium-height":88,"medium_large":"https:\/\/www.filharmonikusok.hu\/wp-content\/uploads\/2022\/06\/2023.03.17_esemenyfoto-768x224.png","medium_large-width":640,"medium_large-height":187,"large":"https:\/\/www.filharmonikusok.hu\/wp-content\/uploads\/2022\/06\/2023.03.17_esemenyfoto-1024x299.png","large-width":640,"large-height":187,"1536x1536":"https:\/\/www.filharmonikusok.hu\/wp-content\/uploads\/2022\/06\/2023.03.17_esemenyfoto-1536x448.png","1536x1536-width":1536,"1536x1536-height":448,"2048x2048":"https:\/\/www.filharmonikusok.hu\/wp-content\/uploads\/2022\/06\/2023.03.17_esemenyfoto.png","2048x2048-width":1920,"2048x2048-height":560,"person-size":"https:\/\/www.filharmonikusok.hu\/wp-content\/uploads\/2022\/06\/2023.03.17_esemenyfoto-165x165.png","person-size-width":165,"person-size-height":165,"person-size-2":"https:\/\/www.filharmonikusok.hu\/wp-content\/uploads\/2022\/06\/2023.03.17_esemenyfoto-165x220.png","person-size-2-width":165,"person-size-2-height":220,"album-size":"https:\/\/www.filharmonikusok.hu\/wp-content\/uploads\/2022\/06\/2023.03.17_esemenyfoto-263x263.png","album-size-width":263,"album-size-height":263,"news-lead-size":"https:\/\/www.filharmonikusok.hu\/wp-content\/uploads\/2022\/06\/2023.03.17_esemenyfoto-360x203.png","news-lead-size-width":360,"news-lead-size-height":203,"director-index-size":"https:\/\/www.filharmonikusok.hu\/wp-content\/uploads\/2022\/06\/2023.03.17_esemenyfoto-359x450.png","director-index-size-width":359,"director-index-size-height":450,"person-lead-size":"https:\/\/www.filharmonikusok.hu\/wp-content\/uploads\/2022\/06\/2023.03.17_esemenyfoto-555x555.png","person-lead-size-width":555,"person-lead-size-height":555,"slider-size":"https:\/\/www.filharmonikusok.hu\/wp-content\/uploads\/2022\/06\/2023.03.17_esemenyfoto-1600x560.png","slider-size-width":1600,"slider-size-height":560}},"megjegyzes":"","esemeny_datum":"20230317","esemeny_idopontja":"7:30 PM","esemeny_vege":"9:25 PM","sajat_program":true,"esemeny_tipusa":["koncertek"],"esemeny_helyszine":{"ID":87584,"post_author":"1","post_date":"2016-09-08 08:02:37","post_date_gmt":"2016-09-08 08:02:37","post_content":"","post_title":"{:hu}Pesti Vigad\u00f3{:}{:en}Pesti Vigad\u00f3 Ceremonial Hall{:}","post_excerpt":"","post_status":"publish","comment_status":"closed","ping_status":"closed","post_password":"","post_name":"pesti-vigado","to_ping":"","pinged":"","post_modified":"2021-10-22 08:33:35","post_modified_gmt":"2021-10-22 08:33:35","post_content_filtered":"","post_parent":0,"guid":"http:\/\/www.filharmonikusok.hu\/places\/pesti-vigado\/","menu_order":0,"post_type":"places","post_mime_type":"","comment_count":"0","filter":"raw","varos":"Budapest","orszag":"Magyarorsz\u00e1g","cim":"1051. Vigad\u00f3 t\u00e9r 2.","megjegyzes":"","weboldal":""},"helyszin_kategoria":"budapest","karmester":{"ID":110005,"post_author":"951590","post_date":"2019-11-05 19:25:49","post_date_gmt":"2019-11-05 19:25:49","post_content":"Sz\u00e1mos hangversenyt vez\u00e9nyelt olyan zenekarok \u00e9l\u00e9n, mint a Szentp\u00e9terv\u00e1ri Mariinszkij Sz\u00ednh\u00e1z Zenekara, a New World Symphony vagy a Buffal\u00f3i Filharmonikusok. Zongorasz\u00f3listak\u00e9nt fell\u00e9pett az Izraeli Filharmonikus Zenekarral. 2018-ban Mozart Don Giovannij\u00e1t vez\u00e9nyelte az Izraeli Oper\u00e1ban.","post_title":"{:hu}Nimrod David Pfeffer{:}{:en}Nimrod David Pfeffer{:}","post_excerpt":"","post_status":"publish","comment_status":"closed","ping_status":"closed","post_password":"","post_name":"nimrod-david-pfeffer","to_ping":"","pinged":"","post_modified":"2019-11-12 22:06:39","post_modified_gmt":"2019-11-12 22:06:39","post_content_filtered":"","post_parent":0,"guid":"http:\/\/www.filharmonikusok.hu\/?post_type=artists&#038;p=110005","menu_order":0,"post_type":"artists","post_mime_type":"","comment_count":"0","filter":"raw"},"karmester_2":false,"hazigazda":null,"muvek":[],"muvek_feluldefinialasa":false,"muvekrol_reszletesen":null,"is_muvekrol_reszletesen_en":false,"kozr_szemelyek":[],"muveszekrol_reszletesen":null,"is_muveszekrol_reszletesen_en":false,"kozr_szemelyek_feluldefinialasa":"","kozr_intezmenyek":[],"gombtipus":"link","jegyarak":"HUF 4 900, HUF 3 900","jegyvasarlas_gomb":"","elkeltek_a_jegyek":false,"youtube_id":"","old_id":"","hivatkozas_gomb_szovege":"BUY TICKET","hivatkozas_gomg_url-je":"https:\/\/nfz.jegy.hu\/program\/zenei-csemegek-lukacs-berlet-2-137038\/844285"},"publishpress_future_workflow_manual_trigger":{"enabledWorkflows":[]},"_links":{"self":[{"href":"https:\/\/www.filharmonikusok.hu\/en\/wp-json\/wp\/v2\/concerts\/119334","targetHints":{"allow":["GET"]}}],"collection":[{"href":"https:\/\/www.filharmonikusok.hu\/en\/wp-json\/wp\/v2\/concerts"}],"about":[{"href":"https:\/\/www.filharmonikusok.hu\/en\/wp-json\/wp\/v2\/types\/concerts"}],"wp:attachment":[{"href":"https:\/\/www.filharmonikusok.hu\/en\/wp-json\/wp\/v2\/media?parent=119334"}],"curies":[{"name":"wp","href":"https:\/\/api.w.org\/{rel}","templated":true}]}}

<p>László Lajtha: Suite No. 3, op. 56<br />
Franz Schubert–Franz Liszt: Wanderer Fantasy<br />
***</p>
<p>Franz Schubert: Rosamunde – excerpts from the incidental music</p>
<p><strong>Peter Klimo</strong> piano</p>
<p><strong>Gertrúd Wittinger</strong> voice</p>
<p><strong>Hungarian National Choir </strong>(choirmaster:<strong> Csaba Somos)</strong><br />
<strong>Hungarian National Philharmonic Orchestra</strong></p>
<p>Conductor:<strong> Nimrod David Pfeffer</strong></p>
<p>Rarities lead 2-1: a look through the selections for the Hungarian National Philharmonic Orchestra’s Lajtha-Schubert might elicit some appreciative nods. Since the <em>Third Suite</em> by Bartók and Kodály’s contemporary László Lajtha is hardly ever performed, it will be exciting to hear it played in its complete form. Liszt’s transcription adding orchestral accompaniment to Schubert’s <em>Wanderer Fantasy</em>, originally written for solo piano and here being performed by a Hungarian-American soloist, is also only rarely encountered. The Israeli guest conductor will then cap off the programme with a better-known treat: excerpts from the <em>Incidental Music to Rosamunde</em>.</p>
<p>László Lajtha was a prominent composer and folk music researcher of the generation that came a decade after Bartók and Kodály, with both folk traditions and French music serving as important influences in his work. Dating from 1952 and with a tone that is appropriately light and entertaining for a celebratory occasion, his <em>Suite No. 3</em> was written for the centenary of the Budapest Philharmonic Orchestra. Schubert composed his <em>Wanderer Fantasy</em> in 1822, incorporating and developing in it the melody from his noted song <em>Der Wanderer</em>. Franz Liszt, discovering the opportunity to create a piano concerto out of the four-movement composition he admired so much, crafted an orchestral transcription of the work in 1851. Schubert wrote his incidental music consisting of atmospheric character movements to the Germany female writer Helmina von Chézy’s play <em>Rosamunde, Princess of Cyprus</em> in 1823, a year after completing the <em>Wanderer Fantasy</em>.</p>
<p><strong>Hungarian-American pianist Peter Klimo was born in Los Angeles in 1990. This will not be his first appearance as a soloist with the Hungarian National Philharmonic, and he took third prize at the Bartók World Competition in Budapest in 2019. </strong></p>
<p><strong>Born in 1984, Nimrod David Pfeffer studied under Alan Gilbert at the Juilliard School. A successful opera and concert conductor, he serves as the music director at the Lyric Opera Company of Guatemala. In 2017, he took third place at the Maestro Solti International Conducting Competition. </strong></p>

Lukács season ticket 2

2023.03.17_eseményfotó

{:hu}Pesti Vigadó{:}{:en}Pesti Vigadó Ceremonial Hall{:}

Magyarország

1051. Vigadó tér 2.

Számos hangversenyt vezényelt olyan zenekarok élén, mint a Szentpétervári Mariinszkij Színház Zenekara, a New World Symphony vagy a Buffalói Filharmonikusok. Zongoraszólistaként fellépett az Izraeli Filharmonikus Zenekarral. 2018-ban Mozart Don Giovanniját vezényelte az Izraeli Operában.
