{"id":119309,"date":"2022-06-17T08:20:13","date_gmt":"2022-06-17T08:20:13","guid":{"rendered":"https:\/\/www.filharmonikusok.hu\/?post_type=concerts&#038;p=119309"},"modified":"2022-12-08T11:32:19","modified_gmt":"2022-12-08T11:32:19","slug":"ovilag-es-ujvilag","status":"publish","type":"concerts","link":"https:\/\/www.filharmonikusok.hu\/en\/koncertek\/ovilag-es-ujvilag\/","title":{"rendered":"OLD WORLD AND NEW WORLD"},"content":{"rendered":"<p>Wojciech Kilar: Orawa (for string orchestra)<br \/>\nFr\u00e9d\u00e9ric Chopin: Piano Concerto No. 2 in F minor, op. 21<br \/>\n***<br \/>\nAnton\u00edn Dvo\u0159\u00e1k: Symphony No. 9 in E minor (\u201cFrom the New World\u201d), op. 95<\/p>\n<p><strong>Ingrid Fliter<\/strong> piano<\/p>\n<p><strong>Hungarian National Philharmonic Orchestra<\/strong><\/p>\n<p>Conductor: <strong>Vassily Sinaisky\u00a0<\/strong><\/p>\n<p>Making up the programme for this concert by the Hungarian National Philharmonic will be Polish and Czech masterpieces, compositions from both the Romantic era and the 20th century: a popular piano concerto accompanied by symphonic works inspired by landscapes, the first by a historic region of Poland and the second by America.<\/p>\n<p>Wojciech Kilar, who died in 2013, was an internationally successful composer of new Polish music who consciously turned to an accessible, traditional style in the second half of his career. His 1986 symphonic poem <em>Orawa<\/em> is a musical landscape poem that commemorates a historic region of Poland that borders Slovakia and has a dramatic past. Although Fr\u00e9d\u00e9ric Chopin\u2019s <em>Piano Concerto in F minor<\/em> is considered by posterity to be his second work in the genre, owing to its misleading catalogue numbering, in reality it was the composer\u2019s first. He wrote the piece in 1829, when he was 19 years old. Anton\u00edn Dvo\u0159\u00e1k\u2019s <em>Ninth Symphony<\/em>, on the other hand, is a mature work, and as it was written in 1893 while he was serving as director of the American National Conservatory in New York between 1892 and 1895, is even thought of as the emblematic product of the last decade of the Czech composer\u2019s career. The work is a thrilling blend of the African-American melodies he encountered in the United States with Slavic colours.<\/p>\n<p>In her early years, Ingrid Fliter included Zolt\u00e1n Kocsis, chief conductor of the Hungarian National Philharmonic Orchestra, as one of her mentors. What makes the Argentinian pianist\u2019s playing so captivating is the combination of her extraordinary personality with brilliant technique.\u00a0 Vassily Sinaisky is one of the foremost Russian conductors in the great tradition of Musin and Kondrashin. He has had a highly distinguished career holding important\u00a0positions with and guest conducting many of the world&#8217;s leading orchestras and opera\u00a0houses.<\/p>\n<p>&nbsp;<\/p>\n","protected":false},"template":"","class_list":["post-119309","concerts","type-concerts","status-publish","hentry"],"translation":{"provider":"WPGlobus","version":"3.0.2","language":"en","enabled_languages":["hu","en"],"languages":{"hu":{"title":true,"content":true,"excerpt":false},"en":{"title":true,"content":true,"excerpt":false}}},"acf":{"alcim":"Kocsis season ticket 1","kiemelt_kep":{"ID":119285,"id":119285,"title":"2022.12.08_esem\u00e9nyfot\u00f32","filename":"2022.12.08_esemenyfoto2.png","filesize":280399,"url":"https:\/\/www.filharmonikusok.hu\/wp-content\/uploads\/2022\/06\/2022.12.08_esemenyfoto2.png","link":"https:\/\/www.filharmonikusok.hu\/en\/koncertek\/evadnyito-hangverseny-2\/2022-12-08_esemenyfoto2\/","alt":"","author":"951582","description":"","caption":"","name":"2022-12-08_esemenyfoto2","status":"inherit","uploaded_to":119274,"date":"2022-06-15 09:39:37","modified":"2022-06-15 09:39:37","menu_order":0,"mime_type":"image\/png","type":"image","subtype":"png","icon":"https:\/\/www.filharmonikusok.hu\/wp-includes\/images\/media\/default.png","width":1920,"height":560,"sizes":{"thumbnail":"https:\/\/www.filharmonikusok.hu\/wp-content\/uploads\/2022\/06\/2022.12.08_esemenyfoto2-150x150.png","thumbnail-width":150,"thumbnail-height":150,"medium":"https:\/\/www.filharmonikusok.hu\/wp-content\/uploads\/2022\/06\/2022.12.08_esemenyfoto2-300x88.png","medium-width":300,"medium-height":88,"medium_large":"https:\/\/www.filharmonikusok.hu\/wp-content\/uploads\/2022\/06\/2022.12.08_esemenyfoto2-768x224.png","medium_large-width":640,"medium_large-height":187,"large":"https:\/\/www.filharmonikusok.hu\/wp-content\/uploads\/2022\/06\/2022.12.08_esemenyfoto2-1024x299.png","large-width":640,"large-height":187,"1536x1536":"https:\/\/www.filharmonikusok.hu\/wp-content\/uploads\/2022\/06\/2022.12.08_esemenyfoto2-1536x448.png","1536x1536-width":1536,"1536x1536-height":448,"2048x2048":"https:\/\/www.filharmonikusok.hu\/wp-content\/uploads\/2022\/06\/2022.12.08_esemenyfoto2.png","2048x2048-width":1920,"2048x2048-height":560,"person-size":"https:\/\/www.filharmonikusok.hu\/wp-content\/uploads\/2022\/06\/2022.12.08_esemenyfoto2-165x165.png","person-size-width":165,"person-size-height":165,"person-size-2":"https:\/\/www.filharmonikusok.hu\/wp-content\/uploads\/2022\/06\/2022.12.08_esemenyfoto2-165x220.png","person-size-2-width":165,"person-size-2-height":220,"album-size":"https:\/\/www.filharmonikusok.hu\/wp-content\/uploads\/2022\/06\/2022.12.08_esemenyfoto2-263x263.png","album-size-width":263,"album-size-height":263,"news-lead-size":"https:\/\/www.filharmonikusok.hu\/wp-content\/uploads\/2022\/06\/2022.12.08_esemenyfoto2-360x203.png","news-lead-size-width":360,"news-lead-size-height":203,"director-index-size":"https:\/\/www.filharmonikusok.hu\/wp-content\/uploads\/2022\/06\/2022.12.08_esemenyfoto2-359x450.png","director-index-size-width":359,"director-index-size-height":450,"person-lead-size":"https:\/\/www.filharmonikusok.hu\/wp-content\/uploads\/2022\/06\/2022.12.08_esemenyfoto2-555x555.png","person-lead-size-width":555,"person-lead-size-height":555,"slider-size":"https:\/\/www.filharmonikusok.hu\/wp-content\/uploads\/2022\/06\/2022.12.08_esemenyfoto2-1600x560.png","slider-size-width":1600,"slider-size-height":560}},"kiemelt_kep_en":{"ID":119285,"id":119285,"title":"2022.12.08_esem\u00e9nyfot\u00f32","filename":"2022.12.08_esemenyfoto2.png","filesize":280399,"url":"https:\/\/www.filharmonikusok.hu\/wp-content\/uploads\/2022\/06\/2022.12.08_esemenyfoto2.png","link":"https:\/\/www.filharmonikusok.hu\/en\/koncertek\/evadnyito-hangverseny-2\/2022-12-08_esemenyfoto2\/","alt":"","author":"951582","description":"","caption":"","name":"2022-12-08_esemenyfoto2","status":"inherit","uploaded_to":119274,"date":"2022-06-15 09:39:37","modified":"2022-06-15 09:39:37","menu_order":0,"mime_type":"image\/png","type":"image","subtype":"png","icon":"https:\/\/www.filharmonikusok.hu\/wp-includes\/images\/media\/default.png","width":1920,"height":560,"sizes":{"thumbnail":"https:\/\/www.filharmonikusok.hu\/wp-content\/uploads\/2022\/06\/2022.12.08_esemenyfoto2-150x150.png","thumbnail-width":150,"thumbnail-height":150,"medium":"https:\/\/www.filharmonikusok.hu\/wp-content\/uploads\/2022\/06\/2022.12.08_esemenyfoto2-300x88.png","medium-width":300,"medium-height":88,"medium_large":"https:\/\/www.filharmonikusok.hu\/wp-content\/uploads\/2022\/06\/2022.12.08_esemenyfoto2-768x224.png","medium_large-width":640,"medium_large-height":187,"large":"https:\/\/www.filharmonikusok.hu\/wp-content\/uploads\/2022\/06\/2022.12.08_esemenyfoto2-1024x299.png","large-width":640,"large-height":187,"1536x1536":"https:\/\/www.filharmonikusok.hu\/wp-content\/uploads\/2022\/06\/2022.12.08_esemenyfoto2-1536x448.png","1536x1536-width":1536,"1536x1536-height":448,"2048x2048":"https:\/\/www.filharmonikusok.hu\/wp-content\/uploads\/2022\/06\/2022.12.08_esemenyfoto2.png","2048x2048-width":1920,"2048x2048-height":560,"person-size":"https:\/\/www.filharmonikusok.hu\/wp-content\/uploads\/2022\/06\/2022.12.08_esemenyfoto2-165x165.png","person-size-width":165,"person-size-height":165,"person-size-2":"https:\/\/www.filharmonikusok.hu\/wp-content\/uploads\/2022\/06\/2022.12.08_esemenyfoto2-165x220.png","person-size-2-width":165,"person-size-2-height":220,"album-size":"https:\/\/www.filharmonikusok.hu\/wp-content\/uploads\/2022\/06\/2022.12.08_esemenyfoto2-263x263.png","album-size-width":263,"album-size-height":263,"news-lead-size":"https:\/\/www.filharmonikusok.hu\/wp-content\/uploads\/2022\/06\/2022.12.08_esemenyfoto2-360x203.png","news-lead-size-width":360,"news-lead-size-height":203,"director-index-size":"https:\/\/www.filharmonikusok.hu\/wp-content\/uploads\/2022\/06\/2022.12.08_esemenyfoto2-359x450.png","director-index-size-width":359,"director-index-size-height":450,"person-lead-size":"https:\/\/www.filharmonikusok.hu\/wp-content\/uploads\/2022\/06\/2022.12.08_esemenyfoto2-555x555.png","person-lead-size-width":555,"person-lead-size-height":555,"slider-size":"https:\/\/www.filharmonikusok.hu\/wp-content\/uploads\/2022\/06\/2022.12.08_esemenyfoto2-1600x560.png","slider-size-width":1600,"slider-size-height":560}},"megjegyzes":"","esemeny_datum":"20221208","esemeny_idopontja":"7:30 PM","esemeny_vege":"9:40 PM ","sajat_program":true,"esemeny_tipusa":["koncertek"],"esemeny_helyszine":{"ID":87689,"post_author":"1","post_date":"2016-09-08 08:02:38","post_date_gmt":"2016-09-08 08:02:38","post_content":"","post_title":"{:hu}M\u00fcpa - Bart\u00f3k B\u00e9la Nemzeti Hangversenyterem{:}{:en}M\u00fcpa - B\u00e9la Bart\u00f3k National Concert Hall{:}","post_excerpt":"","post_status":"publish","comment_status":"closed","ping_status":"closed","post_password":"","post_name":"mupa-bartok-bela-nemzeti-hangversenyterem","to_ping":"","pinged":"","post_modified":"2016-09-08 08:02:38","post_modified_gmt":"2016-09-08 08:02:38","post_content_filtered":"","post_parent":0,"guid":"http:\/\/www.filharmonikusok.hu\/places\/mupa-bartok-bela-nemzeti-hangversenyterem\/","menu_order":0,"post_type":"places","post_mime_type":"","comment_count":"0","filter":"raw","varos":"{:hu}Budapest{:}{:en}Budapest{:}","orszag":"{:hu}Magyarorsz\u00e1g{:}{:en}Magyarorsz\u00e1g{:}","cim":"<p>1095 Budapest, Komor Marcell u. 1.<\/p>","megjegyzes":"","weboldal":"http:\/\/www.muveszetekpalotaja.hu"},"helyszin_kategoria":"budapest","karmester":{"ID":100226,"post_author":"3","post_date":"2017-01-12 08:24:02","post_date_gmt":"2017-01-12 08:24:02","post_content":"{:hu}Vassily Sinaisky els\u0151sorban az orosz, n\u00e9met \u00e9s angol reperto\u00e1r interpret\u00e1ci\u00f3ir\u00f3l ismert. Ezenk\u00edv\u00fcl kiv\u00e1l\u00f3 opera h\u00e1tteret is tudhat mag\u00e1\u00e9nak. 3 \u00e9ven \u00e1t volt a Moszkvai Nagysz\u00ednh\u00e1z vezet\u0151 karmestere \u00e9s zeneigazgat\u00f3ja.\r\n\r\nNemzetk\u00f6zi karrierje akkor kezd\u0151d\u00f6tt, amikor arany\u00e9rmet nyert a Karajan Versenyen Berlinben. Kezdetekben Kirill Kondrashinnal dolgozott egy\u00fctt a Mosztkvai Filharmonikusokn\u00e1l \u00e9s Ilya Musinnal a Leningrad Conservatorie-n\u00e1l, ami egyed\u00fcl\u00e1ll\u00f3 alapokat biztos\u00edtott sz\u00e1m\u00e1ra. A Karajan Verseny ut\u00e1n kinevezt\u00e9k a Litv\u00e1n Nemzeti Szimfonikus Zenekar vezet\u0151 karmester\u00e9v\u00e9, majd a Moszkvai Filharmonikusok\u00a0 vezet\u0151 karmestere \u00e9s zeneigazgat\u00f3ja lett.\r\n\r\nSinaisky j\u00f3l ismert zenekarokkal dolgozik egy\u00fctt rendszeresen, \u00e9s sok elismert opera produkci\u00f3t vez\u00e9nyelt Moszkv\u00e1ban, B\u00e9csben, San Franciscoban, Berlinben \u00e9s Budapesten. Lemezeket k\u00e9sz\u00edtett t\u00f6bbek k\u00f6z\u00f6tt a BBC Filharmonikusokkal \u00e9s a Malm\u00f6i Szimfonikus Zenekarral. A legutols\u00f3 lemez\u00e9n Csajkovszkij \u00e9s Grieg zongoraverseny\u00e9t Denis Kozhukhin \u00e9s a Rundfunk-Sinfonieorchester Berlin j\u00e1tssza Sinaisky vez\u00e9nylet\u00e9vel.\r\n\r\nNeves \u00e9s befoly\u00e1sos tan\u00e1r, jelenleg a Szentp\u00e9terv\u00e1ri Konzervat\u00f3rium karmester professzora.{:}{:en}Vassily Sinaisky is known for his interpretations of Russain, German and English repertoir. Also he has a distinguished pedigree as an operatic conductor, he was the Chief Conductor and Music Director of the Bolshoi Theatre, Moscow between 2010-2013.\r\n\r\nVassily Sinaiskys international career was launched when he won the Gold Medal at the prestigious Karajan Competition in Berlin. His early work with Kirill Kondrashin at the Moscow Philharmonic and with Ilya Musin at Leningrad Conservatoire provided him with an incomparable grounding. After his success\u00a0 at the Karajan Competition he was appointed Chief Conductor of the Latvian National Symphony Orchetra, then he became the Music Director and Principal Conductor of the Moscow Philhamonic.\r\n\r\nSinaisky hold the positions of Conductor Emeritus of the BBC Philharmonic, and he had memorable projects with this orchestra.\r\n\r\nSinaisky works with numerous well-known orchestras, and conducted many\u00a0 acclaimed opera productions in Moscow, Wien, San Francisco, Berlin, Budapest.\r\n\r\nHe has recordings with BBC Philharmonic, Malm\u00f6 Symphonc Orchestra, the latest with Rundfunk-Sinfonieorchester Berlin and Denis Kozhukhin.\r\n\r\nHe is also notable teacher, he holds the position of Professor of Conducting at the St Petersburg Conservatoire.{:}","post_title":"{:hu}Vassily Sinaisky{:}{:en}Vassily Sinaisky{:}","post_excerpt":"","post_status":"publish","comment_status":"closed","ping_status":"closed","post_password":"","post_name":"vassily-sinaisky","to_ping":"","pinged":"","post_modified":"2017-02-20 09:02:08","post_modified_gmt":"2017-02-20 09:02:08","post_content_filtered":"","post_parent":0,"guid":"http:\/\/www.filharmonikusok.hu\/?post_type=artists&#038;p=100226","menu_order":0,"post_type":"artists","post_mime_type":"","comment_count":"0","filter":"raw"},"karmester_2":false,"hazigazda":null,"muvek":[],"muvek_feluldefinialasa":false,"muvekrol_reszletesen":null,"is_muvekrol_reszletesen_en":false,"kozr_szemelyek":[],"muveszekrol_reszletesen":null,"is_muveszekrol_reszletesen_en":false,"kozr_szemelyek_feluldefinialasa":"","kozr_intezmenyek":[],"gombtipus":"link","jegyarak":"HUF 6,900, HUF 5,900, HUF 4,900, HUF 3,900, HUF 2,900","jegyvasarlas_gomb":"","elkeltek_a_jegyek":false,"youtube_id":"","old_id":"","hivatkozas_gomb_szovege":"BUY TICKET","hivatkozas_gomg_url-je":"https:\/\/nfz.jegy.hu\/program\/ovilag-es-ujvilag-kocsis-berlet-1-136785\/844263"},"publishpress_future_workflow_manual_trigger":{"enabledWorkflows":[]},"_links":{"self":[{"href":"https:\/\/www.filharmonikusok.hu\/en\/wp-json\/wp\/v2\/concerts\/119309","targetHints":{"allow":["GET"]}}],"collection":[{"href":"https:\/\/www.filharmonikusok.hu\/en\/wp-json\/wp\/v2\/concerts"}],"about":[{"href":"https:\/\/www.filharmonikusok.hu\/en\/wp-json\/wp\/v2\/types\/concerts"}],"wp:attachment":[{"href":"https:\/\/www.filharmonikusok.hu\/en\/wp-json\/wp\/v2\/media?parent=119309"}],"curies":[{"name":"wp","href":"https:\/\/api.w.org\/{rel}","templated":true}]}}

<p>Wojciech Kilar: Orawa (for string orchestra)<br />
Frédéric Chopin: Piano Concerto No. 2 in F minor, op. 21<br />
***<br />
Antonín Dvořák: Symphony No. 9 in E minor (“From the New World”), op. 95</p>
<p><strong>Ingrid Fliter</strong> piano</p>
<p><strong>Hungarian National Philharmonic Orchestra</strong></p>
<p>Conductor: <strong>Vassily Sinaisky </strong></p>
<p>Making up the programme for this concert by the Hungarian National Philharmonic will be Polish and Czech masterpieces, compositions from both the Romantic era and the 20th century: a popular piano concerto accompanied by symphonic works inspired by landscapes, the first by a historic region of Poland and the second by America.</p>
<p>Wojciech Kilar, who died in 2013, was an internationally successful composer of new Polish music who consciously turned to an accessible, traditional style in the second half of his career. His 1986 symphonic poem <em>Orawa</em> is a musical landscape poem that commemorates a historic region of Poland that borders Slovakia and has a dramatic past. Although Frédéric Chopin’s <em>Piano Concerto in F minor</em> is considered by posterity to be his second work in the genre, owing to its misleading catalogue numbering, in reality it was the composer’s first. He wrote the piece in 1829, when he was 19 years old. Antonín Dvořák’s <em>Ninth Symphony</em>, on the other hand, is a mature work, and as it was written in 1893 while he was serving as director of the American National Conservatory in New York between 1892 and 1895, is even thought of as the emblematic product of the last decade of the Czech composer’s career. The work is a thrilling blend of the African-American melodies he encountered in the United States with Slavic colours.</p>
<p>In her early years, Ingrid Fliter included Zoltán Kocsis, chief conductor of the Hungarian National Philharmonic Orchestra, as one of her mentors. What makes the Argentinian pianist’s playing so captivating is the combination of her extraordinary personality with brilliant technique.  Vassily Sinaisky is one of the foremost Russian conductors in the great tradition of Musin and Kondrashin. He has had a highly distinguished career holding important positions with and guest conducting many of the world&#8217;s leading orchestras and opera houses.</p>
<p>&nbsp;</p>

2022.12.08_eseményfotó2

{:hu}Müpa - Bartók Béla Nemzeti Hangversenyterem{:}{:en}Müpa - Béla Bartók National Concert Hall{:}

{:hu}Magyarország{:}{:en}Magyarország{:}

{:hu}Vassily Sinaisky elsősorban az orosz, német és angol repertoár interpretációiról ismert. Ezenkívül kiváló opera hátteret is tudhat magáénak. 3 éven át volt a Moszkvai Nagyszínház vezető karmestere és zeneigazgatója.

Nemzetközi karrierje akkor kezdődött, amikor aranyérmet nyert a Karajan Versenyen Berlinben. Kezdetekben Kirill Kondrashinnal dolgozott együtt a Mosztkvai Filharmonikusoknál és Ilya Musinnal a Leningrad Conservatorie-nál, ami egyedülálló alapokat biztosított számára. A Karajan Verseny után kinevezték a Litván Nemzeti Szimfonikus Zenekar vezető karmesterévé, majd a Moszkvai Filharmonikusok  vezető karmestere és zeneigazgatója lett.

Sinaisky jól ismert zenekarokkal dolgozik együtt rendszeresen, és sok elismert opera produkciót vezényelt Moszkvában, Bécsben, San Franciscoban, Berlinben és Budapesten. Lemezeket készített többek között a BBC Filharmonikusokkal és a Malmöi Szimfonikus Zenekarral. A legutolsó lemezén Csajkovszkij és Grieg zongoraversenyét Denis Kozhukhin és a Rundfunk-Sinfonieorchester Berlin játssza Sinaisky vezényletével.

Neves és befolyásos tanár, jelenleg a Szentpétervári Konzervatórium karmester professzora.{:}{:en}Vassily Sinaisky is known for his interpretations of Russain, German and English repertoir. Also he has a distinguished pedigree as an operatic conductor, he was the Chief Conductor and Music Director of the Bolshoi Theatre, Moscow between 2010-2013.

Vassily Sinaiskys international career was launched when he won the Gold Medal at the prestigious Karajan Competition in Berlin. His early work with Kirill Kondrashin at the Moscow Philharmonic and with Ilya Musin at Leningrad Conservatoire provided him with an incomparable grounding. After his success  at the Karajan Competition he was appointed Chief Conductor of the Latvian National Symphony Orchetra, then he became the Music Director and Principal Conductor of the Moscow Philhamonic.

Sinaisky hold the positions of Conductor Emeritus of the BBC Philharmonic, and he had memorable projects with this orchestra.

Sinaisky works with numerous well-known orchestras, and conducted many  acclaimed opera productions in Moscow, Wien, San Francisco, Berlin, Budapest.

He has recordings with BBC Philharmonic, Malmö Symphonc Orchestra, the latest with Rundfunk-Sinfonieorchester Berlin and Denis Kozhukhin.

He is also notable teacher, he holds the position of Professor of Conducting at the St Petersburg Conservatoire.{:}
