{"id":119304,"date":"2022-06-17T08:14:27","date_gmt":"2022-06-17T08:14:27","guid":{"rendered":"https:\/\/www.filharmonikusok.hu\/?post_type=concerts&#038;p=119304"},"modified":"2022-11-02T13:27:49","modified_gmt":"2022-11-02T13:27:49","slug":"az-eden-es-a-peri","status":"publish","type":"concerts","link":"https:\/\/www.filharmonikusok.hu\/en\/koncertek\/az-eden-es-a-peri\/","title":{"rendered":"PARADISE AND THE PERI"},"content":{"rendered":"<p>Robert Schumann: Paradise and the Peri, op. 50<\/p>\n<p><strong>Kl\u00e1ra Kolonits <\/strong>soprano<br \/>\n<strong>\u00c1gnes Szalai<\/strong> soprano<br \/>\n<strong>Dorottya L\u00e1ng <\/strong>alto<strong><br \/>\nSzabolcs Brickner <\/strong>tenor<br \/>\n<strong>Istv\u00e1n Kov\u00e1cs <\/strong>bass<\/p>\n<p><strong>Hungarian National Choir <\/strong>(choirmaster:<strong> Csaba Somos<\/strong>)<br \/>\n<strong>Hungarian National Philharmonic Orchestra <\/strong><\/p>\n<p>Conductor: <strong>Attilio Tomasello<\/strong><\/p>\n<p><em>\u201cI finished <\/em>Paradise and the Peri<em> last Friday, my greatest work, and I hope also my best,\u201d wrote Schumann to a friend in 1843. \u201cI think of heaven with a heart full of gratitude, which gave me strength and kept me alert as I worked. <\/em>[\u2026]<em> I must have told you about it, but if I haven\u2019t, try to obtain it: it was practically made for music. The whole idea is so poetic, so pure, that it filled me entirely with enthusiasm.\u201d<\/em> This will be a chance for the audience of the Hungarian National Choir and the Hungarian National Philharmonic Orchestra to hear this rarely performed work, conducted by an excellent Italian conductor and sung by leading Hungarian soloists.<\/p>\n<p>Schumann\u2019s work is a unique oddity of the music literature. Even its genre is unusual: as an idyll-oratorio, it is practically the sole successor to Haydn\u2019s masterpiece <em>The Seasons<\/em>. It is a secular composition with an overall tone that is lyrical in nature, and with a seemingly mundane subject: the search for happiness.<\/p>\n<p>The story is based on one of the poems from Thomas Moore\u2019s 1817 collection of fairy tales, <em>Lalla Rookh<\/em>, in a form similar to the storytelling of <em>The Arabian Nights<\/em>. The peri, an expelled and repentant angel, waits before the gates of heaven in the hope of forgiveness. The condition for readmittance? The peri must bring the gift that is dearest to heaven. Neither the last drop of blood from a soldier fighting for his homeland nor the final breath of a woman in love are sufficient, but redemption is finally earned with tears of sincere repentence.<\/p>\n<p>Drawn to the exotic, Schumann did not choose the path of plot action to develop the story. The composer was a master at depicting psychological states, and the work recalls his songs, symphonies, choral works and even string chamber music, with the dense, yet translucent texture that is so uniquely characteristic of the artists of the Romantic period. Increasing the significance of this concert is the fact that this will be the first time in the Hungarian National Choir\u2019s history that it interprets Schumann\u2019s oratorio.<\/p>\n","protected":false},"template":"","class_list":["post-119304","concerts","type-concerts","status-publish","hentry"],"translation":{"provider":"WPGlobus","version":"3.0.2","language":"en","enabled_languages":["hu","en"],"languages":{"hu":{"title":true,"content":true,"excerpt":false},"en":{"title":true,"content":true,"excerpt":false}}},"acf":{"alcim":"P\u00e1szti season ticket 2","kiemelt_kep":{"ID":119282,"id":119282,"title":"2022.11.23_esem\u00e9nyfot\u00f32","filename":"2022.11.23_esemenyfoto2.png","filesize":357309,"url":"https:\/\/www.filharmonikusok.hu\/wp-content\/uploads\/2022\/06\/2022.11.23_esemenyfoto2.png","link":"https:\/\/www.filharmonikusok.hu\/en\/koncertek\/evadnyito-hangverseny-2\/2022-11-23_esemenyfoto2\/","alt":"","author":"951582","description":"","caption":"","name":"2022-11-23_esemenyfoto2","status":"inherit","uploaded_to":119274,"date":"2022-06-15 09:38:54","modified":"2022-06-15 09:38:54","menu_order":0,"mime_type":"image\/png","type":"image","subtype":"png","icon":"https:\/\/www.filharmonikusok.hu\/wp-includes\/images\/media\/default.png","width":1920,"height":560,"sizes":{"thumbnail":"https:\/\/www.filharmonikusok.hu\/wp-content\/uploads\/2022\/06\/2022.11.23_esemenyfoto2-150x150.png","thumbnail-width":150,"thumbnail-height":150,"medium":"https:\/\/www.filharmonikusok.hu\/wp-content\/uploads\/2022\/06\/2022.11.23_esemenyfoto2-300x88.png","medium-width":300,"medium-height":88,"medium_large":"https:\/\/www.filharmonikusok.hu\/wp-content\/uploads\/2022\/06\/2022.11.23_esemenyfoto2-768x224.png","medium_large-width":640,"medium_large-height":187,"large":"https:\/\/www.filharmonikusok.hu\/wp-content\/uploads\/2022\/06\/2022.11.23_esemenyfoto2-1024x299.png","large-width":640,"large-height":187,"1536x1536":"https:\/\/www.filharmonikusok.hu\/wp-content\/uploads\/2022\/06\/2022.11.23_esemenyfoto2-1536x448.png","1536x1536-width":1536,"1536x1536-height":448,"2048x2048":"https:\/\/www.filharmonikusok.hu\/wp-content\/uploads\/2022\/06\/2022.11.23_esemenyfoto2.png","2048x2048-width":1920,"2048x2048-height":560,"person-size":"https:\/\/www.filharmonikusok.hu\/wp-content\/uploads\/2022\/06\/2022.11.23_esemenyfoto2-165x165.png","person-size-width":165,"person-size-height":165,"person-size-2":"https:\/\/www.filharmonikusok.hu\/wp-content\/uploads\/2022\/06\/2022.11.23_esemenyfoto2-165x220.png","person-size-2-width":165,"person-size-2-height":220,"album-size":"https:\/\/www.filharmonikusok.hu\/wp-content\/uploads\/2022\/06\/2022.11.23_esemenyfoto2-263x263.png","album-size-width":263,"album-size-height":263,"news-lead-size":"https:\/\/www.filharmonikusok.hu\/wp-content\/uploads\/2022\/06\/2022.11.23_esemenyfoto2-360x203.png","news-lead-size-width":360,"news-lead-size-height":203,"director-index-size":"https:\/\/www.filharmonikusok.hu\/wp-content\/uploads\/2022\/06\/2022.11.23_esemenyfoto2-359x450.png","director-index-size-width":359,"director-index-size-height":450,"person-lead-size":"https:\/\/www.filharmonikusok.hu\/wp-content\/uploads\/2022\/06\/2022.11.23_esemenyfoto2-555x555.png","person-lead-size-width":555,"person-lead-size-height":555,"slider-size":"https:\/\/www.filharmonikusok.hu\/wp-content\/uploads\/2022\/06\/2022.11.23_esemenyfoto2-1600x560.png","slider-size-width":1600,"slider-size-height":560}},"kiemelt_kep_en":{"ID":119282,"id":119282,"title":"2022.11.23_esem\u00e9nyfot\u00f32","filename":"2022.11.23_esemenyfoto2.png","filesize":357309,"url":"https:\/\/www.filharmonikusok.hu\/wp-content\/uploads\/2022\/06\/2022.11.23_esemenyfoto2.png","link":"https:\/\/www.filharmonikusok.hu\/en\/koncertek\/evadnyito-hangverseny-2\/2022-11-23_esemenyfoto2\/","alt":"","author":"951582","description":"","caption":"","name":"2022-11-23_esemenyfoto2","status":"inherit","uploaded_to":119274,"date":"2022-06-15 09:38:54","modified":"2022-06-15 09:38:54","menu_order":0,"mime_type":"image\/png","type":"image","subtype":"png","icon":"https:\/\/www.filharmonikusok.hu\/wp-includes\/images\/media\/default.png","width":1920,"height":560,"sizes":{"thumbnail":"https:\/\/www.filharmonikusok.hu\/wp-content\/uploads\/2022\/06\/2022.11.23_esemenyfoto2-150x150.png","thumbnail-width":150,"thumbnail-height":150,"medium":"https:\/\/www.filharmonikusok.hu\/wp-content\/uploads\/2022\/06\/2022.11.23_esemenyfoto2-300x88.png","medium-width":300,"medium-height":88,"medium_large":"https:\/\/www.filharmonikusok.hu\/wp-content\/uploads\/2022\/06\/2022.11.23_esemenyfoto2-768x224.png","medium_large-width":640,"medium_large-height":187,"large":"https:\/\/www.filharmonikusok.hu\/wp-content\/uploads\/2022\/06\/2022.11.23_esemenyfoto2-1024x299.png","large-width":640,"large-height":187,"1536x1536":"https:\/\/www.filharmonikusok.hu\/wp-content\/uploads\/2022\/06\/2022.11.23_esemenyfoto2-1536x448.png","1536x1536-width":1536,"1536x1536-height":448,"2048x2048":"https:\/\/www.filharmonikusok.hu\/wp-content\/uploads\/2022\/06\/2022.11.23_esemenyfoto2.png","2048x2048-width":1920,"2048x2048-height":560,"person-size":"https:\/\/www.filharmonikusok.hu\/wp-content\/uploads\/2022\/06\/2022.11.23_esemenyfoto2-165x165.png","person-size-width":165,"person-size-height":165,"person-size-2":"https:\/\/www.filharmonikusok.hu\/wp-content\/uploads\/2022\/06\/2022.11.23_esemenyfoto2-165x220.png","person-size-2-width":165,"person-size-2-height":220,"album-size":"https:\/\/www.filharmonikusok.hu\/wp-content\/uploads\/2022\/06\/2022.11.23_esemenyfoto2-263x263.png","album-size-width":263,"album-size-height":263,"news-lead-size":"https:\/\/www.filharmonikusok.hu\/wp-content\/uploads\/2022\/06\/2022.11.23_esemenyfoto2-360x203.png","news-lead-size-width":360,"news-lead-size-height":203,"director-index-size":"https:\/\/www.filharmonikusok.hu\/wp-content\/uploads\/2022\/06\/2022.11.23_esemenyfoto2-359x450.png","director-index-size-width":359,"director-index-size-height":450,"person-lead-size":"https:\/\/www.filharmonikusok.hu\/wp-content\/uploads\/2022\/06\/2022.11.23_esemenyfoto2-555x555.png","person-lead-size-width":555,"person-lead-size-height":555,"slider-size":"https:\/\/www.filharmonikusok.hu\/wp-content\/uploads\/2022\/06\/2022.11.23_esemenyfoto2-1600x560.png","slider-size-width":1600,"slider-size-height":560}},"megjegyzes":"","esemeny_datum":"20221123","esemeny_idopontja":"7:30 PM ","esemeny_vege":"9:10 PM ","sajat_program":true,"esemeny_tipusa":["koncertek"],"esemeny_helyszine":{"ID":87584,"post_author":"1","post_date":"2016-09-08 08:02:37","post_date_gmt":"2016-09-08 08:02:37","post_content":"","post_title":"{:hu}Pesti Vigad\u00f3{:}{:en}Pesti Vigad\u00f3 Ceremonial Hall{:}","post_excerpt":"","post_status":"publish","comment_status":"closed","ping_status":"closed","post_password":"","post_name":"pesti-vigado","to_ping":"","pinged":"","post_modified":"2021-10-22 08:33:35","post_modified_gmt":"2021-10-22 08:33:35","post_content_filtered":"","post_parent":0,"guid":"http:\/\/www.filharmonikusok.hu\/places\/pesti-vigado\/","menu_order":0,"post_type":"places","post_mime_type":"","comment_count":"0","filter":"raw","varos":"Budapest","orszag":"Magyarorsz\u00e1g","cim":"1051. Vigad\u00f3 t\u00e9r 2.","megjegyzes":"","weboldal":""},"helyszin_kategoria":"budapest","karmester":{"ID":113757,"post_author":"951582","post_date":"2020-04-22 10:36:39","post_date_gmt":"2020-04-22 10:36:39","post_content":"","post_title":"{:hu}Attilio Tomasello{:}{:en}Attilio Tomasello{:}","post_excerpt":"","post_status":"publish","comment_status":"closed","ping_status":"closed","post_password":"","post_name":"attilio-tomasello","to_ping":"","pinged":"","post_modified":"2020-10-01 14:31:11","post_modified_gmt":"2020-10-01 14:31:11","post_content_filtered":"","post_parent":0,"guid":"https:\/\/www.filharmonikusok.hu\/?post_type=artists&#038;p=113757","menu_order":0,"post_type":"artists","post_mime_type":"","comment_count":"0","filter":"raw"},"karmester_2":false,"hazigazda":null,"muvek":[],"muvek_feluldefinialasa":false,"muvekrol_reszletesen":null,"is_muvekrol_reszletesen_en":false,"kozr_szemelyek":[],"muveszekrol_reszletesen":null,"is_muveszekrol_reszletesen_en":false,"kozr_szemelyek_feluldefinialasa":"","kozr_intezmenyek":[],"gombtipus":"link","jegyarak":"HUF 4,900, HUF 3,900","jegyvasarlas_gomb":"","elkeltek_a_jegyek":false,"youtube_id":"","old_id":"","hivatkozas_gomb_szovege":"BUY TICKET","hivatkozas_gomg_url-je":"https:\/\/nfz.jegy.hu\/program\/az-eden-es-a-peri-paszti-berlet-2-136780\/844259"},"publishpress_future_workflow_manual_trigger":{"enabledWorkflows":[]},"_links":{"self":[{"href":"https:\/\/www.filharmonikusok.hu\/en\/wp-json\/wp\/v2\/concerts\/119304","targetHints":{"allow":["GET"]}}],"collection":[{"href":"https:\/\/www.filharmonikusok.hu\/en\/wp-json\/wp\/v2\/concerts"}],"about":[{"href":"https:\/\/www.filharmonikusok.hu\/en\/wp-json\/wp\/v2\/types\/concerts"}],"wp:attachment":[{"href":"https:\/\/www.filharmonikusok.hu\/en\/wp-json\/wp\/v2\/media?parent=119304"}],"curies":[{"name":"wp","href":"https:\/\/api.w.org\/{rel}","templated":true}]}}

<p>Robert Schumann: Paradise and the Peri, op. 50</p>
<p><strong>Klára Kolonits </strong>soprano<br />
<strong>Ágnes Szalai</strong> soprano<br />
<strong>Dorottya Láng </strong>alto<strong><br />
Szabolcs Brickner </strong>tenor<br />
<strong>István Kovács </strong>bass</p>
<p><strong>Hungarian National Choir </strong>(choirmaster:<strong> Csaba Somos</strong>)<br />
<strong>Hungarian National Philharmonic Orchestra </strong></p>
<p>Conductor: <strong>Attilio Tomasello</strong></p>
<p><em>“I finished </em>Paradise and the Peri<em> last Friday, my greatest work, and I hope also my best,” wrote Schumann to a friend in 1843. “I think of heaven with a heart full of gratitude, which gave me strength and kept me alert as I worked. </em>[…]<em> I must have told you about it, but if I haven’t, try to obtain it: it was practically made for music. The whole idea is so poetic, so pure, that it filled me entirely with enthusiasm.”</em> This will be a chance for the audience of the Hungarian National Choir and the Hungarian National Philharmonic Orchestra to hear this rarely performed work, conducted by an excellent Italian conductor and sung by leading Hungarian soloists.</p>
<p>Schumann’s work is a unique oddity of the music literature. Even its genre is unusual: as an idyll-oratorio, it is practically the sole successor to Haydn’s masterpiece <em>The Seasons</em>. It is a secular composition with an overall tone that is lyrical in nature, and with a seemingly mundane subject: the search for happiness.</p>
<p>The story is based on one of the poems from Thomas Moore’s 1817 collection of fairy tales, <em>Lalla Rookh</em>, in a form similar to the storytelling of <em>The Arabian Nights</em>. The peri, an expelled and repentant angel, waits before the gates of heaven in the hope of forgiveness. The condition for readmittance? The peri must bring the gift that is dearest to heaven. Neither the last drop of blood from a soldier fighting for his homeland nor the final breath of a woman in love are sufficient, but redemption is finally earned with tears of sincere repentence.</p>
<p>Drawn to the exotic, Schumann did not choose the path of plot action to develop the story. The composer was a master at depicting psychological states, and the work recalls his songs, symphonies, choral works and even string chamber music, with the dense, yet translucent texture that is so uniquely characteristic of the artists of the Romantic period. Increasing the significance of this concert is the fact that this will be the first time in the Hungarian National Choir’s history that it interprets Schumann’s oratorio.</p>

Pászti season ticket 2

2022.11.23_eseményfotó2

{:hu}Pesti Vigadó{:}{:en}Pesti Vigadó Ceremonial Hall{:}

Magyarország

1051. Vigadó tér 2.
