{"id":117960,"date":"2021-07-30T14:58:59","date_gmt":"2021-07-30T14:58:59","guid":{"rendered":"https:\/\/www.filharmonikusok.hu\/?post_type=concerts&#038;p=117960"},"modified":"2021-07-30T14:58:59","modified_gmt":"2021-07-30T14:58:59","slug":"mozart-requiem-in-memoriam-torocsik-mari","status":"publish","type":"concerts","link":"https:\/\/www.filharmonikusok.hu\/en\/koncertek\/mozart-requiem-in-memoriam-torocsik-mari\/","title":{"rendered":"Mozart: Requiem &#8211; In Memoriam T\u00f6r\u0151csik Mari"},"content":{"rendered":"<h4>Mozart: Requiem (K.626)<\/h4>\n<p>Featuring:<\/p>\n<p><strong>Barbara Bord\u00e1s<\/strong> \u2013 soprano<br \/>\n<strong>Judit Anna Kiss<\/strong> \u2013 alto<br \/>\n<strong>Roland T\u00f6t\u00f6s<\/strong>\u00a0\u2013 tenor<br \/>\n<strong>Andr\u00e1s Kiss<\/strong> \u2013 bass<\/p>\n<p><strong>Hungarian National Choir<\/strong>\u00a0(Choir master: Csaba Somos)<br \/>\n<strong>Pannon Philharmonic Orchestra<\/strong><\/p>\n<p>Conductor: <strong>Diny\u00e9s D\u00e1niel<\/strong><\/p>\n","protected":false},"template":"","class_list":["post-117960","concerts","type-concerts","status-publish","hentry"],"translation":{"provider":"WPGlobus","version":"3.0.2","language":"en","enabled_languages":["hu","en"],"languages":{"hu":{"title":true,"content":true,"excerpt":false},"en":{"title":true,"content":true,"excerpt":false}}},"acf":{"alcim":"A Filharm\u00f3nia Magyarorsz\u00e1g szervez\u00e9s\u00e9ben","kiemelt_kep":{"ID":117961,"id":117961,"title":"K\u00e9perny\u0151felv\u00e9tel (621)","filename":"Kepernyofelvetel-621.png","filesize":464602,"url":"https:\/\/www.filharmonikusok.hu\/wp-content\/uploads\/2021\/07\/Kepernyofelvetel-621.png","link":"https:\/\/www.filharmonikusok.hu\/en\/koncertek\/mozart-requiem-in-memoriam-torocsik-mari\/kepernyofelvetel-621\/","alt":"","author":"951582","description":"","caption":"","name":"kepernyofelvetel-621","status":"inherit","uploaded_to":117960,"date":"2021-07-30 14:54:30","modified":"2021-07-30 14:54:30","menu_order":0,"mime_type":"image\/png","type":"image","subtype":"png","icon":"https:\/\/www.filharmonikusok.hu\/wp-includes\/images\/media\/default.png","width":1398,"height":716,"sizes":{"thumbnail":"https:\/\/www.filharmonikusok.hu\/wp-content\/uploads\/2021\/07\/Kepernyofelvetel-621-150x150.png","thumbnail-width":150,"thumbnail-height":150,"medium":"https:\/\/www.filharmonikusok.hu\/wp-content\/uploads\/2021\/07\/Kepernyofelvetel-621-300x154.png","medium-width":300,"medium-height":154,"medium_large":"https:\/\/www.filharmonikusok.hu\/wp-content\/uploads\/2021\/07\/Kepernyofelvetel-621-768x393.png","medium_large-width":640,"medium_large-height":328,"large":"https:\/\/www.filharmonikusok.hu\/wp-content\/uploads\/2021\/07\/Kepernyofelvetel-621-1024x524.png","large-width":640,"large-height":328,"1536x1536":"https:\/\/www.filharmonikusok.hu\/wp-content\/uploads\/2021\/07\/Kepernyofelvetel-621.png","1536x1536-width":1398,"1536x1536-height":716,"2048x2048":"https:\/\/www.filharmonikusok.hu\/wp-content\/uploads\/2021\/07\/Kepernyofelvetel-621.png","2048x2048-width":1398,"2048x2048-height":716,"person-size":"https:\/\/www.filharmonikusok.hu\/wp-content\/uploads\/2021\/07\/Kepernyofelvetel-621-165x165.png","person-size-width":165,"person-size-height":165,"person-size-2":"https:\/\/www.filharmonikusok.hu\/wp-content\/uploads\/2021\/07\/Kepernyofelvetel-621-165x220.png","person-size-2-width":165,"person-size-2-height":220,"album-size":"https:\/\/www.filharmonikusok.hu\/wp-content\/uploads\/2021\/07\/Kepernyofelvetel-621-263x263.png","album-size-width":263,"album-size-height":263,"news-lead-size":"https:\/\/www.filharmonikusok.hu\/wp-content\/uploads\/2021\/07\/Kepernyofelvetel-621-360x203.png","news-lead-size-width":360,"news-lead-size-height":203,"director-index-size":"https:\/\/www.filharmonikusok.hu\/wp-content\/uploads\/2021\/07\/Kepernyofelvetel-621-359x450.png","director-index-size-width":359,"director-index-size-height":450,"person-lead-size":"https:\/\/www.filharmonikusok.hu\/wp-content\/uploads\/2021\/07\/Kepernyofelvetel-621-555x555.png","person-lead-size-width":555,"person-lead-size-height":555,"slider-size":"https:\/\/www.filharmonikusok.hu\/wp-content\/uploads\/2021\/07\/Kepernyofelvetel-621.png","slider-size-width":1398,"slider-size-height":716}},"kiemelt_kep_en":{"ID":117961,"id":117961,"title":"K\u00e9perny\u0151felv\u00e9tel (621)","filename":"Kepernyofelvetel-621.png","filesize":464602,"url":"https:\/\/www.filharmonikusok.hu\/wp-content\/uploads\/2021\/07\/Kepernyofelvetel-621.png","link":"https:\/\/www.filharmonikusok.hu\/en\/koncertek\/mozart-requiem-in-memoriam-torocsik-mari\/kepernyofelvetel-621\/","alt":"","author":"951582","description":"","caption":"","name":"kepernyofelvetel-621","status":"inherit","uploaded_to":117960,"date":"2021-07-30 14:54:30","modified":"2021-07-30 14:54:30","menu_order":0,"mime_type":"image\/png","type":"image","subtype":"png","icon":"https:\/\/www.filharmonikusok.hu\/wp-includes\/images\/media\/default.png","width":1398,"height":716,"sizes":{"thumbnail":"https:\/\/www.filharmonikusok.hu\/wp-content\/uploads\/2021\/07\/Kepernyofelvetel-621-150x150.png","thumbnail-width":150,"thumbnail-height":150,"medium":"https:\/\/www.filharmonikusok.hu\/wp-content\/uploads\/2021\/07\/Kepernyofelvetel-621-300x154.png","medium-width":300,"medium-height":154,"medium_large":"https:\/\/www.filharmonikusok.hu\/wp-content\/uploads\/2021\/07\/Kepernyofelvetel-621-768x393.png","medium_large-width":640,"medium_large-height":328,"large":"https:\/\/www.filharmonikusok.hu\/wp-content\/uploads\/2021\/07\/Kepernyofelvetel-621-1024x524.png","large-width":640,"large-height":328,"1536x1536":"https:\/\/www.filharmonikusok.hu\/wp-content\/uploads\/2021\/07\/Kepernyofelvetel-621.png","1536x1536-width":1398,"1536x1536-height":716,"2048x2048":"https:\/\/www.filharmonikusok.hu\/wp-content\/uploads\/2021\/07\/Kepernyofelvetel-621.png","2048x2048-width":1398,"2048x2048-height":716,"person-size":"https:\/\/www.filharmonikusok.hu\/wp-content\/uploads\/2021\/07\/Kepernyofelvetel-621-165x165.png","person-size-width":165,"person-size-height":165,"person-size-2":"https:\/\/www.filharmonikusok.hu\/wp-content\/uploads\/2021\/07\/Kepernyofelvetel-621-165x220.png","person-size-2-width":165,"person-size-2-height":220,"album-size":"https:\/\/www.filharmonikusok.hu\/wp-content\/uploads\/2021\/07\/Kepernyofelvetel-621-263x263.png","album-size-width":263,"album-size-height":263,"news-lead-size":"https:\/\/www.filharmonikusok.hu\/wp-content\/uploads\/2021\/07\/Kepernyofelvetel-621-360x203.png","news-lead-size-width":360,"news-lead-size-height":203,"director-index-size":"https:\/\/www.filharmonikusok.hu\/wp-content\/uploads\/2021\/07\/Kepernyofelvetel-621-359x450.png","director-index-size-width":359,"director-index-size-height":450,"person-lead-size":"https:\/\/www.filharmonikusok.hu\/wp-content\/uploads\/2021\/07\/Kepernyofelvetel-621-555x555.png","person-lead-size-width":555,"person-lead-size-height":555,"slider-size":"https:\/\/www.filharmonikusok.hu\/wp-content\/uploads\/2021\/07\/Kepernyofelvetel-621.png","slider-size-width":1398,"slider-size-height":716}},"megjegyzes":"","esemeny_datum":"20210806","esemeny_idopontja":"pm 9:00","esemeny_vege":"pm 10:10","sajat_program":true,"esemeny_tipusa":["koncertek"],"esemeny_helyszine":{"ID":117953,"post_author":"951582","post_date":"2021-07-30 14:06:41","post_date_gmt":"2021-07-30 14:06:41","post_content":"","post_title":"Megb\u00e9k\u00e9l\u00e9s k\u00e1polna","post_excerpt":"","post_status":"publish","comment_status":"closed","ping_status":"closed","post_password":"","post_name":"megbekeles-kapolna","to_ping":"","pinged":"","post_modified":"2021-07-30 14:06:41","post_modified_gmt":"2021-07-30 14:06:41","post_content_filtered":"","post_parent":0,"guid":"https:\/\/www.filharmonikusok.hu\/?post_type=places&#038;p=117953","menu_order":0,"post_type":"places","post_mime_type":"","comment_count":"0","filter":"raw","varos":"Beremend","orszag":"Magyarorsz\u00e1g","cim":"7827 Beremend, T\u00e1ncsics utca","megjegyzes":"","weboldal":""},"helyszin_kategoria":"videk","karmester":null,"karmester_2":false,"hazigazda":null,"muvek":[],"muvek_feluldefinialasa":false,"muvekrol_reszletesen":null,"is_muvekrol_reszletesen_en":false,"kozr_szemelyek":[],"muveszekrol_reszletesen":null,"is_muveszekrol_reszletesen_en":false,"kozr_szemelyek_feluldefinialasa":"","kozr_intezmenyek":[],"gombtipus":"link","jegyarak":"","jegyvasarlas_gomb":"","elkeltek_a_jegyek":false,"youtube_id":"","old_id":"","hivatkozas_gomb_szovege":"Buy ticket","hivatkozas_gomg_url-je":"https:\/\/ordogkatlan.hu\/jegyek"},"publishpress_future_workflow_manual_trigger":{"enabledWorkflows":[]},"_links":{"self":[{"href":"https:\/\/www.filharmonikusok.hu\/en\/wp-json\/wp\/v2\/concerts\/117960","targetHints":{"allow":["GET"]}}],"collection":[{"href":"https:\/\/www.filharmonikusok.hu\/en\/wp-json\/wp\/v2\/concerts"}],"about":[{"href":"https:\/\/www.filharmonikusok.hu\/en\/wp-json\/wp\/v2\/types\/concerts"}],"wp:attachment":[{"href":"https:\/\/www.filharmonikusok.hu\/en\/wp-json\/wp\/v2\/media?parent=117960"}],"curies":[{"name":"wp","href":"https:\/\/api.w.org\/{rel}","templated":true}]}}

Mozart: Requiem &#8211; In Memoriam Törőcsik Mari

<h4>Mozart: Requiem (K.626)</h4>
<p>Featuring:</p>
<p><strong>Barbara Bordás</strong> – soprano<br />
<strong>Judit Anna Kiss</strong> – alto<br />
<strong>Roland Tötös</strong> – tenor<br />
<strong>András Kiss</strong> – bass</p>
<p><strong>Hungarian National Choir</strong> (Choir master: Csaba Somos)<br />
<strong>Pannon Philharmonic Orchestra</strong></p>
<p>Conductor: <strong>Dinyés Dániel</strong></p>

A Filharmónia Magyarország szervezésében

Képernyőfelvétel (621)

Megbékélés kápolna

Magyarország

7827 Beremend, Táncsics utca
