{"id":117670,"date":"2021-06-15T07:40:27","date_gmt":"2021-06-15T07:40:27","guid":{"rendered":"https:\/\/www.filharmonikusok.hu\/?post_type=concerts&#038;p=117670"},"modified":"2022-03-29T08:14:42","modified_gmt":"2022-03-29T08:14:42","slug":"haydn-d-durban","status":"publish","type":"concerts","link":"https:\/\/www.filharmonikusok.hu\/en\/koncertek\/haydn-d-durban\/","title":{"rendered":"Haydn D-d\u00farban"},"content":{"rendered":"<p>Joseph Haydn: Symphony No. 86 in D major, Hob. I:86<br \/>\nJoseph Haydn: Piano Concerto in D major, Hob. XVIII:11<\/p>\n<p>***<\/p>\n<p>Emil Petrovics: Cantata No. 1<br \/>\nJoseph Haydn: Symphony No. 93 in D major, Hob. I:93<\/p>\n<p><strong>Mih\u00e1ly Boros<\/strong> piano<br \/>\n<strong>Polina Pasztircs\u00e1k<\/strong> soprano<\/p>\n<p><strong>Hungarian National Philharmonic Orchestra <\/strong><\/p>\n<p>Conductor: <strong>G\u00e1bor Hontv\u00e1ri<\/strong><\/p>\n<p>The structure of this concert\u2019s programme is supported by a pair of heavyweight pillars: two late Hadyn symphonies. The programme also makes plenty of space for lightness, with a piano concerto and the uplifting lyrical sounds of a cantata. The latter vocal piece was composed by a representative of the Hungarian classical music of the second half of the 20th century. The guest musicians: the performer of the piano concerto, the cantata\u2019s solo soprano and the conductor are all members of the youngest generation of Hungarian musicians and performers.<\/p>\n","protected":false},"template":"","class_list":["post-117670","concerts","type-concerts","status-publish","hentry"],"translation":{"provider":"WPGlobus","version":"3.0.2","language":"en","enabled_languages":["hu","en"],"languages":{"hu":{"title":true,"content":true,"excerpt":false},"en":{"title":false,"content":true,"excerpt":false}}},"acf":{"alcim":"Luk\u00e1cs season ticket \/ 3","kiemelt_kep":{"ID":117671,"id":117671,"title":"nfz_webre1920x560px_EVAD20220303_HontvariGabor","filename":"nfz_webre1920x560px_EVAD20220303_HontvariGabor.jpg","filesize":184285,"url":"https:\/\/www.filharmonikusok.hu\/wp-content\/uploads\/2021\/06\/nfz_webre1920x560px_EVAD20220303_HontvariGabor.jpg","link":"https:\/\/www.filharmonikusok.hu\/en\/koncertek\/haydn-d-durban\/nfz_webre1920x560px_evad20220303_hontvarigabor\/","alt":"","author":"951582","description":"","caption":"","name":"nfz_webre1920x560px_evad20220303_hontvarigabor","status":"inherit","uploaded_to":117670,"date":"2021-06-10 18:44:09","modified":"2021-06-10 18:44:09","menu_order":0,"mime_type":"image\/jpeg","type":"image","subtype":"jpeg","icon":"https:\/\/www.filharmonikusok.hu\/wp-includes\/images\/media\/default.png","width":1920,"height":560,"sizes":{"thumbnail":"https:\/\/www.filharmonikusok.hu\/wp-content\/uploads\/2021\/06\/nfz_webre1920x560px_EVAD20220303_HontvariGabor-150x150.jpg","thumbnail-width":150,"thumbnail-height":150,"medium":"https:\/\/www.filharmonikusok.hu\/wp-content\/uploads\/2021\/06\/nfz_webre1920x560px_EVAD20220303_HontvariGabor-300x88.jpg","medium-width":300,"medium-height":88,"medium_large":"https:\/\/www.filharmonikusok.hu\/wp-content\/uploads\/2021\/06\/nfz_webre1920x560px_EVAD20220303_HontvariGabor-768x224.jpg","medium_large-width":640,"medium_large-height":187,"large":"https:\/\/www.filharmonikusok.hu\/wp-content\/uploads\/2021\/06\/nfz_webre1920x560px_EVAD20220303_HontvariGabor-1024x299.jpg","large-width":640,"large-height":187,"1536x1536":"https:\/\/www.filharmonikusok.hu\/wp-content\/uploads\/2021\/06\/nfz_webre1920x560px_EVAD20220303_HontvariGabor-1536x448.jpg","1536x1536-width":1536,"1536x1536-height":448,"2048x2048":"https:\/\/www.filharmonikusok.hu\/wp-content\/uploads\/2021\/06\/nfz_webre1920x560px_EVAD20220303_HontvariGabor.jpg","2048x2048-width":1920,"2048x2048-height":560,"person-size":"https:\/\/www.filharmonikusok.hu\/wp-content\/uploads\/2021\/06\/nfz_webre1920x560px_EVAD20220303_HontvariGabor-165x165.jpg","person-size-width":165,"person-size-height":165,"person-size-2":"https:\/\/www.filharmonikusok.hu\/wp-content\/uploads\/2021\/06\/nfz_webre1920x560px_EVAD20220303_HontvariGabor-165x220.jpg","person-size-2-width":165,"person-size-2-height":220,"album-size":"https:\/\/www.filharmonikusok.hu\/wp-content\/uploads\/2021\/06\/nfz_webre1920x560px_EVAD20220303_HontvariGabor-263x263.jpg","album-size-width":263,"album-size-height":263,"news-lead-size":"https:\/\/www.filharmonikusok.hu\/wp-content\/uploads\/2021\/06\/nfz_webre1920x560px_EVAD20220303_HontvariGabor-360x203.jpg","news-lead-size-width":360,"news-lead-size-height":203,"director-index-size":"https:\/\/www.filharmonikusok.hu\/wp-content\/uploads\/2021\/06\/nfz_webre1920x560px_EVAD20220303_HontvariGabor-359x450.jpg","director-index-size-width":359,"director-index-size-height":450,"person-lead-size":"https:\/\/www.filharmonikusok.hu\/wp-content\/uploads\/2021\/06\/nfz_webre1920x560px_EVAD20220303_HontvariGabor-555x555.jpg","person-lead-size-width":555,"person-lead-size-height":555,"slider-size":"https:\/\/www.filharmonikusok.hu\/wp-content\/uploads\/2021\/06\/nfz_webre1920x560px_EVAD20220303_HontvariGabor-1600x560.jpg","slider-size-width":1600,"slider-size-height":560}},"kiemelt_kep_en":{"ID":117671,"id":117671,"title":"nfz_webre1920x560px_EVAD20220303_HontvariGabor","filename":"nfz_webre1920x560px_EVAD20220303_HontvariGabor.jpg","filesize":184285,"url":"https:\/\/www.filharmonikusok.hu\/wp-content\/uploads\/2021\/06\/nfz_webre1920x560px_EVAD20220303_HontvariGabor.jpg","link":"https:\/\/www.filharmonikusok.hu\/en\/koncertek\/haydn-d-durban\/nfz_webre1920x560px_evad20220303_hontvarigabor\/","alt":"","author":"951582","description":"","caption":"","name":"nfz_webre1920x560px_evad20220303_hontvarigabor","status":"inherit","uploaded_to":117670,"date":"2021-06-10 18:44:09","modified":"2021-06-10 18:44:09","menu_order":0,"mime_type":"image\/jpeg","type":"image","subtype":"jpeg","icon":"https:\/\/www.filharmonikusok.hu\/wp-includes\/images\/media\/default.png","width":1920,"height":560,"sizes":{"thumbnail":"https:\/\/www.filharmonikusok.hu\/wp-content\/uploads\/2021\/06\/nfz_webre1920x560px_EVAD20220303_HontvariGabor-150x150.jpg","thumbnail-width":150,"thumbnail-height":150,"medium":"https:\/\/www.filharmonikusok.hu\/wp-content\/uploads\/2021\/06\/nfz_webre1920x560px_EVAD20220303_HontvariGabor-300x88.jpg","medium-width":300,"medium-height":88,"medium_large":"https:\/\/www.filharmonikusok.hu\/wp-content\/uploads\/2021\/06\/nfz_webre1920x560px_EVAD20220303_HontvariGabor-768x224.jpg","medium_large-width":640,"medium_large-height":187,"large":"https:\/\/www.filharmonikusok.hu\/wp-content\/uploads\/2021\/06\/nfz_webre1920x560px_EVAD20220303_HontvariGabor-1024x299.jpg","large-width":640,"large-height":187,"1536x1536":"https:\/\/www.filharmonikusok.hu\/wp-content\/uploads\/2021\/06\/nfz_webre1920x560px_EVAD20220303_HontvariGabor-1536x448.jpg","1536x1536-width":1536,"1536x1536-height":448,"2048x2048":"https:\/\/www.filharmonikusok.hu\/wp-content\/uploads\/2021\/06\/nfz_webre1920x560px_EVAD20220303_HontvariGabor.jpg","2048x2048-width":1920,"2048x2048-height":560,"person-size":"https:\/\/www.filharmonikusok.hu\/wp-content\/uploads\/2021\/06\/nfz_webre1920x560px_EVAD20220303_HontvariGabor-165x165.jpg","person-size-width":165,"person-size-height":165,"person-size-2":"https:\/\/www.filharmonikusok.hu\/wp-content\/uploads\/2021\/06\/nfz_webre1920x560px_EVAD20220303_HontvariGabor-165x220.jpg","person-size-2-width":165,"person-size-2-height":220,"album-size":"https:\/\/www.filharmonikusok.hu\/wp-content\/uploads\/2021\/06\/nfz_webre1920x560px_EVAD20220303_HontvariGabor-263x263.jpg","album-size-width":263,"album-size-height":263,"news-lead-size":"https:\/\/www.filharmonikusok.hu\/wp-content\/uploads\/2021\/06\/nfz_webre1920x560px_EVAD20220303_HontvariGabor-360x203.jpg","news-lead-size-width":360,"news-lead-size-height":203,"director-index-size":"https:\/\/www.filharmonikusok.hu\/wp-content\/uploads\/2021\/06\/nfz_webre1920x560px_EVAD20220303_HontvariGabor-359x450.jpg","director-index-size-width":359,"director-index-size-height":450,"person-lead-size":"https:\/\/www.filharmonikusok.hu\/wp-content\/uploads\/2021\/06\/nfz_webre1920x560px_EVAD20220303_HontvariGabor-555x555.jpg","person-lead-size-width":555,"person-lead-size-height":555,"slider-size":"https:\/\/www.filharmonikusok.hu\/wp-content\/uploads\/2021\/06\/nfz_webre1920x560px_EVAD20220303_HontvariGabor-1600x560.jpg","slider-size-width":1600,"slider-size-height":560}},"megjegyzes":"","esemeny_datum":"20220303","esemeny_idopontja":"7:30 pm","esemeny_vege":"9:10 pm","sajat_program":true,"esemeny_tipusa":["koncertek"],"esemeny_helyszine":{"ID":87584,"post_author":"1","post_date":"2016-09-08 08:02:37","post_date_gmt":"2016-09-08 08:02:37","post_content":"","post_title":"{:hu}Pesti Vigad\u00f3{:}{:en}Pesti Vigad\u00f3 Ceremonial Hall{:}","post_excerpt":"","post_status":"publish","comment_status":"closed","ping_status":"closed","post_password":"","post_name":"pesti-vigado","to_ping":"","pinged":"","post_modified":"2021-10-22 08:33:35","post_modified_gmt":"2021-10-22 08:33:35","post_content_filtered":"","post_parent":0,"guid":"http:\/\/www.filharmonikusok.hu\/places\/pesti-vigado\/","menu_order":0,"post_type":"places","post_mime_type":"","comment_count":"0","filter":"raw","varos":"Budapest","orszag":"Magyarorsz\u00e1g","cim":"1051. Vigad\u00f3 t\u00e9r 2.","megjegyzes":"","weboldal":""},"helyszin_kategoria":"budapest","karmester":null,"karmester_2":false,"hazigazda":null,"muvek":[],"muvek_feluldefinialasa":false,"muvekrol_reszletesen":null,"is_muvekrol_reszletesen_en":false,"kozr_szemelyek":[],"muveszekrol_reszletesen":null,"is_muveszekrol_reszletesen_en":false,"kozr_szemelyek_feluldefinialasa":"","kozr_intezmenyek":[],"gombtipus":"jegy","jegyarak":"HUF 3,500, HUF 4,000","jegyvasarlas_gomb":"https:\/\/nfz.jegy.hu\/program\/haydn-d-durban-lukacs-berlet-3-123508\/720008","elkeltek_a_jegyek":false,"youtube_id":"","old_id":""},"publishpress_future_workflow_manual_trigger":{"enabledWorkflows":[]},"_links":{"self":[{"href":"https:\/\/www.filharmonikusok.hu\/en\/wp-json\/wp\/v2\/concerts\/117670","targetHints":{"allow":["GET"]}}],"collection":[{"href":"https:\/\/www.filharmonikusok.hu\/en\/wp-json\/wp\/v2\/concerts"}],"about":[{"href":"https:\/\/www.filharmonikusok.hu\/en\/wp-json\/wp\/v2\/types\/concerts"}],"wp:attachment":[{"href":"https:\/\/www.filharmonikusok.hu\/en\/wp-json\/wp\/v2\/media?parent=117670"}],"curies":[{"name":"wp","href":"https:\/\/api.w.org\/{rel}","templated":true}]}}

Haydn D-dúrban

<p>Joseph Haydn: Symphony No. 86 in D major, Hob. I:86<br />
Joseph Haydn: Piano Concerto in D major, Hob. XVIII:11</p>
<p>***</p>
<p>Emil Petrovics: Cantata No. 1<br />
Joseph Haydn: Symphony No. 93 in D major, Hob. I:93</p>
<p><strong>Mihály Boros</strong> piano<br />
<strong>Polina Pasztircsák</strong> soprano</p>
<p><strong>Hungarian National Philharmonic Orchestra </strong></p>
<p>Conductor: <strong>Gábor Hontvári</strong></p>
<p>The structure of this concert’s programme is supported by a pair of heavyweight pillars: two late Hadyn symphonies. The programme also makes plenty of space for lightness, with a piano concerto and the uplifting lyrical sounds of a cantata. The latter vocal piece was composed by a representative of the Hungarian classical music of the second half of the 20th century. The guest musicians: the performer of the piano concerto, the cantata’s solo soprano and the conductor are all members of the youngest generation of Hungarian musicians and performers.</p>

Lukács season ticket / 3

{:hu}Pesti Vigadó{:}{:en}Pesti Vigadó Ceremonial Hall{:}

Magyarország

1051. Vigadó tér 2.
