{"id":115242,"date":"2020-07-14T16:13:29","date_gmt":"2020-07-14T16:13:29","guid":{"rendered":"https:\/\/www.filharmonikusok.hu\/?post_type=concerts&#038;p=115242"},"modified":"2020-07-16T07:51:02","modified_gmt":"2020-07-16T07:51:02","slug":"terzene-07-20-17-ora","status":"publish","type":"concerts","link":"https:\/\/www.filharmonikusok.hu\/en\/koncertek\/terzene-07-20-17-ora\/","title":{"rendered":"T\u00e9rzene"},"content":{"rendered":"<p><strong>\u00c9nekek \u00c9neke r\u00e9gen \u00e9s ma \u2012 renesz\u00e1nsz \u00e9s kort\u00e1rs motett\u00e1k n\u00e9gysz\u00e1z \u00e9v t\u00e1vlat\u00e1ban<\/strong><\/p>\n<p><strong>Orlando di Lasso: Tota pulchra es Maria<\/strong><\/p>\n<p><strong>Ola Gjeilo: Northern Lights<\/strong><\/p>\n<p><strong>Giovanni Pierluigi da Palestrina: Sicut lilium inter spinas<\/strong><\/p>\n<p><strong>Marek Raczy\u0144ski: Sicut lilium inter spinas<\/strong><\/p>\n<p><strong>K\u00f6zrem\u0171k\u00f6d\u0151k<\/strong><\/p>\n<p>D\u00f3ri Eszter Zita<\/p>\n<p>Ill\u00e9s Gabriella<\/p>\n<p>K\u00e1roly Edit<\/p>\n<p>Kir\u00e1ly Judit<\/p>\n<p>Dezs\u0151 S\u00e1ra<\/p>\n<p>M\u00fcller Be\u00e1ta<\/p>\n<p>Pusk\u00e1s Eszter<\/p>\n<p>T\u00f3th-Kiss Borb\u00e1la<\/p>\n<p>Czier Zolt\u00e1n<\/p>\n<p>Gavodi Zolt\u00e1n<\/p>\n<p>K\u00e1lm\u00e1n L\u00e1szl\u00f3<\/p>\n<p>Korb\u00e1sz Viktor<\/p>\n<p>T\u00f3th L\u00e1szl\u00f3<\/p>\n<p>Borka \u00c1kos<\/p>\n<p>Cserm\u00e9nyi Zsombor<\/p>\n<p>Labant \u00c1rp\u00e1d Bence<\/p>\n<p>T\u00f3th P\u00e1l M\u00e1ty\u00e1s<\/p>\n","protected":false},"template":"","class_list":["post-115242","concerts","type-concerts","status-publish","hentry"],"translation":{"provider":"WPGlobus","version":"3.0.2","language":"en","enabled_languages":["hu","en"],"languages":{"hu":{"title":true,"content":true,"excerpt":false},"en":{"title":false,"content":false,"excerpt":false}}},"acf":{"alcim":"Kamarakoncert a Nemzeti \u00c9nekkar m\u0171v\u00e9szeinek el\u0151ad\u00e1s\u00e1ban","kiemelt_kep":{"ID":115237,"id":115237,"title":"terzene koncertek enekkar es zenekar 2020. j\u00falius 19 1920x560","filename":"terzene-koncertek-enekkar-es-zenekar-2020.-j\u00falius-19-1920x560-1.jpg","filesize":535795,"url":"https:\/\/www.filharmonikusok.hu\/wp-content\/uploads\/2020\/07\/terzene-koncertek-enekkar-es-zenekar-2020.-j\u00falius-19-1920x560-1.jpg","link":"https:\/\/www.filharmonikusok.hu\/en\/koncertek\/terzene-07-19-15-30\/terzene-koncertek-enekkar-es-zenekar-2020-julius-19-1920x560\/","alt":"","author":"951590","description":"","caption":"","name":"terzene-koncertek-enekkar-es-zenekar-2020-julius-19-1920x560","status":"inherit","uploaded_to":115236,"date":"2020-07-14 16:05:09","modified":"2020-07-14 16:05:09","menu_order":0,"mime_type":"image\/jpeg","type":"image","subtype":"jpeg","icon":"https:\/\/www.filharmonikusok.hu\/wp-includes\/images\/media\/default.png","width":1920,"height":560,"sizes":{"thumbnail":"https:\/\/www.filharmonikusok.hu\/wp-content\/uploads\/2020\/07\/terzene-koncertek-enekkar-es-zenekar-2020.-j\u00falius-19-1920x560-1-150x150.jpg","thumbnail-width":150,"thumbnail-height":150,"medium":"https:\/\/www.filharmonikusok.hu\/wp-content\/uploads\/2020\/07\/terzene-koncertek-enekkar-es-zenekar-2020.-j\u00falius-19-1920x560-1-300x88.jpg","medium-width":300,"medium-height":88,"medium_large":"https:\/\/www.filharmonikusok.hu\/wp-content\/uploads\/2020\/07\/terzene-koncertek-enekkar-es-zenekar-2020.-j\u00falius-19-1920x560-1-768x224.jpg","medium_large-width":640,"medium_large-height":187,"large":"https:\/\/www.filharmonikusok.hu\/wp-content\/uploads\/2020\/07\/terzene-koncertek-enekkar-es-zenekar-2020.-j\u00falius-19-1920x560-1-1024x299.jpg","large-width":640,"large-height":187,"1536x1536":"https:\/\/www.filharmonikusok.hu\/wp-content\/uploads\/2020\/07\/terzene-koncertek-enekkar-es-zenekar-2020.-j\u00falius-19-1920x560-1-1536x448.jpg","1536x1536-width":1536,"1536x1536-height":448,"2048x2048":"https:\/\/www.filharmonikusok.hu\/wp-content\/uploads\/2020\/07\/terzene-koncertek-enekkar-es-zenekar-2020.-j\u00falius-19-1920x560-1.jpg","2048x2048-width":1920,"2048x2048-height":560,"person-size":"https:\/\/www.filharmonikusok.hu\/wp-content\/uploads\/2020\/07\/terzene-koncertek-enekkar-es-zenekar-2020.-j\u00falius-19-1920x560-1-165x165.jpg","person-size-width":165,"person-size-height":165,"person-size-2":"https:\/\/www.filharmonikusok.hu\/wp-content\/uploads\/2020\/07\/terzene-koncertek-enekkar-es-zenekar-2020.-j\u00falius-19-1920x560-1-165x220.jpg","person-size-2-width":165,"person-size-2-height":220,"album-size":"https:\/\/www.filharmonikusok.hu\/wp-content\/uploads\/2020\/07\/terzene-koncertek-enekkar-es-zenekar-2020.-j\u00falius-19-1920x560-1-263x263.jpg","album-size-width":263,"album-size-height":263,"news-lead-size":"https:\/\/www.filharmonikusok.hu\/wp-content\/uploads\/2020\/07\/terzene-koncertek-enekkar-es-zenekar-2020.-j\u00falius-19-1920x560-1-360x203.jpg","news-lead-size-width":360,"news-lead-size-height":203,"director-index-size":"https:\/\/www.filharmonikusok.hu\/wp-content\/uploads\/2020\/07\/terzene-koncertek-enekkar-es-zenekar-2020.-j\u00falius-19-1920x560-1-359x450.jpg","director-index-size-width":359,"director-index-size-height":450,"person-lead-size":"https:\/\/www.filharmonikusok.hu\/wp-content\/uploads\/2020\/07\/terzene-koncertek-enekkar-es-zenekar-2020.-j\u00falius-19-1920x560-1-555x555.jpg","person-lead-size-width":555,"person-lead-size-height":555,"slider-size":"https:\/\/www.filharmonikusok.hu\/wp-content\/uploads\/2020\/07\/terzene-koncertek-enekkar-es-zenekar-2020.-j\u00falius-19-1920x560-1-1600x560.jpg","slider-size-width":1600,"slider-size-height":560}},"kiemelt_kep_en":null,"megjegyzes":"","esemeny_datum":"20200720","esemeny_idopontja":"17:00","esemeny_vege":"17:30","sajat_program":true,"esemeny_tipusa":["koncertek"],"esemeny_helyszine":{"ID":115239,"post_author":"951590","post_date":"2020-07-14 16:10:52","post_date_gmt":"0000-00-00 00:00:00","post_content":"","post_title":"A Nemzeti Gal\u00e9ria el\u0151tti t\u00e9r","post_excerpt":"","post_status":"draft","comment_status":"closed","ping_status":"closed","post_password":"","post_name":"","to_ping":"","pinged":"","post_modified":"2020-07-14 16:10:52","post_modified_gmt":"2020-07-14 16:10:52","post_content_filtered":"","post_parent":0,"guid":"https:\/\/www.filharmonikusok.hu\/?post_type=places&#038;p=115239","menu_order":0,"post_type":"places","post_mime_type":"","comment_count":"0","filter":"raw","varos":"Budapest","orszag":"Magyarorsz\u00e1g","cim":"A Nemzeti Gal\u00e9ria el\u0151tti t\u00e9r","megjegyzes":"","weboldal":""},"helyszin_kategoria":"budapest","karmester":null,"karmester_2":false,"hazigazda":null,"muvek":[],"muvek_feluldefinialasa":false,"muvekrol_reszletesen":null,"is_muvekrol_reszletesen_en":false,"kozr_szemelyek":[],"muveszekrol_reszletesen":null,"is_muveszekrol_reszletesen_en":false,"kozr_szemelyek_feluldefinialasa":"","kozr_intezmenyek":[],"gombtipus":"link","jegyarak":"","hivatkozas_gomb_szovege":"Ingyenes","hivatkozas_gomg_url-je":"","youtube_id":"","old_id":""},"publishpress_future_workflow_manual_trigger":{"enabledWorkflows":[]},"_links":{"self":[{"href":"https:\/\/www.filharmonikusok.hu\/en\/wp-json\/wp\/v2\/concerts\/115242","targetHints":{"allow":["GET"]}}],"collection":[{"href":"https:\/\/www.filharmonikusok.hu\/en\/wp-json\/wp\/v2\/concerts"}],"about":[{"href":"https:\/\/www.filharmonikusok.hu\/en\/wp-json\/wp\/v2\/types\/concerts"}],"wp:attachment":[{"href":"https:\/\/www.filharmonikusok.hu\/en\/wp-json\/wp\/v2\/media?parent=115242"}],"curies":[{"name":"wp","href":"https:\/\/api.w.org\/{rel}","templated":true}]}}

Térzene

<p><strong>Énekek Éneke régen és ma ‒ reneszánsz és kortárs motetták négyszáz év távlatában</strong></p>
<p><strong>Orlando di Lasso: Tota pulchra es Maria</strong></p>
<p><strong>Ola Gjeilo: Northern Lights</strong></p>
<p><strong>Giovanni Pierluigi da Palestrina: Sicut lilium inter spinas</strong></p>
<p><strong>Marek Raczyński: Sicut lilium inter spinas</strong></p>
<p><strong>Közreműködők</strong></p>
<p>Dóri Eszter Zita</p>
<p>Illés Gabriella</p>
<p>Károly Edit</p>
<p>Király Judit</p>
<p>Dezső Sára</p>
<p>Müller Beáta</p>
<p>Puskás Eszter</p>
<p>Tóth-Kiss Borbála</p>
<p>Czier Zoltán</p>
<p>Gavodi Zoltán</p>
<p>Kálmán László</p>
<p>Korbász Viktor</p>
<p>Tóth László</p>
<p>Borka Ákos</p>
<p>Cserményi Zsombor</p>
<p>Labant Árpád Bence</p>
<p>Tóth Pál Mátyás</p>

Kamarakoncert a Nemzeti Énekkar művészeinek előadásában

terzene koncertek enekkar es zenekar 2020. július 19 1920x560

terzene-koncertek-enekkar-es-zenekar-2020.-július-19-1920x560-1.jpg

https://www.filharmonikusok.hu/wp-content/uploads/2020/07/terzene-koncertek-enekkar-es-zenekar-2020.-július-19-1920x560-1.jpg

https://www.filharmonikusok.hu/wp-content/uploads/2020/07/terzene-koncertek-enekkar-es-zenekar-2020.-július-19-1920x560-1-150x150.jpg

https://www.filharmonikusok.hu/wp-content/uploads/2020/07/terzene-koncertek-enekkar-es-zenekar-2020.-július-19-1920x560-1-300x88.jpg

https://www.filharmonikusok.hu/wp-content/uploads/2020/07/terzene-koncertek-enekkar-es-zenekar-2020.-július-19-1920x560-1-768x224.jpg

https://www.filharmonikusok.hu/wp-content/uploads/2020/07/terzene-koncertek-enekkar-es-zenekar-2020.-július-19-1920x560-1-1024x299.jpg

https://www.filharmonikusok.hu/wp-content/uploads/2020/07/terzene-koncertek-enekkar-es-zenekar-2020.-július-19-1920x560-1-1536x448.jpg

https://www.filharmonikusok.hu/wp-content/uploads/2020/07/terzene-koncertek-enekkar-es-zenekar-2020.-július-19-1920x560-1-165x165.jpg

https://www.filharmonikusok.hu/wp-content/uploads/2020/07/terzene-koncertek-enekkar-es-zenekar-2020.-július-19-1920x560-1-165x220.jpg

https://www.filharmonikusok.hu/wp-content/uploads/2020/07/terzene-koncertek-enekkar-es-zenekar-2020.-július-19-1920x560-1-263x263.jpg

https://www.filharmonikusok.hu/wp-content/uploads/2020/07/terzene-koncertek-enekkar-es-zenekar-2020.-július-19-1920x560-1-360x203.jpg

https://www.filharmonikusok.hu/wp-content/uploads/2020/07/terzene-koncertek-enekkar-es-zenekar-2020.-július-19-1920x560-1-359x450.jpg

https://www.filharmonikusok.hu/wp-content/uploads/2020/07/terzene-koncertek-enekkar-es-zenekar-2020.-július-19-1920x560-1-555x555.jpg

https://www.filharmonikusok.hu/wp-content/uploads/2020/07/terzene-koncertek-enekkar-es-zenekar-2020.-július-19-1920x560-1-1600x560.jpg

A Nemzeti Galéria előtti tér

Magyarország
