{"id":108599,"date":"2019-01-07T15:08:39","date_gmt":"2019-01-07T15:08:39","guid":{"rendered":"http:\/\/www.filharmonikusok.hu\/?post_type=concerts&#038;p=108599"},"modified":"2019-01-10T14:06:58","modified_gmt":"2019-01-10T14:06:58","slug":"nemzeti-enekkar-miskolcon","status":"publish","type":"concerts","link":"https:\/\/www.filharmonikusok.hu\/en\/koncertek\/nemzeti-enekkar-miskolcon\/","title":{"rendered":"Nemzeti \u00c9nekkar Miskolcon"},"content":{"rendered":"<p><strong>El\u0151ad\u00f3k:<\/strong><\/p>\n<p><strong>Nemzeti \u00c9nekkar <\/strong><\/p>\n<p><strong>vez\u00e9nyel: Somos Csaba<\/strong><\/p>\n<p><strong>Modern Art Orchestra<\/strong><\/p>\n<p><strong>m\u0171v\u00e9szeti vezet\u0151: Fekete-Kov\u00e1cs Korn\u00e9l<\/strong><\/p>\n<p><strong>Sz\u0151ke Nikoletta &#8211; \u00e9nek<\/strong><\/p>\n<p><strong>M\u0171sor<\/strong><\/p>\n<p><strong>Duke Ellington: Sacred Music<\/strong><\/p>\n<p><strong>\u00a0<\/strong><\/p>\n<p>Jegy\u00e1r: 4.400 Ft<\/p>\n<p><strong>Kedvezm\u00e9ny:<\/strong><\/p>\n<p>A Filharm\u00f3nia feln\u0151tt sorozatainak b\u00e9rlettulajdonosai saj\u00e1t b\u00e9rlet\u00fck felmutat\u00e1s\u00e1val 20% kedvezm\u00e9nyre jogosultak a Filharm\u00f3nia minden tov\u00e1bbi feln\u0151tt programj\u00e1ra az orsz\u00e1g eg\u00e9sz ter\u00fclet\u00e9n, koncertenk\u00e9nt 1 jegy erej\u00e9ig.<\/p>\n<p>Jegyek v\u00e1lthat\u00f3k a Filharm\u00f3nia Magyarorsz\u00e1g Nonprofit Kft. jegyirod\u00e1j\u00e1ban (Miskolc, Kossuth u. 3., +36 46 505 656, miskolc@filharmonia.hu), valamint az el\u0151ad\u00e1s el\u0151tt a helysz\u00ednen.<\/p>\n<p>A v\u00e1s\u00e1rl\u00e1skor a k\u00f6vetkez\u0151 k\u00e9szp\u00e9nz-helyettes\u00edt\u0151 eszk\u00f6z\u00f6ket fogadjuk el: bankk\u00e1rtya (kiv\u00e9ve American Express hitelk\u00e1rtya), SZ\u00c9P k\u00e1rtya (OTP, K&amp;H, MKB), Erzs\u00e9betutalv\u00e1ny plusz k\u00e1rtya, Sodexo Aj\u00e1nd\u00e9k utalv\u00e1ny, Sodexo Kult\u00fara utalv\u00e1ny, Kult\u00fara Erzs\u00e9bet-utalv\u00e1ny, Posta Paletta Aj\u00e1nd\u00e9k utalv\u00e1ny, Top pr\u00e9mium aj\u00e1nd\u00e9kutalv\u00e1ny.<\/p>\n<p>A m\u0171sor-, id\u0151pont-, a helysz\u00edn- \u00e9s a szerepl\u0151v\u00e1ltoztat\u00e1s jog\u00e1t fenntartjuk, melynek f\u00fcggv\u00e9ny\u00e9ben a jegy\u00e1r is v\u00e1ltozhat.<\/p>\n","protected":false},"template":"","class_list":["post-108599","concerts","type-concerts","status-publish","hentry"],"translation":{"provider":"WPGlobus","version":"3.0.2","language":"en","enabled_languages":["hu","en"],"languages":{"hu":{"title":true,"content":true,"excerpt":false},"en":{"title":false,"content":false,"excerpt":false}}},"acf":{"alcim":"","kiemelt_kep":{"ID":108137,"id":108137,"title":"Nemzeti \u00c9nekkar_2018.09.17@MNF_Csatl\u00f3s Norbert_094","filename":"Nemzeti-\u00c9nekkar_2018.09.17@MNF_Csatl\u00f3s-Norbert_094.jpg","filesize":4752281,"url":"https:\/\/www.filharmonikusok.hu\/wp-content\/uploads\/2018\/03\/Nemzeti-\u00c9nekkar_2018.09.17@MNF_Csatl\u00f3s-Norbert_094.jpg","link":"https:\/\/www.filharmonikusok.hu\/en\/koncertek\/poulenc-es-petrovics\/nemzeti-enekkar_2018-09-17mnf_csatlos-norbert_094\/","alt":"","author":"951582","description":"","caption":"","name":"nemzeti-enekkar_2018-09-17mnf_csatlos-norbert_094","status":"inherit","uploaded_to":105984,"date":"2018-10-09 14:45:36","modified":"2018-10-09 14:45:51","menu_order":0,"mime_type":"image\/jpeg","type":"image","subtype":"jpeg","icon":"https:\/\/www.filharmonikusok.hu\/wp-includes\/images\/media\/default.png","width":3543,"height":2362,"sizes":{"thumbnail":"https:\/\/www.filharmonikusok.hu\/wp-content\/uploads\/2018\/03\/Nemzeti-\u00c9nekkar_2018.09.17@MNF_Csatl\u00f3s-Norbert_094-150x150.jpg","thumbnail-width":150,"thumbnail-height":150,"medium":"https:\/\/www.filharmonikusok.hu\/wp-content\/uploads\/2018\/03\/Nemzeti-\u00c9nekkar_2018.09.17@MNF_Csatl\u00f3s-Norbert_094-300x200.jpg","medium-width":300,"medium-height":200,"medium_large":"https:\/\/www.filharmonikusok.hu\/wp-content\/uploads\/2018\/03\/Nemzeti-\u00c9nekkar_2018.09.17@MNF_Csatl\u00f3s-Norbert_094-768x512.jpg","medium_large-width":640,"medium_large-height":427,"large":"https:\/\/www.filharmonikusok.hu\/wp-content\/uploads\/2018\/03\/Nemzeti-\u00c9nekkar_2018.09.17@MNF_Csatl\u00f3s-Norbert_094-1024x683.jpg","large-width":640,"large-height":427,"1536x1536":"https:\/\/www.filharmonikusok.hu\/wp-content\/uploads\/2018\/03\/Nemzeti-\u00c9nekkar_2018.09.17@MNF_Csatl\u00f3s-Norbert_094.jpg","1536x1536-width":1536,"1536x1536-height":1024,"2048x2048":"https:\/\/www.filharmonikusok.hu\/wp-content\/uploads\/2018\/03\/Nemzeti-\u00c9nekkar_2018.09.17@MNF_Csatl\u00f3s-Norbert_094.jpg","2048x2048-width":2048,"2048x2048-height":1365,"person-size":"https:\/\/www.filharmonikusok.hu\/wp-content\/uploads\/2018\/03\/Nemzeti-\u00c9nekkar_2018.09.17@MNF_Csatl\u00f3s-Norbert_094-165x165.jpg","person-size-width":165,"person-size-height":165,"person-size-2":"https:\/\/www.filharmonikusok.hu\/wp-content\/uploads\/2018\/03\/Nemzeti-\u00c9nekkar_2018.09.17@MNF_Csatl\u00f3s-Norbert_094.jpg","person-size-2-width":165,"person-size-2-height":110,"album-size":"https:\/\/www.filharmonikusok.hu\/wp-content\/uploads\/2018\/03\/Nemzeti-\u00c9nekkar_2018.09.17@MNF_Csatl\u00f3s-Norbert_094-263x263.jpg","album-size-width":263,"album-size-height":263,"news-lead-size":"https:\/\/www.filharmonikusok.hu\/wp-content\/uploads\/2018\/03\/Nemzeti-\u00c9nekkar_2018.09.17@MNF_Csatl\u00f3s-Norbert_094-360x203.jpg","news-lead-size-width":360,"news-lead-size-height":203,"director-index-size":"https:\/\/www.filharmonikusok.hu\/wp-content\/uploads\/2018\/03\/Nemzeti-\u00c9nekkar_2018.09.17@MNF_Csatl\u00f3s-Norbert_094-359x450.jpg","director-index-size-width":359,"director-index-size-height":450,"person-lead-size":"https:\/\/www.filharmonikusok.hu\/wp-content\/uploads\/2018\/03\/Nemzeti-\u00c9nekkar_2018.09.17@MNF_Csatl\u00f3s-Norbert_094-555x555.jpg","person-lead-size-width":555,"person-lead-size-height":555,"slider-size":"https:\/\/www.filharmonikusok.hu\/wp-content\/uploads\/2018\/03\/Nemzeti-\u00c9nekkar_2018.09.17@MNF_Csatl\u00f3s-Norbert_094-1600x722.jpg","slider-size-width":1600,"slider-size-height":722}},"kiemelt_kep_en":null,"megjegyzes":"","esemeny_datum":"20190114","esemeny_idopontja":"19:00","sajat_program":false,"esemeny_tipusa":[],"esemeny_helyszine":{"ID":87843,"post_author":"1","post_date":"2016-09-08 08:02:39","post_date_gmt":"2016-09-08 08:02:39","post_content":"","post_title":"{:hu}M\u0171v\u00e9szetek H\u00e1za Miskolc{:}{:en}House of Arts{:}","post_excerpt":"","post_status":"publish","comment_status":"closed","ping_status":"closed","post_password":"","post_name":"muveszetek-haza-2","to_ping":"","pinged":"","post_modified":"2019-01-07 15:08:18","post_modified_gmt":"2019-01-07 15:08:18","post_content_filtered":"","post_parent":0,"guid":"http:\/\/www.filharmonikusok.hu\/places\/muveszetek-haza-2\/","menu_order":0,"post_type":"places","post_mime_type":"","comment_count":"0","filter":"raw","varos":"Miskolc","orszag":"Hungary","cim":"","megjegyzes":"","weboldal":""},"helyszin_kategoria":"videk","karmester":null,"hazigazda":null,"muvek":[],"muvek_feluldefinialasa":false,"muvekrol_reszletesen":null,"is_muvekrol_reszletesen_en":false,"kozr_szemelyek":[],"muveszekrol_reszletesen":null,"is_muveszekrol_reszletesen_en":false,"kozr_szemelyek_feluldefinialasa":"","kozr_intezmenyek":[],"gombtipus":"jegy","jegyarak":"4.400 Ft","jegyvasarlas_gomb":"","elkeltek_a_jegyek":false,"youtube_id":"","old_id":""},"publishpress_future_workflow_manual_trigger":{"enabledWorkflows":[]},"_links":{"self":[{"href":"https:\/\/www.filharmonikusok.hu\/en\/wp-json\/wp\/v2\/concerts\/108599","targetHints":{"allow":["GET"]}}],"collection":[{"href":"https:\/\/www.filharmonikusok.hu\/en\/wp-json\/wp\/v2\/concerts"}],"about":[{"href":"https:\/\/www.filharmonikusok.hu\/en\/wp-json\/wp\/v2\/types\/concerts"}],"wp:attachment":[{"href":"https:\/\/www.filharmonikusok.hu\/en\/wp-json\/wp\/v2\/media?parent=108599"}],"curies":[{"name":"wp","href":"https:\/\/api.w.org\/{rel}","templated":true}]}}

Nemzeti Énekkar Miskolcon

<p><strong>Előadók:</strong></p>
<p><strong>Nemzeti Énekkar </strong></p>
<p><strong>vezényel: Somos Csaba</strong></p>
<p><strong>Modern Art Orchestra</strong></p>
<p><strong>művészeti vezető: Fekete-Kovács Kornél</strong></p>
<p><strong>Szőke Nikoletta &#8211; ének</strong></p>
<p><strong>Műsor</strong></p>
<p><strong>Duke Ellington: Sacred Music</strong></p>
<p><strong> </strong></p>
<p>Jegyár: 4.400 Ft</p>
<p><strong>Kedvezmény:</strong></p>
<p>A Filharmónia felnőtt sorozatainak bérlettulajdonosai saját bérletük felmutatásával 20% kedvezményre jogosultak a Filharmónia minden további felnőtt programjára az ország egész területén, koncertenként 1 jegy erejéig.</p>
<p>Jegyek válthatók a Filharmónia Magyarország Nonprofit Kft. jegyirodájában (Miskolc, Kossuth u. 3., +36 46 505 656, miskolc@filharmonia.hu), valamint az előadás előtt a helyszínen.</p>
<p>A vásárláskor a következő készpénz-helyettesítő eszközöket fogadjuk el: bankkártya (kivéve American Express hitelkártya), SZÉP kártya (OTP, K&amp;H, MKB), Erzsébetutalvány plusz kártya, Sodexo Ajándék utalvány, Sodexo Kultúra utalvány, Kultúra Erzsébet-utalvány, Posta Paletta Ajándék utalvány, Top prémium ajándékutalvány.</p>
<p>A műsor-, időpont-, a helyszín- és a szereplőváltoztatás jogát fenntartjuk, melynek függvényében a jegyár is változhat.</p>

Nemzeti Énekkar_2018.09.17@MNF_Csatlós Norbert_094

Nemzeti-Énekkar_2018.09.17@MNF_Csatlós-Norbert_094.jpg

https://www.filharmonikusok.hu/wp-content/uploads/2018/03/Nemzeti-Énekkar_2018.09.17@MNF_Csatlós-Norbert_094.jpg

https://www.filharmonikusok.hu/wp-content/uploads/2018/03/Nemzeti-Énekkar_2018.09.17@MNF_Csatlós-Norbert_094-150x150.jpg

https://www.filharmonikusok.hu/wp-content/uploads/2018/03/Nemzeti-Énekkar_2018.09.17@MNF_Csatlós-Norbert_094-300x200.jpg

https://www.filharmonikusok.hu/wp-content/uploads/2018/03/Nemzeti-Énekkar_2018.09.17@MNF_Csatlós-Norbert_094-768x512.jpg

https://www.filharmonikusok.hu/wp-content/uploads/2018/03/Nemzeti-Énekkar_2018.09.17@MNF_Csatlós-Norbert_094-1024x683.jpg

https://www.filharmonikusok.hu/wp-content/uploads/2018/03/Nemzeti-Énekkar_2018.09.17@MNF_Csatlós-Norbert_094-165x165.jpg

https://www.filharmonikusok.hu/wp-content/uploads/2018/03/Nemzeti-Énekkar_2018.09.17@MNF_Csatlós-Norbert_094-263x263.jpg

https://www.filharmonikusok.hu/wp-content/uploads/2018/03/Nemzeti-Énekkar_2018.09.17@MNF_Csatlós-Norbert_094-360x203.jpg

https://www.filharmonikusok.hu/wp-content/uploads/2018/03/Nemzeti-Énekkar_2018.09.17@MNF_Csatlós-Norbert_094-359x450.jpg

https://www.filharmonikusok.hu/wp-content/uploads/2018/03/Nemzeti-Énekkar_2018.09.17@MNF_Csatlós-Norbert_094-555x555.jpg

https://www.filharmonikusok.hu/wp-content/uploads/2018/03/Nemzeti-Énekkar_2018.09.17@MNF_Csatlós-Norbert_094-1600x722.jpg

{:hu}Művészetek Háza Miskolc{:}{:en}House of Arts{:}
