{"id":100873,"date":"2017-03-16T14:10:54","date_gmt":"2017-03-16T14:10:54","guid":{"rendered":"http:\/\/www.filharmonikusok.hu\/?post_type=concerts&#038;p=100873"},"modified":"2017-03-16T14:10:54","modified_gmt":"2017-03-16T14:10:54","slug":"uton-zene-beremend","status":"publish","type":"concerts","link":"https:\/\/www.filharmonikusok.hu\/en\/koncertek\/uton-zene-beremend\/","title":{"rendered":"\u00daton a zene &#8211; Beremend"},"content":{"rendered":"","protected":false},"template":"","class_list":["post-100873","concerts","type-concerts","status-publish","hentry"],"translation":{"provider":"WPGlobus","version":"3.0.2","language":"en","enabled_languages":["hu","en"],"languages":{"hu":{"title":true,"content":false,"excerpt":false},"en":{"title":false,"content":false,"excerpt":false}}},"acf":{"alcim":"","kiemelt_kep":{"ID":97548,"id":97548,"title":"music-581732_1920","filename":"music-581732_1920-1.jpg","filesize":597681,"url":"https:\/\/www.filharmonikusok.hu\/wp-content\/uploads\/2016\/10\/music-581732_1920-1.jpg","link":"https:\/\/www.filharmonikusok.hu\/en\/koncertek\/uton-a-zene-karcag\/music-581732_1920-2\/","alt":"","author":"3","description":"zene \u00e1ltal\u00e1nos","caption":"","name":"music-581732_1920-2","status":"inherit","uploaded_to":97145,"date":"2016-10-18 15:41:23","modified":"2017-03-23 15:36:11","menu_order":0,"mime_type":"image\/jpeg","type":"image","subtype":"jpeg","icon":"https:\/\/www.filharmonikusok.hu\/wp-includes\/images\/media\/default.png","width":1920,"height":1440,"sizes":{"thumbnail":"https:\/\/www.filharmonikusok.hu\/wp-content\/uploads\/2016\/10\/music-581732_1920-1-150x150.jpg","thumbnail-width":150,"thumbnail-height":150,"medium":"https:\/\/www.filharmonikusok.hu\/wp-content\/uploads\/2016\/10\/music-581732_1920-1-300x225.jpg","medium-width":300,"medium-height":225,"medium_large":"https:\/\/www.filharmonikusok.hu\/wp-content\/uploads\/2016\/10\/music-581732_1920-1-768x576.jpg","medium_large-width":640,"medium_large-height":480,"large":"https:\/\/www.filharmonikusok.hu\/wp-content\/uploads\/2016\/10\/music-581732_1920-1-1024x768.jpg","large-width":640,"large-height":480,"1536x1536":"https:\/\/www.filharmonikusok.hu\/wp-content\/uploads\/2016\/10\/music-581732_1920-1.jpg","1536x1536-width":1536,"1536x1536-height":1152,"2048x2048":"https:\/\/www.filharmonikusok.hu\/wp-content\/uploads\/2016\/10\/music-581732_1920-1.jpg","2048x2048-width":1920,"2048x2048-height":1440,"person-size":"https:\/\/www.filharmonikusok.hu\/wp-content\/uploads\/2016\/10\/music-581732_1920-1-165x165.jpg","person-size-width":165,"person-size-height":165,"person-size-2":"https:\/\/www.filharmonikusok.hu\/wp-content\/uploads\/2016\/10\/music-581732_1920-1.jpg","person-size-2-width":165,"person-size-2-height":124,"album-size":"https:\/\/www.filharmonikusok.hu\/wp-content\/uploads\/2016\/10\/music-581732_1920-1-263x263.jpg","album-size-width":263,"album-size-height":263,"news-lead-size":"https:\/\/www.filharmonikusok.hu\/wp-content\/uploads\/2016\/10\/music-581732_1920-1-360x203.jpg","news-lead-size-width":360,"news-lead-size-height":203,"director-index-size":"https:\/\/www.filharmonikusok.hu\/wp-content\/uploads\/2016\/10\/music-581732_1920-1-359x450.jpg","director-index-size-width":359,"director-index-size-height":450,"person-lead-size":"https:\/\/www.filharmonikusok.hu\/wp-content\/uploads\/2016\/10\/music-581732_1920-1-555x555.jpg","person-lead-size-width":555,"person-lead-size-height":555,"slider-size":"https:\/\/www.filharmonikusok.hu\/wp-content\/uploads\/2016\/10\/music-581732_1920-1-1600x722.jpg","slider-size-width":1600,"slider-size-height":722}},"kiemelt_kep_en":null,"megjegyzes":"","esemeny_datum":"20170323","esemeny_idopontja":"14.30 - 15.30","sajat_program":true,"esemeny_tipusa":["iskolai_program"],"esemeny_helyszine":{"ID":100868,"post_author":"3","post_date":"2017-03-16 14:01:59","post_date_gmt":"2017-03-16 14:01:59","post_content":"","post_title":"Beremendi \u00c1ltal\u00e1nos Iskola \u00e9s Alapfok\u00fa M\u0171v\u00e9szeti Iskola","post_excerpt":"","post_status":"publish","comment_status":"closed","ping_status":"closed","post_password":"","post_name":"beremendi-altalanos-iskola-es-alapfoku-muveszeti-iskola","to_ping":"","pinged":"","post_modified":"2017-03-16 14:01:59","post_modified_gmt":"2017-03-16 14:01:59","post_content_filtered":"","post_parent":0,"guid":"http:\/\/www.filharmonikusok.hu\/?post_type=places&#038;p=100868","menu_order":0,"post_type":"places","post_mime_type":"","comment_count":"0","filter":"raw","varos":"Beremend","orszag":"Magyarorsz\u00e1g","cim":"7827 Beremend, Szabads\u00e1g t\u00e9r 11.","megjegyzes":"","weboldal":""},"helyszin_kategoria":"videk","karmester":null,"hazigazda":null,"muvek":[],"muvekrol_reszletesen":null,"kozr_szemelyek":[],"muveszekrol_reszletesen":null,"kozr_szemelyek_feluldefinialasa":"<p><strong>Kora kereszt\u00e9ny \u00e9s renesz\u00e1nsz dallamok<\/strong><\/p>\n<p><strong>Haydn\u00a0 <\/strong><em>Szeren\u00e1d<\/em><\/p>\n<p><strong>Boccherini\u00a0 <\/strong><em>Menuette<\/em><\/p>\n<p><strong>Mozart <\/strong><em>Du\u00f3k &#8211; 2 r\u00e9szlet a Var\u00e1zsfuvola c. oper\u00e1b\u00f3l<\/em><\/p>\n<p><strong>Erkel\u00a0 <\/strong><em>Palot\u00e1s<\/em><\/p>\n<p><strong>Bart\u00f3k\u00a0 <\/strong><em>44 heged\u0171du\u00f3\u00a0 &#8211; v\u00e1logat\u00e1s<\/em><strong><br \/>\n<\/strong><\/p>\n<p>P\u00e1n\u00e1s t\u00e1nc<\/p>\n<p>Sz\u00fanyogt\u00e1nc<\/p>\n<p>Megfogtam egy sz\u00fanyogot \u2013 k\u00f6z\u00f6s \u00e9nekl\u00e9s<\/p>\n<p>Ugyan \u00e9des kom\u00e1masszony<\/p>\n<p>Dudan\u00f3ta<\/p>\n<p><strong>Kod\u00e1ly\u00a0 <\/strong><em>Esti dal \u2013 k\u00f6z\u00f6s \u00e9nekl\u00e9s<\/em><\/p>\n<p><strong>Razek\u00a0 <\/strong><em>Macskakvartett<\/em><\/p>\n<p><em>Meglepet\u00e9s <\/em><\/p>\n<p><strong>K\u00f6zrem\u0171k\u00f6dnek a Nemzeti Filharmonikus Zenekar m\u0171v\u00e9szei<\/strong><\/p>\n<p><strong>Szab\u00f3 Krisztina<\/strong>\u00a0 heged\u0171<\/p>\n<p><strong>Szegleti Bernadett<\/strong> \u00a0 heged\u0171<\/p>\n<p><strong>Luk\u00e1cs T\u00fcnde \u00a0<\/strong> gordonka<\/p>\n<p><strong>Moh\u00e1csi Gyula<\/strong>\u00a0 br\u00e1csa<\/p>\n","kozr_intezmenyek":[],"gombtipus":"link","jegyarak":"0 Ft","hivatkozas_gomb_szovege":"ingyenes","hivatkozas_gomg_url-je":"","youtube_id":"","old_id":""},"publishpress_future_workflow_manual_trigger":{"enabledWorkflows":[]},"_links":{"self":[{"href":"https:\/\/www.filharmonikusok.hu\/en\/wp-json\/wp\/v2\/concerts\/100873","targetHints":{"allow":["GET"]}}],"collection":[{"href":"https:\/\/www.filharmonikusok.hu\/en\/wp-json\/wp\/v2\/concerts"}],"about":[{"href":"https:\/\/www.filharmonikusok.hu\/en\/wp-json\/wp\/v2\/types\/concerts"}],"wp:attachment":[{"href":"https:\/\/www.filharmonikusok.hu\/en\/wp-json\/wp\/v2\/media?parent=100873"}],"curies":[{"name":"wp","href":"https:\/\/api.w.org\/{rel}","templated":true}]}}

Úton a zene &#8211; Beremend

zene általános

Beremendi Általános Iskola és Alapfokú Művészeti Iskola

Magyarország

7827 Beremend, Szabadság tér 11.

<p><strong>Kora keresztény és reneszánsz dallamok</strong></p>
<p><strong>Haydn  </strong><em>Szerenád</em></p>
<p><strong>Boccherini  </strong><em>Menuette</em></p>
<p><strong>Mozart </strong><em>Duók &#8211; 2 részlet a Varázsfuvola c. operából</em></p>
<p><strong>Erkel  </strong><em>Palotás</em></p>
<p><strong>Bartók  </strong><em>44 hegedűduó  &#8211; válogatás</em><strong><br />
</strong></p>
<p>Pánás tánc</p>
<p>Szúnyogtánc</p>
<p>Megfogtam egy szúnyogot – közös éneklés</p>
<p>Ugyan édes komámasszony</p>
<p>Dudanóta</p>
<p><strong>Kodály  </strong><em>Esti dal – közös éneklés</em></p>
<p><strong>Razek  </strong><em>Macskakvartett</em></p>
<p><em>Meglepetés </em></p>
<p><strong>Közreműködnek a Nemzeti Filharmonikus Zenekar művészei</strong></p>
<p><strong>Szabó Krisztina</strong>  hegedű</p>
<p><strong>Szegleti Bernadett</strong>   hegedű</p>
<p><strong>Lukács Tünde  </strong> gordonka</p>
<p><strong>Mohácsi Gyula</strong>  brácsa</p>
