{"id":96397,"date":"2016-09-21T09:47:37","date_gmt":"2016-09-21T09:47:37","guid":{"rendered":"http:\/\/www.filharmonikusok.hu\/?post_type=artists&#038;p=96397"},"modified":"2018-05-29T08:35:30","modified_gmt":"2018-05-29T08:35:30","slug":"szemere-zita","status":"publish","type":"artists","link":"https:\/\/www.filharmonikusok.hu\/en\/artists\/szemere-zita\/","title":{"rendered":"Zita Szemere"},"content":{"rendered":"<p>Szemere Zita, a p\u00e1lyakezd\u0151 \u00e9nekes gener\u00e1ci\u00f3 kiemelked\u0151 tagja, a Liszt Ferenc Zenem\u0171v\u00e9szeti Egyetemen diplom\u00e1zott 2014-ben, N\u00e1dor Magda n\u00f6vend\u00e9kek\u00e9nt, de r\u00e9szt vett t\u00f6bbek k\u00f6zt Sass Sylvia, Nicolas Clapton, Marton \u00c9va \u00e9s Hamari J\u00falia mesterkurzusain is.\u00a0Sikereit 2011-ben, a Nemzetk\u00f6zi Sim\u00e1ndy J\u00f3zsef \u00c9nekversenyen el\u00e9rt gy\u0151zelm\u00e9vel alapozta meg; k\u00e9t \u00e9vvel k\u00e9s\u0151bb, m\u00e9g egyetemi \u00e9vei alatt csatlakozott a Szegedi Nemzeti Sz\u00ednh\u00e1z, 2014-ben pedig az Operah\u00e1z t\u00e1rsulat\u00e1hoz. Az Andr\u00e1ssy \u00fati dalsz\u00ednh\u00e1zban Mozart, Donizetti, Kacs\u00f3h, Gounod, Purcell \u00e9s Tall\u00e9r Zs\u00f3fia m\u0171veiben l\u00e9pett sz\u00ednpadra a 2015\u20132016-os \u00e9vadban. Szegeden a Rigoletto Gild\u00e1jak\u00e9nt l\u00e1thatta a k\u00f6z\u00f6ns\u00e9g, ebben a szerepben 2012-ben deb\u00fct\u00e1lt, \u00e9s ebben a szerepben mutatkozhatott be 2013-ban a ausztriai KlassicFestival Schloss Kirchstetten komolyzenei fesztiv\u00e1lon is. A Szegedi Szabadt\u00e9ri J\u00e1t\u00e9kokon 2015-ben Oscart alak\u00edtotta Az \u00e1larcosb\u00e1l c\u00edm\u0171 Verdi-oper\u00e1ban. A kritik\u00e1k szerint \u201ea fiatal \u00e9nekesn\u0151 k\u00f6nnyed, cseng\u0151 hanggal rendelkezik, igazi \u00e9lm\u00e9ny \u0151t hallgatni. (\u2026) Alak\u00edt\u00e1s\u00e1t is dics\u00e9ret illeti, a sz\u00ednpadot bej\u00e1tsz\u00f3, rokonszenves le\u00e1nyfigur\u00e1j\u00e1nak nagy szerepe volt az el\u0151ad\u00e1s eg\u00e9sz\u00e9nek siker\u00e9ben\u201d.<\/p>\n","protected":false},"menu_order":0,"template":"","class_list":["post-96397","artists","type-artists","status-publish","hentry"],"translation":{"provider":"WPGlobus","version":"3.0.2","language":"en","enabled_languages":["hu","en"],"languages":{"hu":{"title":true,"content":true,"excerpt":false},"en":{"title":true,"content":false,"excerpt":false}}},"acf":{"bevezeto_szoveg":"<p>Sikereit 2011-ben, a Nemzetk\u00f6zi Sim\u00e1ndy J\u00f3zsef \u00c9nekversenyen el\u00e9rt gy\u0151zelm\u00e9vel alapozta meg. A kritik\u00e1k szerint \u201ea fiatal \u00e9nekesn\u0151 k\u00f6nnyed, cseng\u0151 hanggal rendelkezik, igazi \u00e9lm\u00e9ny \u0151t hallgatni.\" <\/p>\n","rovid_nev":"Szemere Zita","katalogus_nev":"Szemere Zita","hangszerek":"{:hu}szopr\u00e1n{:}{:en}soprano{:}","szemely_kategoria":"{:hu}vend\u00e9gm\u0171v\u00e9sz{:}{:en}guest artist{:}","oldal_megjelenes":["vendeg"],"kiemelt_kep":{"ID":96398,"id":96398,"title":"Szemere Zita","filename":"SNR3386-Edit.jpg","filesize":1443357,"url":"https:\/\/www.filharmonikusok.hu\/wp-content\/uploads\/2016\/09\/SNR3386-Edit.jpg","link":"https:\/\/www.filharmonikusok.hu\/en\/artists\/szemere-zita\/_snr3386-edit\/","alt":"","author":"3","description":"","caption":"","name":"_snr3386-edit","status":"inherit","uploaded_to":96397,"date":"2016-09-21 09:42:20","modified":"2016-09-21 09:42:38","menu_order":0,"mime_type":"image\/jpeg","type":"image","subtype":"jpeg","icon":"https:\/\/www.filharmonikusok.hu\/wp-includes\/images\/media\/default.png","width":3192,"height":2124,"sizes":{"thumbnail":"https:\/\/www.filharmonikusok.hu\/wp-content\/uploads\/2016\/09\/SNR3386-Edit-150x150.jpg","thumbnail-width":150,"thumbnail-height":150,"medium":"https:\/\/www.filharmonikusok.hu\/wp-content\/uploads\/2016\/09\/SNR3386-Edit-300x200.jpg","medium-width":300,"medium-height":200,"medium_large":"https:\/\/www.filharmonikusok.hu\/wp-content\/uploads\/2016\/09\/SNR3386-Edit-768x511.jpg","medium_large-width":640,"medium_large-height":426,"large":"https:\/\/www.filharmonikusok.hu\/wp-content\/uploads\/2016\/09\/SNR3386-Edit-1024x681.jpg","large-width":640,"large-height":426,"1536x1536":"https:\/\/www.filharmonikusok.hu\/wp-content\/uploads\/2016\/09\/SNR3386-Edit.jpg","1536x1536-width":1536,"1536x1536-height":1022,"2048x2048":"https:\/\/www.filharmonikusok.hu\/wp-content\/uploads\/2016\/09\/SNR3386-Edit.jpg","2048x2048-width":2048,"2048x2048-height":1363,"person-size":"https:\/\/www.filharmonikusok.hu\/wp-content\/uploads\/2016\/09\/SNR3386-Edit-165x165.jpg","person-size-width":165,"person-size-height":165,"person-size-2":"https:\/\/www.filharmonikusok.hu\/wp-content\/uploads\/2016\/09\/SNR3386-Edit.jpg","person-size-2-width":165,"person-size-2-height":110,"album-size":"https:\/\/www.filharmonikusok.hu\/wp-content\/uploads\/2016\/09\/SNR3386-Edit-263x263.jpg","album-size-width":263,"album-size-height":263,"news-lead-size":"https:\/\/www.filharmonikusok.hu\/wp-content\/uploads\/2016\/09\/SNR3386-Edit-360x203.jpg","news-lead-size-width":360,"news-lead-size-height":203,"director-index-size":"https:\/\/www.filharmonikusok.hu\/wp-content\/uploads\/2016\/09\/SNR3386-Edit-359x450.jpg","director-index-size-width":359,"director-index-size-height":450,"person-lead-size":"https:\/\/www.filharmonikusok.hu\/wp-content\/uploads\/2016\/09\/SNR3386-Edit-555x555.jpg","person-lead-size-width":555,"person-lead-size-height":555,"slider-size":"https:\/\/www.filharmonikusok.hu\/wp-content\/uploads\/2016\/09\/SNR3386-Edit-1600x722.jpg","slider-size-width":1600,"slider-size-height":722}},"videok":false,"kiemeles_menube":false,"old_id":"","szolamvezeto":false},"publishpress_future_workflow_manual_trigger":{"enabledWorkflows":[]},"_links":{"self":[{"href":"https:\/\/www.filharmonikusok.hu\/en\/wp-json\/wp\/v2\/artists\/96397","targetHints":{"allow":["GET"]}}],"collection":[{"href":"https:\/\/www.filharmonikusok.hu\/en\/wp-json\/wp\/v2\/artists"}],"about":[{"href":"https:\/\/www.filharmonikusok.hu\/en\/wp-json\/wp\/v2\/types\/artists"}],"wp:attachment":[{"href":"https:\/\/www.filharmonikusok.hu\/en\/wp-json\/wp\/v2\/media?parent=96397"}],"curies":[{"name":"wp","href":"https:\/\/api.w.org\/{rel}","templated":true}]}}

<p>Szemere Zita, a pályakezdő énekes generáció kiemelkedő tagja, a Liszt Ferenc Zeneművészeti Egyetemen diplomázott 2014-ben, Nádor Magda növendékeként, de részt vett többek közt Sass Sylvia, Nicolas Clapton, Marton Éva és Hamari Júlia mesterkurzusain is. Sikereit 2011-ben, a Nemzetközi Simándy József Énekversenyen elért győzelmével alapozta meg; két évvel később, még egyetemi évei alatt csatlakozott a Szegedi Nemzeti Színház, 2014-ben pedig az Operaház társulatához. Az Andrássy úti dalszínházban Mozart, Donizetti, Kacsóh, Gounod, Purcell és Tallér Zsófia műveiben lépett színpadra a 2015–2016-os évadban. Szegeden a Rigoletto Gildájaként láthatta a közönség, ebben a szerepben 2012-ben debütált, és ebben a szerepben mutatkozhatott be 2013-ban a ausztriai KlassicFestival Schloss Kirchstetten komolyzenei fesztiválon is. A Szegedi Szabadtéri Játékokon 2015-ben Oscart alakította Az álarcosbál című Verdi-operában. A kritikák szerint „a fiatal énekesnő könnyed, csengő hanggal rendelkezik, igazi élmény őt hallgatni. (…) Alakítását is dicséret illeti, a színpadot bejátszó, rokonszenves leányfigurájának nagy szerepe volt az előadás egészének sikerében”.</p>

<p>Sikereit 2011-ben, a Nemzetközi Simándy József Énekversenyen elért győzelmével alapozta meg. A kritikák szerint „a fiatal énekesnő könnyed, csengő hanggal rendelkezik, igazi élmény őt hallgatni." </p>

{:hu}szoprán{:}{:en}soprano{:}

{:hu}vendégművész{:}{:en}guest artist{:}
