{"id":96374,"date":"2016-10-21T19:36:46","date_gmt":"2016-10-21T19:36:46","guid":{"rendered":"http:\/\/www.filharmonikusok.hu\/?post_type=artists&#038;p=96374"},"modified":"2016-10-21T19:36:46","modified_gmt":"2016-10-21T19:36:46","slug":"farkas-robert","status":"publish","type":"artists","link":"https:\/\/www.filharmonikusok.hu\/en\/artists\/farkas-robert\/","title":{"rendered":"Farkas R\u00f3bert"},"content":{"rendered":"<p>Farkas R\u00f3bert 1982-ben sz\u00fcletett \u00d3zdon. Zenei tanulm\u00e1nyait 8 \u00e9vesen kezdte Hevesen, majd a miskolci illetve budapesti Bart\u00f3k B\u00e9la Zenem\u0171v\u00e9szeti Szakk\u00f6z\u00e9piskol\u00e1ban szolf\u00e9zs-zeneelm\u00e9let \u00e9s zongora szakon v\u00e9gzett. A Zeneakad\u00e9mia \u00e9nek-zenetan\u00e1r-karvezet\u00e9s diplom\u00e1ja, valamint karmesterk\u00e9pz\u0151ben elkezdett tanulm\u00e1nyai ut\u00e1n 2006-ban egy \u00f6szt\u00f6nd\u00edjnak k\u00f6sz\u00f6nhet\u0151en a berlini Universit\u00e4t der K\u00fcnste-n folytatta k\u00e9pz\u00e9s\u00e9t \u00e9s 2012-ben v\u00e9gzett Lutz K\u00f6hler oszt\u00e1ly\u00e1ban. Az egyetem utols\u00f3 \u00e9v\u00e9ben a Lovro von Matacic karmester versenyen 3. helyez\u00e9st \u00e9rt el \u00e9s megkapta a Horv\u00e1t Zeneszerz\u0151k T\u00e1rsas\u00e1g\u00e1nak k\u00fcl\u00f6nd\u00edj\u00e1t valamint a Horv\u00e1t R\u00e1di\u00f3- \u00e9s Telev\u00edzi\u00f3 zenekar\u00e1nak d\u00edj\u00e1t.<\/p>\n<p>Az egyetem ut\u00e1n a Staatsoper Unter den Linden Berlin korrepet\u00edtora \u00e9s zenei asszisztense volt olyan produkci\u00f3kban, mint Sosztakovics: Moszka, Cserjomuski, Hindemith-Brecht: Lehrst\u00fcck valamint John Cage: Europeras 3&amp;4. K\u00e9s\u00f6bb a Theater und Orchester Heidelberg zenei asszisztense \u00e9s korrepet\u00edtorak\u00e9nt Wolfgang Rihm: Dionysos c\u00edm\u00fc oper\u00e1j\u00e1nak 2. n\u00e9met bemutat\u00f3j\u00e1t el\u0151k\u00e9sz\u00edt\u00e9s\u00e9n \u00e9s betan\u00edt\u00e1s\u00e1n dolgozott. A nagy siker\u0171 deb\u00fct\u00e1l\u00e1snak k\u00f6sz\u00f6nhet\u0151en az operah\u00e1z korrepetitora \u00e9s karmestere volt h\u00e1rom \u00e9ven kereszt\u00fcl. Erdekl\u0151d\u00e9se a modern zene ir\u00e1nt olyan produkci\u00f3khoz vezette, mint p\u00e9ld\u00e1ul a t\u00e1ncoperak\u00e9nt bemutatott Philipp Glass Echnaton cim\u00fc oper\u00e1ja vagy Christian Jost: Rumor cim\u00fc m\u00fcve. Ezen k\u00edv\u00fcl r\u00e9szt vett \u0151sbemutat\u00f3k el\u0151k\u00e9sz\u00fcletein, ahol a zeneszerz\u0151k szem\u00e9lyes asszisztensek\u00e9nt m\u0171k\u00f6d\u00f6tt k\u00f6zre. Nev\u00e9hez f\u0171z\u0151dik Peter Maxwell Davis: The Turn oft he Tide cim\u00fc m\u0171v\u00e9nek n\u00e9metorsz\u00e1gi bemutat\u00e1sa. 2016-ban dolgozott David Robertsonnal \u00e9s az Echo Klassik g\u00e1lakoncert betan\u00edt\u00f3 karmesterek\u00e9nt Pablo Heras Casadoval is. 2013-ban Berlinben kapcsolatba ker\u00fclt Fischer Iv\u00e1nnal, akivel az\u00f3ta a Konzerthausorchestern\u00e9l, 2015 \u00f3ta pedig a Budapest Fesztiv\u00e1lzenekarn\u00e1l dolgoznak egy\u00fctt \u00e9s asszisztensk\u00e9nt seg\u00edti a zenekarok koncertjeinek illetve turn\u00e9inak el\u0151k\u00e9sz\u00fcleteit.<\/p>\n<p>Farkas R\u00f3bert a fent eml\u00edtett zenekarok mellett olyan egy\u00fcttesekkel dolgozott egy\u00fctt, mint p\u00e9ld\u00e1ul a Berliner Symphoniker, a Luzern Festivalstrings, a Philharmonisches Kammerorchester Wernigerode, Collegium Musicum Pommersfelden Iifj\u00fas\u00e1gi Zenekar vagy a Szombathelyi Szimfonikus Zenekar. Jelenleg Berlinben \u00e9l \u00e9s dolgozik.<\/p>\n<p>&nbsp;<\/p>\n","protected":false},"menu_order":0,"template":"","class_list":["post-96374","artists","type-artists","status-publish","hentry"],"translation":{"provider":"WPGlobus","version":"3.0.2","language":"en","enabled_languages":["hu","en"],"languages":{"hu":{"title":true,"content":true,"excerpt":false},"en":{"title":false,"content":false,"excerpt":false}}},"acf":{"bevezeto_szoveg":"<p>A Zeneakad\u00e9mia \u00e9nek-zenetan\u00e1r-karvezet\u00e9s diplom\u00e1ja, valamint karmesterk\u00e9pz\u0151ben elkezdett tanulm\u00e1nyai ut\u00e1n 2006-ban egy \u00f6szt\u00f6nd\u00edjnak k\u00f6sz\u00f6nhet\u0151en a berlini Universit\u00e4t der K\u00fcnste-n folytatta k\u00e9pz\u00e9s\u00e9t \u00e9s 2012-ben v\u00e9gzett Lutz K\u00f6hler oszt\u00e1ly\u00e1ban.<\/p>\n","rovid_nev":"Farkas R\u00f3bert","katalogus_nev":"Farkas R\u00f3bert","hangszerek":"","szemely_kategoria":"{:hu}karmester{:}{:en}conductor{:}","oldal_megjelenes":["vendeg"],"kiemelt_kep":{"ID":96758,"id":96758,"title":"Farkas R\u00f3bert","filename":"TGZ7780.jpg","filesize":3274429,"url":"https:\/\/www.filharmonikusok.hu\/wp-content\/uploads\/2016\/06\/TGZ7780.jpg","link":"https:\/\/www.filharmonikusok.hu\/en\/_tgz7780\/","alt":"","author":"3","description":"","caption":"","name":"_tgz7780","status":"inherit","uploaded_to":0,"date":"2016-10-04 13:05:22","modified":"2016-10-21 19:36:24","menu_order":0,"mime_type":"image\/jpeg","type":"image","subtype":"jpeg","icon":"https:\/\/www.filharmonikusok.hu\/wp-includes\/images\/media\/default.png","width":2832,"height":4256,"sizes":{"thumbnail":"https:\/\/www.filharmonikusok.hu\/wp-content\/uploads\/2016\/06\/TGZ7780-150x150.jpg","thumbnail-width":150,"thumbnail-height":150,"medium":"https:\/\/www.filharmonikusok.hu\/wp-content\/uploads\/2016\/06\/TGZ7780-200x300.jpg","medium-width":200,"medium-height":300,"medium_large":"https:\/\/www.filharmonikusok.hu\/wp-content\/uploads\/2016\/06\/TGZ7780-768x1154.jpg","medium_large-width":640,"medium_large-height":962,"large":"https:\/\/www.filharmonikusok.hu\/wp-content\/uploads\/2016\/06\/TGZ7780-681x1024.jpg","large-width":640,"large-height":962,"1536x1536":"https:\/\/www.filharmonikusok.hu\/wp-content\/uploads\/2016\/06\/TGZ7780.jpg","1536x1536-width":1022,"1536x1536-height":1536,"2048x2048":"https:\/\/www.filharmonikusok.hu\/wp-content\/uploads\/2016\/06\/TGZ7780.jpg","2048x2048-width":1363,"2048x2048-height":2048,"person-size":"https:\/\/www.filharmonikusok.hu\/wp-content\/uploads\/2016\/06\/TGZ7780-165x165.jpg","person-size-width":165,"person-size-height":165,"person-size-2":"https:\/\/www.filharmonikusok.hu\/wp-content\/uploads\/2016\/06\/TGZ7780.jpg","person-size-2-width":146,"person-size-2-height":220,"album-size":"https:\/\/www.filharmonikusok.hu\/wp-content\/uploads\/2016\/06\/TGZ7780-263x263.jpg","album-size-width":263,"album-size-height":263,"news-lead-size":"https:\/\/www.filharmonikusok.hu\/wp-content\/uploads\/2016\/06\/TGZ7780-360x203.jpg","news-lead-size-width":360,"news-lead-size-height":203,"director-index-size":"https:\/\/www.filharmonikusok.hu\/wp-content\/uploads\/2016\/06\/TGZ7780-359x450.jpg","director-index-size-width":359,"director-index-size-height":450,"person-lead-size":"https:\/\/www.filharmonikusok.hu\/wp-content\/uploads\/2016\/06\/TGZ7780-555x555.jpg","person-lead-size-width":555,"person-lead-size-height":555,"slider-size":"https:\/\/www.filharmonikusok.hu\/wp-content\/uploads\/2016\/06\/TGZ7780-1600x722.jpg","slider-size-width":1600,"slider-size-height":722}},"videok":false,"kiemeles_menube":false,"old_id":""},"publishpress_future_workflow_manual_trigger":{"enabledWorkflows":[]},"_links":{"self":[{"href":"https:\/\/www.filharmonikusok.hu\/en\/wp-json\/wp\/v2\/artists\/96374","targetHints":{"allow":["GET"]}}],"collection":[{"href":"https:\/\/www.filharmonikusok.hu\/en\/wp-json\/wp\/v2\/artists"}],"about":[{"href":"https:\/\/www.filharmonikusok.hu\/en\/wp-json\/wp\/v2\/types\/artists"}],"wp:attachment":[{"href":"https:\/\/www.filharmonikusok.hu\/en\/wp-json\/wp\/v2\/media?parent=96374"}],"curies":[{"name":"wp","href":"https:\/\/api.w.org\/{rel}","templated":true}]}}

Farkas Róbert

<p>Farkas Róbert 1982-ben született Ózdon. Zenei tanulmányait 8 évesen kezdte Hevesen, majd a miskolci illetve budapesti Bartók Béla Zeneművészeti Szakközépiskolában szolfézs-zeneelmélet és zongora szakon végzett. A Zeneakadémia ének-zenetanár-karvezetés diplomája, valamint karmesterképzőben elkezdett tanulmányai után 2006-ban egy ösztöndíjnak köszönhetően a berlini Universität der Künste-n folytatta képzését és 2012-ben végzett Lutz Köhler osztályában. Az egyetem utolsó évében a Lovro von Matacic karmester versenyen 3. helyezést ért el és megkapta a Horvát Zeneszerzők Társaságának különdíját valamint a Horvát Rádió- és Televízió zenekarának díját.</p>
<p>Az egyetem után a Staatsoper Unter den Linden Berlin korrepetítora és zenei asszisztense volt olyan produkciókban, mint Sosztakovics: Moszka, Cserjomuski, Hindemith-Brecht: Lehrstück valamint John Cage: Europeras 3&amp;4. Késöbb a Theater und Orchester Heidelberg zenei asszisztense és korrepetítoraként Wolfgang Rihm: Dionysos címü operájának 2. német bemutatóját előkészítésén és betanításán dolgozott. A nagy sikerű debütálásnak köszönhetően az operaház korrepetitora és karmestere volt három éven keresztül. Erdeklődése a modern zene iránt olyan produkciókhoz vezette, mint például a táncoperaként bemutatott Philipp Glass Echnaton cimü operája vagy Christian Jost: Rumor cimü müve. Ezen kívül részt vett ősbemutatók előkészületein, ahol a zeneszerzők személyes asszisztenseként működött közre. Nevéhez fűződik Peter Maxwell Davis: The Turn oft he Tide cimü művének németországi bemutatása. 2016-ban dolgozott David Robertsonnal és az Echo Klassik gálakoncert betanító karmestereként Pablo Heras Casadoval is. 2013-ban Berlinben kapcsolatba került Fischer Ivánnal, akivel azóta a Konzerthausorchesternél, 2015 óta pedig a Budapest Fesztiválzenekarnál dolgoznak együtt és asszisztensként segíti a zenekarok koncertjeinek illetve turnéinak előkészületeit.</p>
<p>Farkas Róbert a fent említett zenekarok mellett olyan együttesekkel dolgozott együtt, mint például a Berliner Symphoniker, a Luzern Festivalstrings, a Philharmonisches Kammerorchester Wernigerode, Collegium Musicum Pommersfelden Iifjúsági Zenekar vagy a Szombathelyi Szimfonikus Zenekar. Jelenleg Berlinben él és dolgozik.</p>
<p>&nbsp;</p>

<p>A Zeneakadémia ének-zenetanár-karvezetés diplomája, valamint karmesterképzőben elkezdett tanulmányai után 2006-ban egy ösztöndíjnak köszönhetően a berlini Universität der Künste-n folytatta képzését és 2012-ben végzett Lutz Köhler osztályában.</p>
