{"id":87086,"date":"2019-11-06T09:59:57","date_gmt":"2019-11-06T09:59:57","guid":{"rendered":"http:\/\/www.filharmonikusok.hu\/?post_type=artists&#038;p=87086"},"modified":"2019-11-12T22:06:30","modified_gmt":"2019-11-12T22:06:30","slug":"erdi-tamas","status":"publish","type":"artists","link":"https:\/\/www.filharmonikusok.hu\/en\/artists\/erdi-tamas\/","title":{"rendered":"Tam\u00e1s \u00c9rdi"},"content":{"rendered":"<p style=\"text-align: justify;\"><img decoding=\"async\" style=\"width: 108px; height: 127px;\" src=\"http:\/\/www.filharmonikusok.hu\/wp-content\/uploads\/f\/image\/muveszek\/%C3%89rdi%20Tam%C3%A1s.jpg\" alt=\"\" align=\"left\" \/>Tam\u00e1s \u00c9rdi began playing the piano at the age of five, and has been pupil of Erika Becht ever since. He was eight years old, when he first appeared on a concert podium, and since then has regularly given concerts, played at festivals and been featured on television programs.<\/p>\n<p style=\"text-align: justify;\">Tam\u00e1s was born prematurely in Budapest, Hungary in 1979, and as a result of an oxygen overdose in a\u00a0 incubator lost his eyesight. Tam\u00e1s&#8217; instructors, Erika Becht and G\u00e1bor Eckhardt use &#8220;the structural method&#8221; to teach Tam\u00e1s whereby he virtually &#8220;recomposes&#8221; the music he is being taught. This process has enabled him to learn many piano scores as well as 12 concertos without use of eyesight.<\/p>\n<p style=\"text-align: justify;\">In 1995, Tam\u00e1s placed second at the Louis Braille International Music Competition in Moscow and two years later, despite being the youngest participant, he won first prize at the same competition. He was accepted in 1994 at the Vienna Music Academy into the class of Imola Jo\u00f3. His first recording was released in 1997 \u00a0and the second Mozart CD was released two years later\u00a0 with Tam\u00e1s Vasary and the Weiner-Sz\u00e1sz Chamber Orchestra.<br \/>\nTam\u00e1s \u00c9rdi regularly plays under the batons of Tam\u00e1s V\u00e1s\u00e1ry, Rico Saccani and Uri Mayer. On the basis of his first Mozart CD and the recommendations of these conductors, Tam\u00e1s was accepted by the Royal Conservatory of Music in Toronto to study with Professor Leon Fleisher, Marc Durand, and Jenny Regehr at the Gleen Gould Professional Piano School, and he obtained the Artist Diploma in 2002.\u00a0In 2008\u00a0he\u00a0received the Junior Prima Prize Awarded to talented individuals under 30 and\u00a0was awarded with\u00a0the\u00a0Prima Primissima\u00a0prize in 2010, which is the most prestigious professional recognition for Hungarian individuals by the private sector. In 2012 he received the &#8220;Order of Merit of the Hungarian Republic, Knight\u2019s Cross&#8221; state\u00a0recognition.<\/p>\n","protected":false},"menu_order":0,"template":"","class_list":["post-87086","artists","type-artists","status-publish","hentry"],"translation":{"provider":"WPGlobus","version":"3.0.2","language":"en","enabled_languages":["hu","en"],"languages":{"hu":{"title":true,"content":true,"excerpt":false},"en":{"title":true,"content":true,"excerpt":false}}},"acf":{"old_id":"642","rovid_nev":"Tam\u00e1s \u00c9rdi","katalogus_nev":"Tam\u00e1s \u00c9rdi","kiemelt_kep":{"ID":112168,"id":112168,"title":"erdi_tamas_harmos_reka","filename":"erdi_tamas_harmos_reka.jpg","filesize":160392,"url":"https:\/\/www.filharmonikusok.hu\/wp-content\/uploads\/2019\/07\/erdi_tamas_harmos_reka.jpg","link":"https:\/\/www.filharmonikusok.hu\/en\/artists\/erdi-tamas\/erdi_tamas_harmos_reka\/","alt":"","author":"951590","description":"","caption":"","name":"erdi_tamas_harmos_reka","status":"inherit","uploaded_to":87086,"date":"2019-11-04 16:17:46","modified":"2019-11-04 16:17:46","menu_order":0,"mime_type":"image\/jpeg","type":"image","subtype":"jpeg","icon":"https:\/\/www.filharmonikusok.hu\/wp-includes\/images\/media\/default.png","width":555,"height":555,"sizes":{"thumbnail":"https:\/\/www.filharmonikusok.hu\/wp-content\/uploads\/2019\/07\/erdi_tamas_harmos_reka-150x150.jpg","thumbnail-width":150,"thumbnail-height":150,"medium":"https:\/\/www.filharmonikusok.hu\/wp-content\/uploads\/2019\/07\/erdi_tamas_harmos_reka-300x300.jpg","medium-width":300,"medium-height":300,"medium_large":"https:\/\/www.filharmonikusok.hu\/wp-content\/uploads\/2019\/07\/erdi_tamas_harmos_reka.jpg","medium_large-width":555,"medium_large-height":555,"large":"https:\/\/www.filharmonikusok.hu\/wp-content\/uploads\/2019\/07\/erdi_tamas_harmos_reka.jpg","large-width":555,"large-height":555,"1536x1536":"https:\/\/www.filharmonikusok.hu\/wp-content\/uploads\/2019\/07\/erdi_tamas_harmos_reka.jpg","1536x1536-width":555,"1536x1536-height":555,"2048x2048":"https:\/\/www.filharmonikusok.hu\/wp-content\/uploads\/2019\/07\/erdi_tamas_harmos_reka.jpg","2048x2048-width":555,"2048x2048-height":555,"person-size":"https:\/\/www.filharmonikusok.hu\/wp-content\/uploads\/2019\/07\/erdi_tamas_harmos_reka-165x165.jpg","person-size-width":165,"person-size-height":165,"person-size-2":"https:\/\/www.filharmonikusok.hu\/wp-content\/uploads\/2019\/07\/erdi_tamas_harmos_reka-165x220.jpg","person-size-2-width":165,"person-size-2-height":220,"album-size":"https:\/\/www.filharmonikusok.hu\/wp-content\/uploads\/2019\/07\/erdi_tamas_harmos_reka-263x263.jpg","album-size-width":263,"album-size-height":263,"news-lead-size":"https:\/\/www.filharmonikusok.hu\/wp-content\/uploads\/2019\/07\/erdi_tamas_harmos_reka-360x203.jpg","news-lead-size-width":360,"news-lead-size-height":203,"director-index-size":"https:\/\/www.filharmonikusok.hu\/wp-content\/uploads\/2019\/07\/erdi_tamas_harmos_reka-359x450.jpg","director-index-size-width":359,"director-index-size-height":450,"person-lead-size":"https:\/\/www.filharmonikusok.hu\/wp-content\/uploads\/2019\/07\/erdi_tamas_harmos_reka.jpg","person-lead-size-width":555,"person-lead-size-height":555,"slider-size":"https:\/\/www.filharmonikusok.hu\/wp-content\/uploads\/2019\/07\/erdi_tamas_harmos_reka.jpg","slider-size-width":555,"slider-size-height":555}},"bevezeto_szoveg":"<p>Sokkal \u00e9rz\u00e9kenyebben ny\u00fal a billenty\u0171kh\u00f6z, mint a l\u00e1t\u00f3 emberek. \u00dagy hiszem, hogy az \u0151 j\u00e1t\u00e9k\u00e1ban bizonyos dinamikai tartom\u00e1nyokban olyan \u00e9rz\u00e9kenys\u00e9g van jelen, ami n\u00e1lunk term\u00e9szetszer\u0171leg nem lehets\u00e9ges.<\/p>\n","hangszerek":"{:hu}zongora{:}{:en}piano{:}","szemely_kategoria":"{:hu}vend\u00e9gm\u0171v\u00e9sz{:}{:en}guest artist{:}","oldal_megjelenes":[],"videok":false,"szolamvezeto":false,"kiemeles_menube":false,"szulesi_szabadsagon":false},"publishpress_future_workflow_manual_trigger":{"enabledWorkflows":[]},"_links":{"self":[{"href":"https:\/\/www.filharmonikusok.hu\/en\/wp-json\/wp\/v2\/artists\/87086","targetHints":{"allow":["GET"]}}],"collection":[{"href":"https:\/\/www.filharmonikusok.hu\/en\/wp-json\/wp\/v2\/artists"}],"about":[{"href":"https:\/\/www.filharmonikusok.hu\/en\/wp-json\/wp\/v2\/types\/artists"}],"wp:attachment":[{"href":"https:\/\/www.filharmonikusok.hu\/en\/wp-json\/wp\/v2\/media?parent=87086"}],"curies":[{"name":"wp","href":"https:\/\/api.w.org\/{rel}","templated":true}]}}

Tamás Érdi

<p style="text-align: justify;"><img decoding="async" style="width: 108px; height: 127px;" src="http://www.filharmonikusok.hu/wp-content/uploads/f/image/muveszek/%C3%89rdi%20Tam%C3%A1s.jpg" alt="" align="left" />Tamás Érdi began playing the piano at the age of five, and has been pupil of Erika Becht ever since. He was eight years old, when he first appeared on a concert podium, and since then has regularly given concerts, played at festivals and been featured on television programs.</p>
<p style="text-align: justify;">Tamás was born prematurely in Budapest, Hungary in 1979, and as a result of an oxygen overdose in a  incubator lost his eyesight. Tamás&#8217; instructors, Erika Becht and Gábor Eckhardt use &#8220;the structural method&#8221; to teach Tamás whereby he virtually &#8220;recomposes&#8221; the music he is being taught. This process has enabled him to learn many piano scores as well as 12 concertos without use of eyesight.</p>
<p style="text-align: justify;">In 1995, Tamás placed second at the Louis Braille International Music Competition in Moscow and two years later, despite being the youngest participant, he won first prize at the same competition. He was accepted in 1994 at the Vienna Music Academy into the class of Imola Joó. His first recording was released in 1997  and the second Mozart CD was released two years later  with Tamás Vasary and the Weiner-Szász Chamber Orchestra.<br />
Tamás Érdi regularly plays under the batons of Tamás Vásáry, Rico Saccani and Uri Mayer. On the basis of his first Mozart CD and the recommendations of these conductors, Tamás was accepted by the Royal Conservatory of Music in Toronto to study with Professor Leon Fleisher, Marc Durand, and Jenny Regehr at the Gleen Gould Professional Piano School, and he obtained the Artist Diploma in 2002. In 2008 he received the Junior Prima Prize Awarded to talented individuals under 30 and was awarded with the Prima Primissima prize in 2010, which is the most prestigious professional recognition for Hungarian individuals by the private sector. In 2012 he received the &#8220;Order of Merit of the Hungarian Republic, Knight’s Cross&#8221; state recognition.</p>

<p>Sokkal érzékenyebben nyúl a billentyűkhöz, mint a látó emberek. Úgy hiszem, hogy az ő játékában bizonyos dinamikai tartományokban olyan érzékenység van jelen, ami nálunk természetszerűleg nem lehetséges.</p>

{:hu}vendégművész{:}{:en}guest artist{:}
