{"id":86522,"date":"2020-04-26T13:36:15","date_gmt":"2020-04-26T13:36:15","guid":{"rendered":"http:\/\/www.filharmonikusok.hu\/?post_type=artists&#038;p=86522"},"modified":"2020-04-26T13:36:15","modified_gmt":"2020-04-26T13:36:15","slug":"johann-sebastian-bach","status":"publish","type":"artists","link":"https:\/\/www.filharmonikusok.hu\/en\/artists\/johann-sebastian-bach\/","title":{"rendered":"Johann Sebastian Bach"},"content":{"rendered":"<p><strong>(1685. m\u00e1rc. 21. &#8211; 1750. j\u00fal. 28.)<\/strong><br \/>\nBach Eisenachban sz\u00fcletett, nagy m\u00falt\u00fa, kiv\u00e1l\u00f3 zen\u00e9szek eg\u00e9sz sor\u00e1t felmutat\u00f3 csal\u00e1dba. A zenei ismeretek alapjait apj\u00e1t\u00f3l saj\u00e1t\u00edtotta el, tov\u00e1bbi tanulm\u00e1nyait a v\u00e1rosi gimn\u00e1ziumban folytatta. Sz\u00fclei kor\u00e1n &#8211; anyja 1794-ben, apja 1795-ben &#8211; meghaltak. B\u00e1tyj\u00e1hoz, Johann Cristoph-hoz ker\u00fclt, aki kor\u00e1bban a neves zeneszerz\u0151, Pachelbel tan\u00edtv\u00e1nya volt. \u0150 ismertette meg Johann Sebastiannal a zeneszerz\u00e9s \u00e9s az orgonaj\u00e1t\u00e9k m\u0171v\u00e9szet\u00e9t. 1700-ban beker\u00fclt a l\u00fcneburgi Mih\u00e1ly-kolostor intern\u00e1tus\u00e1ba. Zenei fejl\u0151d\u00e9s\u00e9re ebben az id\u0151szakban a l\u00fcneburgi gazdag hagyom\u00e1nyok &#8211; B\u00f6hm, L\u00f6we &#8211; valamint a t\u00f6bbsz\u00f6ri hamburgi utaz\u00e1sok gyakoroltak d\u00f6nt\u0151 hat\u00e1st.<br \/>\nEls\u0151 \u00e1ll\u00e1s\u00e1t 1703-ban t\u00f6lt\u00f6tte be Johann Ernst weimari herceg zenekar\u00e1ban, majd az arnstadti \u00daj Templom orgonist\u00e1ja lett. 1707-ben a m\u00fchlhauseni Szt. Blasius templomi orgonist\u00e1ja lett, ebben az \u00e9vben vette feles\u00e9g\u00fcl Maria Barbar\u00e1t. 1708-ban visszat\u00e9rt Weimarba \u00e9s 1714-t\u0151l az orgonista-\u00e1ll\u00e1s mellett az udvari koncertmesteri poz\u00edci\u00f3t is bet\u00f6lt\u00f6tte. Ezt az id\u0151szakot tekinthetj\u00fck Bach p\u00e1ly\u00e1ja els\u0151 nagy korszak\u00e1nak. 1717-ben elfogadta Lip\u00f3t anhalt-k\u00f6theni herceg megh\u00edv\u00e1s\u00e1t \u00e9s az udvari zenekar karmestere lett. A zenekar sz\u00e1m\u00e1ra kompon\u00e1lt m\u0171vek m\u0171v\u00e9szet\u00e9nek \u00faj perspekt\u00edv\u00e1it nyitott\u00e1k meg. 1720-ban meghalt feles\u00e9ge, egy \u00e9vvel k\u00e9s\u0151bb \u00fajran\u0151s\u00fclt \u00e9s feles\u00e9g\u00fcl vette Anna Magdalena Wilckent.<br \/>\n1722-ben, Kuhnau hal\u00e1l\u00e1val meg\u00fcresedett a lipcsei Tam\u00e1s-iskola k\u00e1ntori \u00e1ll\u00e1sa \u00e9s a director musices (Lipcse valamennyi templom\u00e1nak zenei ir\u00e1ny\u00edt\u00e1s\u00e1val j\u00e1r\u00f3 tiszts\u00e9g) posztja. 1723-ban Bachot nevezt\u00e9k ki ezekre a tiszts\u00e9gekre. 1729-t\u0151l a Collegium musicum ir\u00e1ny\u00edt\u00e1s\u00e1b\u00f3l is kivette a r\u00e9sz\u00e9t. A lipcsei id\u0151szak Bach m\u0171v\u00e9szet\u00e9nek kiteljesed\u00e9s\u00e9t hozta mag\u00e1val.<br \/>\nBach \u00e9letm\u0171v\u00e9nek fontosabb szakaszait meghat\u00e1rozta, hogy \u00e9ppen milyen zenei szolg\u00e1latot l\u00e1tott el. M\u0171vei eszerint 5 nagy m\u0171csoportba oszthat\u00f3k be.<br \/>\nAz 1. m\u0171csoport az 1708-is terjed\u0151 id\u0151szak term\u00e9se, melyben f\u0151leg orgonam\u0171vek (orgonapartit\u00e1k, prel\u00fadiumok, toccat\u00e1k, fant\u00e1zi\u00e1k), r\u00e9gi st\u00edlus\u00fa kant\u00e1t\u00e1k tal\u00e1lhat\u00f3k.<br \/>\nA 2. m\u0171csoportban &#8211; 1717-ig &#8211; f\u0151leg kant\u00e1t\u00e1kkal \u00e9s orgonam\u0171vekkel, kor\u00e1l-feldolgoz\u00e1sokkal tal\u00e1lkozhatunk. Az 1723-is tart\u00f3 id\u0151szakban &#8211; 3. m\u0171csoport &#8211; a tov\u00e1bb b\u0151v\u00fcl\u0151 kant\u00e1taterm\u00e9s kieg\u00e9sz\u00fcl Bach kamaram\u0171veivel (sz\u00f3l\u00f3partit\u00e1k, sz\u00f3l\u00f3szvitek heged\u0171re, gordonk\u00e1ra, szon\u00e1t\u00e1k) valamint zenekari kompoz\u00edci\u00f3kkal (zenekari szvitek, Brandenburgi versenyek, heged\u0171versenyek). Ebben az id\u0151szakban \u00e1ll\u00edtja \u00f6ssze a &#8220;Das Wohltemperierte Klavier&#8221; els\u0151 k\u00f6tet\u00e9t.<br \/>\nA 4. m\u0171csoportot (1735-ig) nagy ciklikus hangszeres \u00e9s vok\u00e1lis kompoz\u00edci\u00f3k, billenty\u0171s m\u0171vek jellemzik. Ekkor k\u00e9sz\u00fcl a Kar\u00e1csonyi orat\u00f3rium, a M\u00e1t\u00e9-passi\u00f3, a h-moll mise, a Clavier-\u00dcbung I. (6 partita) \u00e9s II. Olasz koncert, h-moll ouverture), 13 csembal\u00f3verseny, valamint h\u00e1rom egyh\u00e1zi \u00e9v kant\u00e1taterm\u00e9se.<br \/>\nAz 5. m\u0171csoportban tal\u00e1lhat\u00f3k Bach kontrapunktikus m\u0171v\u00e9szet\u00e9nek nagy \u00f6sszefoglal\u00e1sai, mint a Clavier \u00dcbung III. a Goldberg-vari\u00e1ci\u00f3k, a &#8220;Das Wohltemperierte Klavier&#8221; II. k\u00f6tete, a Musikalisches Opfer \u00e9s F\u00faga m\u0171v\u00e9szete.<br \/>\nBach hatalmas \u00e9letm\u0171v\u00e9b\u0151l ma \u00fagy gondoljuk, hogy valamivel t\u00f6bb mint a fele maradt az ut\u00f3korra, a t\u00f6bbi elveszett vagy megsemmis\u00fclt. M\u0171veinek jegyz\u00e9ke (BWV) \u00edgy is t\u00f6bb mint 1100 c\u00edmet tartalmaz.<\/p>\n","protected":false},"menu_order":0,"template":"","class_list":["post-86522","artists","type-artists","status-publish","hentry"],"translation":{"provider":"WPGlobus","version":"3.0.2","language":"en","enabled_languages":["hu","en"],"languages":{"hu":{"title":true,"content":true,"excerpt":false},"en":{"title":true,"content":false,"excerpt":false}}},"acf":{"old_id":"334","rovid_nev":"Johann Sebastian Bach","katalogus_nev":"Johann Sebastian Bach","kiemelt_kep":{"ID":86521,"id":86521,"title":"334_composer_bach","filename":"334_composer_bach.jpg","filesize":11318,"url":"https:\/\/www.filharmonikusok.hu\/wp-content\/uploads\/f\/image\/__oldsite\/muveszek\/334_composer_bach.jpg","link":"https:\/\/www.filharmonikusok.hu\/en\/artists\/johann-sebastian-bach\/334_composer_bach\/","alt":"","author":"1","description":"","caption":"","name":"334_composer_bach","status":"inherit","uploaded_to":86522,"date":"2016-09-08 07:48:53","modified":"2020-04-26 13:36:15","menu_order":0,"mime_type":"image\/jpeg","type":"image","subtype":"jpeg","icon":"https:\/\/www.filharmonikusok.hu\/wp-includes\/images\/media\/default.png","width":170,"height":210,"sizes":{"thumbnail":"https:\/\/www.filharmonikusok.hu\/wp-content\/uploads\/f\/image\/__oldsite\/muveszek\/334_composer_bach-150x150.jpg","thumbnail-width":150,"thumbnail-height":150,"medium":"https:\/\/www.filharmonikusok.hu\/wp-content\/uploads\/f\/image\/__oldsite\/muveszek\/334_composer_bach.jpg","medium-width":170,"medium-height":210,"medium_large":"https:\/\/www.filharmonikusok.hu\/wp-content\/uploads\/f\/image\/__oldsite\/muveszek\/334_composer_bach.jpg","medium_large-width":170,"medium_large-height":210,"large":"https:\/\/www.filharmonikusok.hu\/wp-content\/uploads\/f\/image\/__oldsite\/muveszek\/334_composer_bach.jpg","large-width":170,"large-height":210,"1536x1536":"https:\/\/www.filharmonikusok.hu\/wp-content\/uploads\/f\/image\/__oldsite\/muveszek\/334_composer_bach.jpg","1536x1536-width":170,"1536x1536-height":210,"2048x2048":"https:\/\/www.filharmonikusok.hu\/wp-content\/uploads\/f\/image\/__oldsite\/muveszek\/334_composer_bach.jpg","2048x2048-width":170,"2048x2048-height":210,"person-size":"https:\/\/www.filharmonikusok.hu\/wp-content\/uploads\/f\/image\/__oldsite\/muveszek\/334_composer_bach-165x165.jpg","person-size-width":165,"person-size-height":165,"person-size-2":"https:\/\/www.filharmonikusok.hu\/wp-content\/uploads\/f\/image\/__oldsite\/muveszek\/334_composer_bach.jpg","person-size-2-width":165,"person-size-2-height":204,"album-size":"https:\/\/www.filharmonikusok.hu\/wp-content\/uploads\/f\/image\/__oldsite\/muveszek\/334_composer_bach.jpg","album-size-width":170,"album-size-height":210,"news-lead-size":"https:\/\/www.filharmonikusok.hu\/wp-content\/uploads\/f\/image\/__oldsite\/muveszek\/334_composer_bach-170x203.jpg","news-lead-size-width":170,"news-lead-size-height":203,"director-index-size":"https:\/\/www.filharmonikusok.hu\/wp-content\/uploads\/f\/image\/__oldsite\/muveszek\/334_composer_bach.jpg","director-index-size-width":170,"director-index-size-height":210,"person-lead-size":"https:\/\/www.filharmonikusok.hu\/wp-content\/uploads\/f\/image\/__oldsite\/muveszek\/334_composer_bach.jpg","person-lead-size-width":170,"person-lead-size-height":210,"slider-size":"https:\/\/www.filharmonikusok.hu\/wp-content\/uploads\/f\/image\/__oldsite\/muveszek\/334_composer_bach.jpg","slider-size-width":170,"slider-size-height":210}},"bevezeto_szoveg":"","hangszerek":"","szemely_kategoria":"{:hu}zeneszerz\u0151{:}{:en}composer{:}","oldal_megjelenes":[],"videok":false,"szolamvezeto":false,"szulesi_szabadsagon":false,"kiemeles_menube":false},"publishpress_future_workflow_manual_trigger":{"enabledWorkflows":[]},"_links":{"self":[{"href":"https:\/\/www.filharmonikusok.hu\/en\/wp-json\/wp\/v2\/artists\/86522","targetHints":{"allow":["GET"]}}],"collection":[{"href":"https:\/\/www.filharmonikusok.hu\/en\/wp-json\/wp\/v2\/artists"}],"about":[{"href":"https:\/\/www.filharmonikusok.hu\/en\/wp-json\/wp\/v2\/types\/artists"}],"wp:attachment":[{"href":"https:\/\/www.filharmonikusok.hu\/en\/wp-json\/wp\/v2\/media?parent=86522"}],"curies":[{"name":"wp","href":"https:\/\/api.w.org\/{rel}","templated":true}]}}

<p><strong>(1685. márc. 21. &#8211; 1750. júl. 28.)</strong><br />
Bach Eisenachban született, nagy múltú, kiváló zenészek egész sorát felmutató családba. A zenei ismeretek alapjait apjától sajátította el, további tanulmányait a városi gimnáziumban folytatta. Szülei korán &#8211; anyja 1794-ben, apja 1795-ben &#8211; meghaltak. Bátyjához, Johann Cristoph-hoz került, aki korábban a neves zeneszerző, Pachelbel tanítványa volt. Ő ismertette meg Johann Sebastiannal a zeneszerzés és az orgonajáték művészetét. 1700-ban bekerült a lüneburgi Mihály-kolostor internátusába. Zenei fejlődésére ebben az időszakban a lüneburgi gazdag hagyományok &#8211; Böhm, Löwe &#8211; valamint a többszöri hamburgi utazások gyakoroltak döntő hatást.<br />
Első állását 1703-ban töltötte be Johann Ernst weimari herceg zenekarában, majd az arnstadti Új Templom orgonistája lett. 1707-ben a mühlhauseni Szt. Blasius templomi orgonistája lett, ebben az évben vette feleségül Maria Barbarát. 1708-ban visszatért Weimarba és 1714-től az orgonista-állás mellett az udvari koncertmesteri pozíciót is betöltötte. Ezt az időszakot tekinthetjük Bach pályája első nagy korszakának. 1717-ben elfogadta Lipót anhalt-kötheni herceg meghívását és az udvari zenekar karmestere lett. A zenekar számára komponált művek művészetének új perspektíváit nyitották meg. 1720-ban meghalt felesége, egy évvel később újranősült és feleségül vette Anna Magdalena Wilckent.<br />
1722-ben, Kuhnau halálával megüresedett a lipcsei Tamás-iskola kántori állása és a director musices (Lipcse valamennyi templomának zenei irányításával járó tisztség) posztja. 1723-ban Bachot nevezték ki ezekre a tisztségekre. 1729-től a Collegium musicum irányításából is kivette a részét. A lipcsei időszak Bach művészetének kiteljesedését hozta magával.<br />
Bach életművének fontosabb szakaszait meghatározta, hogy éppen milyen zenei szolgálatot látott el. Művei eszerint 5 nagy műcsoportba oszthatók be.<br />
Az 1. műcsoport az 1708-is terjedő időszak termése, melyben főleg orgonaművek (orgonapartiták, prelúdiumok, toccaták, fantáziák), régi stílusú kantáták találhatók.<br />
A 2. műcsoportban &#8211; 1717-ig &#8211; főleg kantátákkal és orgonaművekkel, korál-feldolgozásokkal találkozhatunk. Az 1723-is tartó időszakban &#8211; 3. műcsoport &#8211; a tovább bővülő kantátatermés kiegészül Bach kamaraműveivel (szólópartiták, szólószvitek hegedűre, gordonkára, szonáták) valamint zenekari kompozíciókkal (zenekari szvitek, Brandenburgi versenyek, hegedűversenyek). Ebben az időszakban állítja össze a &#8220;Das Wohltemperierte Klavier&#8221; első kötetét.<br />
A 4. műcsoportot (1735-ig) nagy ciklikus hangszeres és vokális kompozíciók, billentyűs művek jellemzik. Ekkor készül a Karácsonyi oratórium, a Máté-passió, a h-moll mise, a Clavier-Übung I. (6 partita) és II. Olasz koncert, h-moll ouverture), 13 csembalóverseny, valamint három egyházi év kantátatermése.<br />
Az 5. műcsoportban találhatók Bach kontrapunktikus művészetének nagy összefoglalásai, mint a Clavier Übung III. a Goldberg-variációk, a &#8220;Das Wohltemperierte Klavier&#8221; II. kötete, a Musikalisches Opfer és Fúga művészete.<br />
Bach hatalmas életművéből ma úgy gondoljuk, hogy valamivel több mint a fele maradt az utókorra, a többi elveszett vagy megsemmisült. Műveinek jegyzéke (BWV) így is több mint 1100 címet tartalmaz.</p>

{:hu}zeneszerző{:}{:en}composer{:}
