{"id":86504,"date":"2020-04-22T08:24:53","date_gmt":"2020-04-22T08:24:53","guid":{"rendered":"http:\/\/www.filharmonikusok.hu\/?post_type=artists&#038;p=86504"},"modified":"2020-04-22T08:24:53","modified_gmt":"2020-04-22T08:24:53","slug":"szergej-prokofjev","status":"publish","type":"artists","link":"https:\/\/www.filharmonikusok.hu\/en\/artists\/szergej-prokofjev\/","title":{"rendered":"Sergei Prokofiev"},"content":{"rendered":"<p><strong>(1891. \u00e1pr. 11. &#8211; 1953. m\u00e1rc. 5.)<\/strong><br \/>\nOrosz zeneszerz\u0151, karmester, zongoram\u0171v\u00e9sz. A szentp\u00e9terv\u00e1ri konzervat\u00f3rium n\u00f6vend\u00e9ke volt 1904 \u00e9s 1914 k\u00f6z\u00f6tt. Tan\u00e1rai voltak Ljadov, Rimszkij-Korszakov, J. Wihtol, Anna Jeszipova (zongora) \u00e9s Nyikolaj Cserepnyin (vez\u00e9nyl\u00e9s). 1908-t\u00f3l rendszeresen szerepet zongoristak\u00e9nt, r\u00e9szben saj\u00e1t m\u0171veit j\u00e1tszotta, els\u0151 kompoz\u00edci\u00f3i 1911-ben jelentek meg. Az els\u0151 id\u0151szak sz\u00e1mos zongoram\u0171ve mellett jelent\u0151s az I. \u00e9s a II. zongoraverseny (op. 10, 1912 \u00e9s op. 16, 1913), valamint a Klasszikus szimf\u00f3nia (op. 25) melyet m\u00e9g emigr\u00e1l\u00e1sa el\u0151tt maga mutatott be.<br \/>\n1918-ban k\u00fclf\u00f6ldre t\u00e1vozott, 1920-t\u00f3l az USA-ban \u00e9s P\u00e1rizsban \u00e9lt. Ebben az id\u0151szakban t\u00f6bb balettj\u00e9t \u00e9s oper\u00e1j\u00e1t (A j\u00e1t\u00e9kost, A h\u00e1rom narancs szerelmes\u00e9t, s r\u00e9szben a T\u00fczes angyalt) is bemutatt\u00e1k. Zenekari m\u0171vei k\u00f6z\u00fcl kiemelkedik e korszak h\u00e1rom szimf\u00f3ni\u00e1ja (No. 2-3-4), zongoraversenyei (a 3. \u00e9s az 5.), a heged\u0171verseny (op. 19).<br \/>\n1933-ban a nagy elismerts\u00e9gnek \u00f6rvend\u0151 Prokofjev visszat\u00e9rt a Szovjetuni\u00f3ba. St\u00edlusa n\u00e9mileg alkalmazkodott a szocialista realizmus k\u00f6vetelm\u00e9nyeihez. Igen sikeresek lettek balettjei (R\u00f3me\u00f3 \u00e9s J\u00falia, Hamupip\u0151ke) valamint a P\u00e9ter \u00e9s farkas c\u00edm\u0171 zen\u00e9s mes\u00e9je, \u00e9s tov\u00e1bbi igen jelent\u0151s zongoram\u0171veket kompon\u00e1lt.<br \/>\nMaradand\u00f3t alkotott a filmzene ter\u00fclet\u00e9n is, egy\u00fctt dolgozott Szergej Ejzenstejnnel.<br \/>\n1953-ban, Moszkv\u00e1ban halt meg.<\/p>\n","protected":false},"menu_order":0,"template":"","class_list":["post-86504","artists","type-artists","status-publish","hentry"],"translation":{"provider":"WPGlobus","version":"3.0.2","language":"en","enabled_languages":["hu","en"],"languages":{"hu":{"title":true,"content":true,"excerpt":false},"en":{"title":true,"content":false,"excerpt":false}}},"acf":{"old_id":"325","rovid_nev":"Sergei Prokofiev","katalogus_nev":"Sergei Prokofiev","kiemelt_kep":{"ID":86503,"id":86503,"title":"325_Prokofiev","filename":"325_Prokofiev.jpg","filesize":14012,"url":"https:\/\/www.filharmonikusok.hu\/wp-content\/uploads\/f\/image\/__oldsite\/muveszek\/325_Prokofiev.jpg","link":"https:\/\/www.filharmonikusok.hu\/en\/artists\/szergej-prokofjev\/325_prokofiev\/","alt":"","author":"1","description":"","caption":"","name":"325_prokofiev","status":"inherit","uploaded_to":86504,"date":"2016-09-08 07:48:53","modified":"2020-04-22 08:24:53","menu_order":0,"mime_type":"image\/jpeg","type":"image","subtype":"jpeg","icon":"https:\/\/www.filharmonikusok.hu\/wp-includes\/images\/media\/default.png","width":170,"height":258,"sizes":{"thumbnail":"https:\/\/www.filharmonikusok.hu\/wp-content\/uploads\/f\/image\/__oldsite\/muveszek\/325_Prokofiev-150x150.jpg","thumbnail-width":150,"thumbnail-height":150,"medium":"https:\/\/www.filharmonikusok.hu\/wp-content\/uploads\/f\/image\/__oldsite\/muveszek\/325_Prokofiev.jpg","medium-width":170,"medium-height":258,"medium_large":"https:\/\/www.filharmonikusok.hu\/wp-content\/uploads\/f\/image\/__oldsite\/muveszek\/325_Prokofiev.jpg","medium_large-width":170,"medium_large-height":258,"large":"https:\/\/www.filharmonikusok.hu\/wp-content\/uploads\/f\/image\/__oldsite\/muveszek\/325_Prokofiev.jpg","large-width":170,"large-height":258,"1536x1536":"https:\/\/www.filharmonikusok.hu\/wp-content\/uploads\/f\/image\/__oldsite\/muveszek\/325_Prokofiev.jpg","1536x1536-width":170,"1536x1536-height":258,"2048x2048":"https:\/\/www.filharmonikusok.hu\/wp-content\/uploads\/f\/image\/__oldsite\/muveszek\/325_Prokofiev.jpg","2048x2048-width":170,"2048x2048-height":258,"person-size":"https:\/\/www.filharmonikusok.hu\/wp-content\/uploads\/f\/image\/__oldsite\/muveszek\/325_Prokofiev-165x165.jpg","person-size-width":165,"person-size-height":165,"person-size-2":"https:\/\/www.filharmonikusok.hu\/wp-content\/uploads\/f\/image\/__oldsite\/muveszek\/325_Prokofiev.jpg","person-size-2-width":145,"person-size-2-height":220,"album-size":"https:\/\/www.filharmonikusok.hu\/wp-content\/uploads\/f\/image\/__oldsite\/muveszek\/325_Prokofiev.jpg","album-size-width":170,"album-size-height":258,"news-lead-size":"https:\/\/www.filharmonikusok.hu\/wp-content\/uploads\/f\/image\/__oldsite\/muveszek\/325_Prokofiev-170x203.jpg","news-lead-size-width":170,"news-lead-size-height":203,"director-index-size":"https:\/\/www.filharmonikusok.hu\/wp-content\/uploads\/f\/image\/__oldsite\/muveszek\/325_Prokofiev.jpg","director-index-size-width":170,"director-index-size-height":258,"person-lead-size":"https:\/\/www.filharmonikusok.hu\/wp-content\/uploads\/f\/image\/__oldsite\/muveszek\/325_Prokofiev.jpg","person-lead-size-width":170,"person-lead-size-height":258,"slider-size":"https:\/\/www.filharmonikusok.hu\/wp-content\/uploads\/f\/image\/__oldsite\/muveszek\/325_Prokofiev.jpg","slider-size-width":170,"slider-size-height":258}},"bevezeto_szoveg":"","hangszerek":"","szemely_kategoria":"{:hu}zeneszerz\u0151{:}{:en}composer{:}","oldal_megjelenes":[],"videok":false,"szolamvezeto":false,"szulesi_szabadsagon":false,"kiemeles_menube":false},"publishpress_future_workflow_manual_trigger":{"enabledWorkflows":[]},"_links":{"self":[{"href":"https:\/\/www.filharmonikusok.hu\/en\/wp-json\/wp\/v2\/artists\/86504","targetHints":{"allow":["GET"]}}],"collection":[{"href":"https:\/\/www.filharmonikusok.hu\/en\/wp-json\/wp\/v2\/artists"}],"about":[{"href":"https:\/\/www.filharmonikusok.hu\/en\/wp-json\/wp\/v2\/types\/artists"}],"wp:attachment":[{"href":"https:\/\/www.filharmonikusok.hu\/en\/wp-json\/wp\/v2\/media?parent=86504"}],"curies":[{"name":"wp","href":"https:\/\/api.w.org\/{rel}","templated":true}]}}

<p><strong>(1891. ápr. 11. &#8211; 1953. márc. 5.)</strong><br />
Orosz zeneszerző, karmester, zongoraművész. A szentpétervári konzervatórium növendéke volt 1904 és 1914 között. Tanárai voltak Ljadov, Rimszkij-Korszakov, J. Wihtol, Anna Jeszipova (zongora) és Nyikolaj Cserepnyin (vezénylés). 1908-tól rendszeresen szerepet zongoristaként, részben saját műveit játszotta, első kompozíciói 1911-ben jelentek meg. Az első időszak számos zongoraműve mellett jelentős az I. és a II. zongoraverseny (op. 10, 1912 és op. 16, 1913), valamint a Klasszikus szimfónia (op. 25) melyet még emigrálása előtt maga mutatott be.<br />
1918-ban külföldre távozott, 1920-tól az USA-ban és Párizsban élt. Ebben az időszakban több balettjét és operáját (A játékost, A három narancs szerelmesét, s részben a Tüzes angyalt) is bemutatták. Zenekari művei közül kiemelkedik e korszak három szimfóniája (No. 2-3-4), zongoraversenyei (a 3. és az 5.), a hegedűverseny (op. 19).<br />
1933-ban a nagy elismertségnek örvendő Prokofjev visszatért a Szovjetunióba. Stílusa némileg alkalmazkodott a szocialista realizmus követelményeihez. Igen sikeresek lettek balettjei (Rómeó és Júlia, Hamupipőke) valamint a Péter és farkas című zenés meséje, és további igen jelentős zongoraműveket komponált.<br />
Maradandót alkotott a filmzene területén is, együtt dolgozott Szergej Ejzenstejnnel.<br />
1953-ban, Moszkvában halt meg.</p>

{:hu}zeneszerző{:}{:en}composer{:}
