{"id":85980,"date":"2016-10-18T14:27:26","date_gmt":"2016-10-18T14:27:26","guid":{"rendered":"http:\/\/www.filharmonikusok.hu\/?post_type=artists&#038;p=85980"},"modified":"2016-10-18T14:27:26","modified_gmt":"2016-10-18T14:27:26","slug":"hajnoczy-julia","status":"publish","type":"artists","link":"https:\/\/www.filharmonikusok.hu\/en\/artists\/hajnoczy-julia\/","title":{"rendered":"J\u00falia Hajn\u00f3czy"},"content":{"rendered":"<p style=\"text-align: justify;\"><img loading=\"lazy\" decoding=\"async\" src=\"http:\/\/www.filharmonikusok.hu\/wp-content\/uploads\/f\/image\/muveszek\/Hajnoczy_Julia_100.jpg\" alt=\"\" width=\"100\" height=\"150\" align=\"left\" \/>J\u00falia Hajn\u00f3czy attended the singing and the opera faculty of the Ferenc Liszt Academy of Music as the student of D\u00e9nes Guly\u00e1s and Bal\u00e1zs Kovalik then she acquired her MA in Augsburg with leadership of Professor Dr- Edith Wiens. She is the winner of several singing competitions in Hungary and abroad. She appears as a soprano soloist of remarkable orchestras as well as in Festivals. In 2003 she received Gramofon award with Andrea Vigh and in 2004 the National Philharmonic Orchestra\u2019s recording featuring the young soprano won the MIDEM classical music special award. In 2008\/2009 she was the soloist of the theatre in Klagenfurt where she sang the main role in Humperdinck\u2019s Jack and Jill. She debuted in the Hungarian National Opera as Marzelline in 2008. Her main roles include Pamina, Sophie, Susanne, Zerlina, Juliette, Adina, Euridice and Drusilla.<\/p>\n","protected":false},"menu_order":0,"template":"","class_list":["post-85980","artists","type-artists","status-publish","hentry"],"translation":{"provider":"WPGlobus","version":"3.0.2","language":"en","enabled_languages":["hu","en"],"languages":{"hu":{"title":true,"content":true,"excerpt":false},"en":{"title":true,"content":true,"excerpt":false}}},"acf":{"old_id":"274","rovid_nev":"J\u00falia Hajn\u00f3czy","katalogus_nev":"J\u00falia Hajn\u00f3czy","kiemelt_kep":{"ID":97514,"id":97514,"title":"koncert-20131006-2980-hajnoczi-julia","filename":"koncert-20131006-2980-hajnoczi-julia.jpg","filesize":258347,"url":"https:\/\/www.filharmonikusok.hu\/wp-content\/uploads\/2016\/09\/koncert-20131006-2980-hajnoczi-julia.jpg","link":"https:\/\/www.filharmonikusok.hu\/en\/artists\/hajnoczy-julia\/koncert-20131006-2980-hajnoczi-julia\/","alt":"","author":"3","description":"hajnoczy_julia\n","caption":"","name":"koncert-20131006-2980-hajnoczi-julia","status":"inherit","uploaded_to":85980,"date":"2016-10-18 14:26:27","modified":"2016-10-18 14:26:53","menu_order":0,"mime_type":"image\/jpeg","type":"image","subtype":"jpeg","icon":"https:\/\/www.filharmonikusok.hu\/wp-includes\/images\/media\/default.png","width":980,"height":736,"sizes":{"thumbnail":"https:\/\/www.filharmonikusok.hu\/wp-content\/uploads\/2016\/09\/koncert-20131006-2980-hajnoczi-julia-150x150.jpg","thumbnail-width":150,"thumbnail-height":150,"medium":"https:\/\/www.filharmonikusok.hu\/wp-content\/uploads\/2016\/09\/koncert-20131006-2980-hajnoczi-julia-300x225.jpg","medium-width":300,"medium-height":225,"medium_large":"https:\/\/www.filharmonikusok.hu\/wp-content\/uploads\/2016\/09\/koncert-20131006-2980-hajnoczi-julia-768x577.jpg","medium_large-width":640,"medium_large-height":481,"large":"https:\/\/www.filharmonikusok.hu\/wp-content\/uploads\/2016\/09\/koncert-20131006-2980-hajnoczi-julia.jpg","large-width":640,"large-height":481,"1536x1536":"https:\/\/www.filharmonikusok.hu\/wp-content\/uploads\/2016\/09\/koncert-20131006-2980-hajnoczi-julia.jpg","1536x1536-width":980,"1536x1536-height":736,"2048x2048":"https:\/\/www.filharmonikusok.hu\/wp-content\/uploads\/2016\/09\/koncert-20131006-2980-hajnoczi-julia.jpg","2048x2048-width":980,"2048x2048-height":736,"person-size":"https:\/\/www.filharmonikusok.hu\/wp-content\/uploads\/2016\/09\/koncert-20131006-2980-hajnoczi-julia-165x165.jpg","person-size-width":165,"person-size-height":165,"person-size-2":"https:\/\/www.filharmonikusok.hu\/wp-content\/uploads\/2016\/09\/koncert-20131006-2980-hajnoczi-julia.jpg","person-size-2-width":165,"person-size-2-height":124,"album-size":"https:\/\/www.filharmonikusok.hu\/wp-content\/uploads\/2016\/09\/koncert-20131006-2980-hajnoczi-julia-263x263.jpg","album-size-width":263,"album-size-height":263,"news-lead-size":"https:\/\/www.filharmonikusok.hu\/wp-content\/uploads\/2016\/09\/koncert-20131006-2980-hajnoczi-julia-360x203.jpg","news-lead-size-width":360,"news-lead-size-height":203,"director-index-size":"https:\/\/www.filharmonikusok.hu\/wp-content\/uploads\/2016\/09\/koncert-20131006-2980-hajnoczi-julia-359x450.jpg","director-index-size-width":359,"director-index-size-height":450,"person-lead-size":"https:\/\/www.filharmonikusok.hu\/wp-content\/uploads\/2016\/09\/koncert-20131006-2980-hajnoczi-julia-555x555.jpg","person-lead-size-width":555,"person-lead-size-height":555,"slider-size":"https:\/\/www.filharmonikusok.hu\/wp-content\/uploads\/2016\/09\/koncert-20131006-2980-hajnoczi-julia-980x722.jpg","slider-size-width":980,"slider-size-height":722}},"bevezeto_szoveg":"<p>A budapesti Liszt Ferenc Zenem\u0171v\u00e9szeti Egyetemen szerzett \u00e9nekm\u0171v\u00e9szi, valamint opera\u00e9nekesi diplom\u00e1t Guly\u00e1s D\u00e9nes \u00e9s Kovalik Bal\u00e1zs n\u00f6vend\u00e9kek\u00e9nt. Ezt k\u00f6vet\u0151en Augsburgban mesterdiplom\u00e1t szerzett Prof. Dr. Edith Wiens oszt\u00e1ly\u00e1ban. <\/p>\n","hangszerek":"{:hu}szopr\u00e1n{:}{:en}soprano{:}","szemely_kategoria":"{:hu}vend\u00e9gm\u0171v\u00e9sz{:}{:en}guest artist{:}","oldal_megjelenes":["vendeg"],"videok":false,"kiemeles_menube":false},"publishpress_future_workflow_manual_trigger":{"enabledWorkflows":[]},"_links":{"self":[{"href":"https:\/\/www.filharmonikusok.hu\/en\/wp-json\/wp\/v2\/artists\/85980","targetHints":{"allow":["GET"]}}],"collection":[{"href":"https:\/\/www.filharmonikusok.hu\/en\/wp-json\/wp\/v2\/artists"}],"about":[{"href":"https:\/\/www.filharmonikusok.hu\/en\/wp-json\/wp\/v2\/types\/artists"}],"wp:attachment":[{"href":"https:\/\/www.filharmonikusok.hu\/en\/wp-json\/wp\/v2\/media?parent=85980"}],"curies":[{"name":"wp","href":"https:\/\/api.w.org\/{rel}","templated":true}]}}

Júlia Hajnóczy

<p style="text-align: justify;"><img loading="lazy" decoding="async" src="http://www.filharmonikusok.hu/wp-content/uploads/f/image/muveszek/Hajnoczy_Julia_100.jpg" alt="" width="100" height="150" align="left" />Júlia Hajnóczy attended the singing and the opera faculty of the Ferenc Liszt Academy of Music as the student of Dénes Gulyás and Balázs Kovalik then she acquired her MA in Augsburg with leadership of Professor Dr- Edith Wiens. She is the winner of several singing competitions in Hungary and abroad. She appears as a soprano soloist of remarkable orchestras as well as in Festivals. In 2003 she received Gramofon award with Andrea Vigh and in 2004 the National Philharmonic Orchestra’s recording featuring the young soprano won the MIDEM classical music special award. In 2008/2009 she was the soloist of the theatre in Klagenfurt where she sang the main role in Humperdinck’s Jack and Jill. She debuted in the Hungarian National Opera as Marzelline in 2008. Her main roles include Pamina, Sophie, Susanne, Zerlina, Juliette, Adina, Euridice and Drusilla.</p>

<p>A budapesti Liszt Ferenc Zeneművészeti Egyetemen szerzett énekművészi, valamint operaénekesi diplomát Gulyás Dénes és Kovalik Balázs növendékeként. Ezt követően Augsburgban mesterdiplomát szerzett Prof. Dr. Edith Wiens osztályában. </p>

{:hu}szoprán{:}{:en}soprano{:}

{:hu}vendégművész{:}{:en}guest artist{:}
