{"id":85948,"date":"2020-05-20T12:34:11","date_gmt":"2020-05-20T12:34:11","guid":{"rendered":"http:\/\/www.filharmonikusok.hu\/?post_type=artists&#038;p=85948"},"modified":"2020-05-20T12:34:11","modified_gmt":"2020-05-20T12:34:11","slug":"anton-bruckner","status":"publish","type":"artists","link":"https:\/\/www.filharmonikusok.hu\/en\/artists\/anton-bruckner\/","title":{"rendered":"Anton Bruckner"},"content":{"rendered":"<p><b>(Ansfelden, 1824. nov. 4. &#8211; B\u00e9cs, 1896. okt. 11.)<\/b><br \/>\nOsztr\u00e1k romantikus zeneszerz\u0151. P\u00e1ly\u00e1j\u00e1t falusi \u00e9s kisv\u00e1rosi seg\u00e9dtan\u00edt\u00f3k\u00e9nt kezdte, majd d\u00f3morgonista lett Linzben. Ezalatt, zeneszerz\u0151k\u00e9nt, r\u00e9szben autodidakta m\u00f3don, f\u00e1radhatatlanul k\u00e9pezte mag\u00e1t. M\u00e1r a linzi id\u0151szakban meg\u00edrta els\u0151 jelent\u0151s kompoz\u00edci\u00f3it (mis\u00e9k, 1. szimf\u00f3nia), orgonam\u0171v\u00e9szk\u00e9nt, improviz\u00e1tork\u00e9nt nagy h\u00edrn\u00e9vre tett szert. 1868-ban, a b\u00e9csi konzervet\u00f3rium tan\u00e1ra lett, az elk\u00f6vetkezend\u0151 \u00e9vekben t\u00f6bb eur\u00f3pai orsz\u00e1gban is koncertezett. Zeneszerz\u0151k\u00e9nt, ekkor m\u00e1r a szimf\u00f3nia ker\u00fclt alkot\u00f3i tev\u00e9kenys\u00e9ge k\u00f6z\u00e9ppontj\u00e1ba, de egyh\u00e1zi m\u0171veinek sz\u00e1ma is fokozatosan gyarapodott. Kilenc szimf\u00f3ni\u00e1j\u00e1b\u00f3l az utols\u00f3 befejezetlen maradt. Legjelent\u0151sebb egyh\u00e1zi m\u0171ve a Te Deum. Szimf\u00f3nikus st\u00edlus\u00e1ban a meghat\u00e1roz\u00f3 ifj\u00fakori Wagner-\u00e9lm\u00e9ny mellett, a beethoveni szerkeszt\u00e9sm\u00f3d \u00e9s schuberti formanyelv egy\u00e9ni tov\u00e1bbvitele j\u00e1tszott l\u00e9nyeges szerepet.M\u0171v\u00e9szet\u00e9t m\u00e9ly vall\u00e1soss\u00e1g hatja \u00e1t. Mag\u00e1ntany\u00edtv\u00e1nya volt Mahler, akinek st\u00edlus\u00e1t is befolysolta ~ zen\u00e9je.<\/p>\n","protected":false},"menu_order":0,"template":"","class_list":["post-85948","artists","type-artists","status-publish","hentry"],"translation":{"provider":"WPGlobus","version":"3.0.2","language":"en","enabled_languages":["hu","en"],"languages":{"hu":{"title":true,"content":true,"excerpt":false},"en":{"title":true,"content":false,"excerpt":false}}},"acf":{"old_id":"258","rovid_nev":"Bruckner","katalogus_nev":"Bruckner","kiemelt_kep":false,"bevezeto_szoveg":"","hangszerek":"","szemely_kategoria":"{:hu}\u00e1lland\u00f3 vend\u00e9gkarmester{:}{:en}permanent guest conductor{:}","oldal_megjelenes":[],"videok":false,"szolamvezeto":false,"szulesi_szabadsagon":false,"kiemeles_menube":false},"publishpress_future_workflow_manual_trigger":{"enabledWorkflows":[]},"_links":{"self":[{"href":"https:\/\/www.filharmonikusok.hu\/en\/wp-json\/wp\/v2\/artists\/85948","targetHints":{"allow":["GET"]}}],"collection":[{"href":"https:\/\/www.filharmonikusok.hu\/en\/wp-json\/wp\/v2\/artists"}],"about":[{"href":"https:\/\/www.filharmonikusok.hu\/en\/wp-json\/wp\/v2\/types\/artists"}],"wp:attachment":[{"href":"https:\/\/www.filharmonikusok.hu\/en\/wp-json\/wp\/v2\/media?parent=85948"}],"curies":[{"name":"wp","href":"https:\/\/api.w.org\/{rel}","templated":true}]}}

<p><b>(Ansfelden, 1824. nov. 4. &#8211; Bécs, 1896. okt. 11.)</b><br />
Osztrák romantikus zeneszerző. Pályáját falusi és kisvárosi segédtanítóként kezdte, majd dómorgonista lett Linzben. Ezalatt, zeneszerzőként, részben autodidakta módon, fáradhatatlanul képezte magát. Már a linzi időszakban megírta első jelentős kompozícióit (misék, 1. szimfónia), orgonaművészként, improvizátorként nagy hírnévre tett szert. 1868-ban, a bécsi konzervetórium tanára lett, az elkövetkezendő években több európai országban is koncertezett. Zeneszerzőként, ekkor már a szimfónia került alkotói tevékenysége középpontjába, de egyházi műveinek száma is fokozatosan gyarapodott. Kilenc szimfóniájából az utolsó befejezetlen maradt. Legjelentősebb egyházi műve a Te Deum. Szimfónikus stílusában a meghatározó ifjúkori Wagner-élmény mellett, a beethoveni szerkesztésmód és schuberti formanyelv egyéni továbbvitele játszott lényeges szerepet.Művészetét mély vallásosság hatja át. Magántanyítványa volt Mahler, akinek stílusát is befolysolta ~ zenéje.</p>

{:hu}állandó vendégkarmester{:}{:en}permanent guest conductor{:}
