{"id":127143,"date":"2026-09-03T09:12:14","date_gmt":"2026-09-03T09:12:14","guid":{"rendered":"https:\/\/www.filharmonikusok.hu\/?post_type=artists&#038;p=127143"},"modified":"2026-09-03T09:22:15","modified_gmt":"2026-09-03T09:22:15","slug":"katona-tamas","status":"publish","type":"artists","link":"https:\/\/www.filharmonikusok.hu\/en\/artists\/katona-tamas\/","title":{"rendered":"Tam\u00e1s Katona"},"content":{"rendered":"","protected":false},"menu_order":0,"template":"","class_list":["post-127143","artists","type-artists","status-publish","hentry"],"translation":{"provider":"WPGlobus","version":"3.0.5","language":"en","enabled_languages":["hu","en"],"languages":{"hu":{"title":true,"content":false,"excerpt":false},"en":{"title":true,"content":false,"excerpt":false}}},"acf":{"bevezeto_szoveg":"","rovid_nev":"Tam\u00e1s Katona","katalogus_nev":"Tam\u00e1s Katona","hangszerek":"{:hu}tenor{:}{:en}tenor{:}","szemely_kategoria":"{:hu}\u00e9nekkari tag{:}{:en}chorister{:}","oldal_megjelenes":["enekkari"],"kiemelt_kep":{"ID":127146,"id":127146,"title":"portre-zenekar-ffi-2","filename":"portre-zenekar-ffi-2.jpg","filesize":15499,"url":"https:\/\/www.filharmonikusok.hu\/wp-content\/uploads\/2026\/09\/portre-zenekar-ffi-2.jpg","link":"https:\/\/www.filharmonikusok.hu\/en\/artists\/katona-tamas\/portre-zenekar-ffi-2\/","alt":"","author":"951591","description":"","caption":"","name":"portre-zenekar-ffi-2","status":"inherit","uploaded_to":127143,"date":"2026-09-03 09:13:58","modified":"2026-09-03 09:14:04","menu_order":0,"mime_type":"image\/jpeg","type":"image","subtype":"jpeg","icon":"https:\/\/www.filharmonikusok.hu\/wp-includes\/images\/media\/default.png","width":566,"height":850,"sizes":{"thumbnail":"https:\/\/www.filharmonikusok.hu\/wp-content\/uploads\/2026\/09\/portre-zenekar-ffi-2-150x150.jpg","thumbnail-width":150,"thumbnail-height":150,"medium":"https:\/\/www.filharmonikusok.hu\/wp-content\/uploads\/2026\/09\/portre-zenekar-ffi-2-200x300.jpg","medium-width":200,"medium-height":300,"medium_large":"https:\/\/www.filharmonikusok.hu\/wp-content\/uploads\/2026\/09\/portre-zenekar-ffi-2.jpg","medium_large-width":566,"medium_large-height":850,"large":"https:\/\/www.filharmonikusok.hu\/wp-content\/uploads\/2026\/09\/portre-zenekar-ffi-2.jpg","large-width":566,"large-height":850,"1536x1536":"https:\/\/www.filharmonikusok.hu\/wp-content\/uploads\/2026\/09\/portre-zenekar-ffi-2.jpg","1536x1536-width":566,"1536x1536-height":850,"2048x2048":"https:\/\/www.filharmonikusok.hu\/wp-content\/uploads\/2026\/09\/portre-zenekar-ffi-2.jpg","2048x2048-width":566,"2048x2048-height":850,"person-size":"https:\/\/www.filharmonikusok.hu\/wp-content\/uploads\/2026\/09\/portre-zenekar-ffi-2-165x165.jpg","person-size-width":165,"person-size-height":165,"person-size-2":"https:\/\/www.filharmonikusok.hu\/wp-content\/uploads\/2026\/09\/portre-zenekar-ffi-2-165x220.jpg","person-size-2-width":165,"person-size-2-height":220,"album-size":"https:\/\/www.filharmonikusok.hu\/wp-content\/uploads\/2026\/09\/portre-zenekar-ffi-2-263x263.jpg","album-size-width":263,"album-size-height":263,"news-lead-size":"https:\/\/www.filharmonikusok.hu\/wp-content\/uploads\/2026\/09\/portre-zenekar-ffi-2-360x203.jpg","news-lead-size-width":360,"news-lead-size-height":203,"director-index-size":"https:\/\/www.filharmonikusok.hu\/wp-content\/uploads\/2026\/09\/portre-zenekar-ffi-2-359x450.jpg","director-index-size-width":359,"director-index-size-height":450,"person-lead-size":"https:\/\/www.filharmonikusok.hu\/wp-content\/uploads\/2026\/09\/portre-zenekar-ffi-2-555x555.jpg","person-lead-size-width":555,"person-lead-size-height":555,"slider-size":"https:\/\/www.filharmonikusok.hu\/wp-content\/uploads\/2026\/09\/portre-zenekar-ffi-2-566x722.jpg","slider-size-width":566,"slider-size-height":722}},"galeria":[{"ID":127146,"id":127146,"title":"portre-zenekar-ffi-2","filename":"portre-zenekar-ffi-2.jpg","filesize":15499,"url":"https:\/\/www.filharmonikusok.hu\/wp-content\/uploads\/2026\/09\/portre-zenekar-ffi-2.jpg","link":"https:\/\/www.filharmonikusok.hu\/en\/artists\/katona-tamas\/portre-zenekar-ffi-2\/","alt":"","author":"951591","description":"","caption":"","name":"portre-zenekar-ffi-2","status":"inherit","uploaded_to":127143,"date":"2026-09-03 09:13:58","modified":"2026-09-03 09:14:04","menu_order":0,"mime_type":"image\/jpeg","type":"image","subtype":"jpeg","icon":"https:\/\/www.filharmonikusok.hu\/wp-includes\/images\/media\/default.png","width":566,"height":850,"sizes":{"thumbnail":"https:\/\/www.filharmonikusok.hu\/wp-content\/uploads\/2026\/09\/portre-zenekar-ffi-2-150x150.jpg","thumbnail-width":150,"thumbnail-height":150,"medium":"https:\/\/www.filharmonikusok.hu\/wp-content\/uploads\/2026\/09\/portre-zenekar-ffi-2-200x300.jpg","medium-width":200,"medium-height":300,"medium_large":"https:\/\/www.filharmonikusok.hu\/wp-content\/uploads\/2026\/09\/portre-zenekar-ffi-2.jpg","medium_large-width":566,"medium_large-height":850,"large":"https:\/\/www.filharmonikusok.hu\/wp-content\/uploads\/2026\/09\/portre-zenekar-ffi-2.jpg","large-width":566,"large-height":850,"1536x1536":"https:\/\/www.filharmonikusok.hu\/wp-content\/uploads\/2026\/09\/portre-zenekar-ffi-2.jpg","1536x1536-width":566,"1536x1536-height":850,"2048x2048":"https:\/\/www.filharmonikusok.hu\/wp-content\/uploads\/2026\/09\/portre-zenekar-ffi-2.jpg","2048x2048-width":566,"2048x2048-height":850,"person-size":"https:\/\/www.filharmonikusok.hu\/wp-content\/uploads\/2026\/09\/portre-zenekar-ffi-2-165x165.jpg","person-size-width":165,"person-size-height":165,"person-size-2":"https:\/\/www.filharmonikusok.hu\/wp-content\/uploads\/2026\/09\/portre-zenekar-ffi-2-165x220.jpg","person-size-2-width":165,"person-size-2-height":220,"album-size":"https:\/\/www.filharmonikusok.hu\/wp-content\/uploads\/2026\/09\/portre-zenekar-ffi-2-263x263.jpg","album-size-width":263,"album-size-height":263,"news-lead-size":"https:\/\/www.filharmonikusok.hu\/wp-content\/uploads\/2026\/09\/portre-zenekar-ffi-2-360x203.jpg","news-lead-size-width":360,"news-lead-size-height":203,"director-index-size":"https:\/\/www.filharmonikusok.hu\/wp-content\/uploads\/2026\/09\/portre-zenekar-ffi-2-359x450.jpg","director-index-size-width":359,"director-index-size-height":450,"person-lead-size":"https:\/\/www.filharmonikusok.hu\/wp-content\/uploads\/2026\/09\/portre-zenekar-ffi-2-555x555.jpg","person-lead-size-width":555,"person-lead-size-height":555,"slider-size":"https:\/\/www.filharmonikusok.hu\/wp-content\/uploads\/2026\/09\/portre-zenekar-ffi-2-566x722.jpg","slider-size-width":566,"slider-size-height":722}}],"videok":false,"szolamvezeto":false,"szulesi_szabadsagon":false,"kiemeles_menube":false,"old_id":""},"publishpress_future_workflow_manual_trigger":{"enabledWorkflows":[]},"_links":{"self":[{"href":"https:\/\/www.filharmonikusok.hu\/en\/wp-json\/wp\/v2\/artists\/127143","targetHints":{"allow":["GET"]}}],"collection":[{"href":"https:\/\/www.filharmonikusok.hu\/en\/wp-json\/wp\/v2\/artists"}],"about":[{"href":"https:\/\/www.filharmonikusok.hu\/en\/wp-json\/wp\/v2\/types\/artists"}],"wp:attachment":[{"href":"https:\/\/www.filharmonikusok.hu\/en\/wp-json\/wp\/v2\/media?parent=127143"}],"curies":[{"name":"wp","href":"https:\/\/api.w.org\/{rel}","templated":true}]}}

Tamás Katona

{:hu}énekkari tag{:}{:en}chorister{:}
