{"id":125919,"date":"2026-01-11T10:46:17","date_gmt":"2026-01-11T10:46:17","guid":{"rendered":"https:\/\/www.filharmonikusok.hu\/?post_type=artists&#038;p=125919"},"modified":"2026-01-11T10:46:17","modified_gmt":"2026-01-11T10:46:17","slug":"toth-kiss-borbala-2","status":"publish","type":"artists","link":"https:\/\/www.filharmonikusok.hu\/en\/artists\/toth-kiss-borbala-2\/","title":{"rendered":"Borb\u00e1la T\u00f3th-Kiss"},"content":{"rendered":"<p>Borb\u00e1la T\u00f3th-Kiss got her first taste of the stage singing with the Hungarian Radio Children&#8217;s Choir, and in the intervening years this is where she has developed her career as a singer. Over the course of her various instrumental and vocal studies and her education at master classes and art schools, she has worked with some of the key ensembles of our time, where she puts her heart and soul into her music, whether as a chorister (with the Hungarian National Choir) or as a voice teacher (with both the Hungarian National Choir and the Honv\u00e9d Male Choir). As a student of Judit V. Moln\u00e1r, Beatrix Fodor, Korn\u00e9lia Bakos, L\u00facia Megyesi Schwartz and Erika Markovics, she swiftly found herself involved in numerous outstanding productions of the Hungarian music world and also started making guest appearances abroad with increasing frequency, establishing herself as a highly versatile artist. The promising young coloratura mezzo-soprano has been taking part in an every growing number of noted productions both in Hungary and elsewhere.<br \/>\nIn addition, she has appeared as a soloist in the Hungarian National Philharmonic organisation, singing the role of Burkus in Mikl\u00f3s Csemiczky&#8217;s fairy-tale opera The Bremen Town Musicians, as well as in the Budapest Wagner Days festival, where she portrayed an apprentice in Die Meistersinger von N\u00fcrnberg. Furthermore, she took the stage as Snow White in a production of Moonrise Kingdom and as an alto soloist in Richard Strauss&#8217;s opera Friedenstag and in P\u00e9ter E\u00f6tv\u00f6s&#8217;s IMA. In Paris \u2013 once again with the Hungarian National Choir \u2013 she performed the role of Mescalina in an excerpt from Ligeti&#8217;s Le Grand Macabre.<\/p>\n","protected":false},"menu_order":0,"template":"","class_list":["post-125919","artists","type-artists","status-publish","hentry"],"translation":{"provider":"WPGlobus","version":"3.0.2","language":"en","enabled_languages":["hu","en"],"languages":{"hu":{"title":true,"content":true,"excerpt":false},"en":{"title":true,"content":true,"excerpt":false}}},"acf":{"old_id":"940","rovid_nev":"Borb\u00e1la Kiss","katalogus_nev":"Borb\u00e1la Kiss","kiemelt_kep":{"ID":125226,"id":125226,"title":"T\u00f3th_Kiss Borb\u00e1la_N5A1936_kicsi","filename":"Toth_Kiss-Borbala_N5A1936_kicsi.jpg","filesize":1266275,"url":"https:\/\/www.filharmonikusok.hu\/wp-content\/uploads\/2025\/09\/Toth_Kiss-Borbala_N5A1936_kicsi.jpg","link":"https:\/\/www.filharmonikusok.hu\/en\/artists\/toth-kiss-borbala\/toth_kiss-borbala_n5a1936_kicsi\/","alt":"","author":"951582","description":"","caption":"","name":"toth_kiss-borbala_n5a1936_kicsi","status":"inherit","uploaded_to":86072,"date":"2025-09-29 13:53:37","modified":"2025-10-03 09:08:15","menu_order":0,"mime_type":"image\/jpeg","type":"image","subtype":"jpeg","icon":"https:\/\/www.filharmonikusok.hu\/wp-includes\/images\/media\/default.png","width":1334,"height":2000,"sizes":{"thumbnail":"https:\/\/www.filharmonikusok.hu\/wp-content\/uploads\/2025\/09\/Toth_Kiss-Borbala_N5A1936_kicsi-150x150.jpg","thumbnail-width":150,"thumbnail-height":150,"medium":"https:\/\/www.filharmonikusok.hu\/wp-content\/uploads\/2025\/09\/Toth_Kiss-Borbala_N5A1936_kicsi-200x300.jpg","medium-width":200,"medium-height":300,"medium_large":"https:\/\/www.filharmonikusok.hu\/wp-content\/uploads\/2025\/09\/Toth_Kiss-Borbala_N5A1936_kicsi-768x1151.jpg","medium_large-width":640,"medium_large-height":959,"large":"https:\/\/www.filharmonikusok.hu\/wp-content\/uploads\/2025\/09\/Toth_Kiss-Borbala_N5A1936_kicsi-683x1024.jpg","large-width":640,"large-height":960,"1536x1536":"https:\/\/www.filharmonikusok.hu\/wp-content\/uploads\/2025\/09\/Toth_Kiss-Borbala_N5A1936_kicsi-1025x1536.jpg","1536x1536-width":1025,"1536x1536-height":1536,"2048x2048":"https:\/\/www.filharmonikusok.hu\/wp-content\/uploads\/2025\/09\/Toth_Kiss-Borbala_N5A1936_kicsi.jpg","2048x2048-width":1334,"2048x2048-height":2000,"person-size":"https:\/\/www.filharmonikusok.hu\/wp-content\/uploads\/2025\/09\/Toth_Kiss-Borbala_N5A1936_kicsi-165x165.jpg","person-size-width":165,"person-size-height":165,"person-size-2":"https:\/\/www.filharmonikusok.hu\/wp-content\/uploads\/2025\/09\/Toth_Kiss-Borbala_N5A1936_kicsi-165x220.jpg","person-size-2-width":165,"person-size-2-height":220,"album-size":"https:\/\/www.filharmonikusok.hu\/wp-content\/uploads\/2025\/09\/Toth_Kiss-Borbala_N5A1936_kicsi-263x263.jpg","album-size-width":263,"album-size-height":263,"news-lead-size":"https:\/\/www.filharmonikusok.hu\/wp-content\/uploads\/2025\/09\/Toth_Kiss-Borbala_N5A1936_kicsi-360x203.jpg","news-lead-size-width":360,"news-lead-size-height":203,"director-index-size":"https:\/\/www.filharmonikusok.hu\/wp-content\/uploads\/2025\/09\/Toth_Kiss-Borbala_N5A1936_kicsi-359x450.jpg","director-index-size-width":359,"director-index-size-height":450,"person-lead-size":"https:\/\/www.filharmonikusok.hu\/wp-content\/uploads\/2025\/09\/Toth_Kiss-Borbala_N5A1936_kicsi-555x555.jpg","person-lead-size-width":555,"person-lead-size-height":555,"slider-size":"https:\/\/www.filharmonikusok.hu\/wp-content\/uploads\/2025\/09\/Toth_Kiss-Borbala_N5A1936_kicsi-1334x722.jpg","slider-size-width":1334,"slider-size-height":722}},"bevezeto_szoveg":"","hangszerek":"","szemely_kategoria":"{:hu}\u00e9nekkari titk\u00e1r{:}{:en}chor secretary{:}","oldal_megjelenes":["enekkari"],"videok":false,"szolamvezeto":false,"kiemeles_menube":false,"szulesi_szabadsagon":false},"publishpress_future_workflow_manual_trigger":{"enabledWorkflows":[]},"_links":{"self":[{"href":"https:\/\/www.filharmonikusok.hu\/en\/wp-json\/wp\/v2\/artists\/125919","targetHints":{"allow":["GET"]}}],"collection":[{"href":"https:\/\/www.filharmonikusok.hu\/en\/wp-json\/wp\/v2\/artists"}],"about":[{"href":"https:\/\/www.filharmonikusok.hu\/en\/wp-json\/wp\/v2\/types\/artists"}],"wp:attachment":[{"href":"https:\/\/www.filharmonikusok.hu\/en\/wp-json\/wp\/v2\/media?parent=125919"}],"curies":[{"name":"wp","href":"https:\/\/api.w.org\/{rel}","templated":true}]}}

Borbála Tóth-Kiss

<p>Borbála Tóth-Kiss got her first taste of the stage singing with the Hungarian Radio Children&#8217;s Choir, and in the intervening years this is where she has developed her career as a singer. Over the course of her various instrumental and vocal studies and her education at master classes and art schools, she has worked with some of the key ensembles of our time, where she puts her heart and soul into her music, whether as a chorister (with the Hungarian National Choir) or as a voice teacher (with both the Hungarian National Choir and the Honvéd Male Choir). As a student of Judit V. Molnár, Beatrix Fodor, Kornélia Bakos, Lúcia Megyesi Schwartz and Erika Markovics, she swiftly found herself involved in numerous outstanding productions of the Hungarian music world and also started making guest appearances abroad with increasing frequency, establishing herself as a highly versatile artist. The promising young coloratura mezzo-soprano has been taking part in an every growing number of noted productions both in Hungary and elsewhere.<br />
In addition, she has appeared as a soloist in the Hungarian National Philharmonic organisation, singing the role of Burkus in Miklós Csemiczky&#8217;s fairy-tale opera The Bremen Town Musicians, as well as in the Budapest Wagner Days festival, where she portrayed an apprentice in Die Meistersinger von Nürnberg. Furthermore, she took the stage as Snow White in a production of Moonrise Kingdom and as an alto soloist in Richard Strauss&#8217;s opera Friedenstag and in Péter Eötvös&#8217;s IMA. In Paris – once again with the Hungarian National Choir – she performed the role of Mescalina in an excerpt from Ligeti&#8217;s Le Grand Macabre.</p>

Borbála Kiss

Tóth_Kiss Borbála_N5A1936_kicsi

{:hu}énekkari titkár{:}{:en}chor secretary{:}
