{"id":124572,"date":"2025-06-04T14:17:48","date_gmt":"2025-06-04T14:17:48","guid":{"rendered":"https:\/\/www.filharmonikusok.hu\/?post_type=artists&#038;p=124572"},"modified":"2025-10-01T13:43:15","modified_gmt":"2025-10-01T13:43:15","slug":"sebestyen-pal","status":"publish","type":"artists","link":"https:\/\/www.filharmonikusok.hu\/en\/artists\/sebestyen-pal\/","title":{"rendered":"P\u00e1l Sebesty\u00e9n"},"content":{"rendered":"<p>I am proud to have earned university degrees in two completely different fields: as a software<\/p>\n<p>engineer and as a teacher of vocal artists. In the last couple of years, music has become my sole<\/p>\n<p>profession. As a solo singer, I perform on stage a couple of times a year. I have also sung minor and major roles at the Liszt Academy, the Erkel Theatre and the Opera House, but audiences have also seen or can see me at other venues, in solo recitals, in chamber productions, and as Sarastro, Leporello and Figaro.<\/p>\n<p>I have sung in various choirs since childhood, and striving for high musical and vocal quality is my lifeblood. With decades of experience as a member of professional ensembles, I have been a member of the Hungarian National Choir since 2023. I believe that vocal music is a miracle of \u00a0exceptional proportions; the singer\u2019s personality is always strongly and inescapably present in their voice and, in the case of multiple performers, it represents a combination of these personalities; human connections that fundamentally shape each production. It is an unrepeatable, unique experience when, in a concert hall, the voices of nearly a hundred people merge to rise up into vocal tempest or an ethereal whisper that opens up the universe. As vocal artists, we become as one in the catharsis as we proudly say: we are all individuals.<\/p>\n<p>&nbsp;<\/p>\n<p>&nbsp;<\/p>\n","protected":false},"menu_order":0,"template":"","class_list":["post-124572","artists","type-artists","status-publish","hentry"],"translation":{"provider":"WPGlobus","version":"3.0.2","language":"en","enabled_languages":["hu","en"],"languages":{"hu":{"title":true,"content":true,"excerpt":false},"en":{"title":true,"content":true,"excerpt":false}}},"acf":{"bevezeto_szoveg":"<p>\u201cWe are all individuals!... I\u2019m not!\u201d<\/p>\n","rovid_nev":"P\u00e1l Sebesty\u00e9n","katalogus_nev":"P\u00e1l Sebesty\u00e9n","hangszerek":"{:hu}basszus{:}{:en}bass{:}","szemely_kategoria":"{:hu}\u00e9nekkari tag{:}{:en}chorister{:}","oldal_megjelenes":["enekkari"],"kiemelt_kep":{"ID":125265,"id":125265,"title":"Sebesty\u00e9n P\u00e1l_N5A5461_kicsi_nyit\u00f3","filename":"Sebestyen-Pal_N5A5461_kicsi_nyito.jpg","filesize":1325753,"url":"https:\/\/www.filharmonikusok.hu\/wp-content\/uploads\/2025\/09\/Sebestyen-Pal_N5A5461_kicsi_nyito.jpg","link":"https:\/\/www.filharmonikusok.hu\/en\/artists\/sebestyen-pal\/sebestyen-pal_n5a5461_kicsi_nyito\/","alt":"","author":"951582","description":"","caption":"","name":"sebestyen-pal_n5a5461_kicsi_nyito","status":"inherit","uploaded_to":124572,"date":"2025-09-29 14:12:43","modified":"2025-10-01 13:43:15","menu_order":0,"mime_type":"image\/jpeg","type":"image","subtype":"jpeg","icon":"https:\/\/www.filharmonikusok.hu\/wp-includes\/images\/media\/default.png","width":1334,"height":2000,"sizes":{"thumbnail":"https:\/\/www.filharmonikusok.hu\/wp-content\/uploads\/2025\/09\/Sebestyen-Pal_N5A5461_kicsi_nyito-150x150.jpg","thumbnail-width":150,"thumbnail-height":150,"medium":"https:\/\/www.filharmonikusok.hu\/wp-content\/uploads\/2025\/09\/Sebestyen-Pal_N5A5461_kicsi_nyito-200x300.jpg","medium-width":200,"medium-height":300,"medium_large":"https:\/\/www.filharmonikusok.hu\/wp-content\/uploads\/2025\/09\/Sebestyen-Pal_N5A5461_kicsi_nyito-768x1151.jpg","medium_large-width":640,"medium_large-height":959,"large":"https:\/\/www.filharmonikusok.hu\/wp-content\/uploads\/2025\/09\/Sebestyen-Pal_N5A5461_kicsi_nyito-683x1024.jpg","large-width":640,"large-height":960,"1536x1536":"https:\/\/www.filharmonikusok.hu\/wp-content\/uploads\/2025\/09\/Sebestyen-Pal_N5A5461_kicsi_nyito-1025x1536.jpg","1536x1536-width":1025,"1536x1536-height":1536,"2048x2048":"https:\/\/www.filharmonikusok.hu\/wp-content\/uploads\/2025\/09\/Sebestyen-Pal_N5A5461_kicsi_nyito.jpg","2048x2048-width":1334,"2048x2048-height":2000,"person-size":"https:\/\/www.filharmonikusok.hu\/wp-content\/uploads\/2025\/09\/Sebestyen-Pal_N5A5461_kicsi_nyito-165x165.jpg","person-size-width":165,"person-size-height":165,"person-size-2":"https:\/\/www.filharmonikusok.hu\/wp-content\/uploads\/2025\/09\/Sebestyen-Pal_N5A5461_kicsi_nyito-165x220.jpg","person-size-2-width":165,"person-size-2-height":220,"album-size":"https:\/\/www.filharmonikusok.hu\/wp-content\/uploads\/2025\/09\/Sebestyen-Pal_N5A5461_kicsi_nyito-263x263.jpg","album-size-width":263,"album-size-height":263,"news-lead-size":"https:\/\/www.filharmonikusok.hu\/wp-content\/uploads\/2025\/09\/Sebestyen-Pal_N5A5461_kicsi_nyito-360x203.jpg","news-lead-size-width":360,"news-lead-size-height":203,"director-index-size":"https:\/\/www.filharmonikusok.hu\/wp-content\/uploads\/2025\/09\/Sebestyen-Pal_N5A5461_kicsi_nyito-359x450.jpg","director-index-size-width":359,"director-index-size-height":450,"person-lead-size":"https:\/\/www.filharmonikusok.hu\/wp-content\/uploads\/2025\/09\/Sebestyen-Pal_N5A5461_kicsi_nyito-555x555.jpg","person-lead-size-width":555,"person-lead-size-height":555,"slider-size":"https:\/\/www.filharmonikusok.hu\/wp-content\/uploads\/2025\/09\/Sebestyen-Pal_N5A5461_kicsi_nyito-1334x722.jpg","slider-size-width":1334,"slider-size-height":722}},"videok":false,"szolamvezeto":false,"szulesi_szabadsagon":false,"kiemeles_menube":false,"old_id":""},"publishpress_future_workflow_manual_trigger":{"enabledWorkflows":[]},"_links":{"self":[{"href":"https:\/\/www.filharmonikusok.hu\/en\/wp-json\/wp\/v2\/artists\/124572","targetHints":{"allow":["GET"]}}],"collection":[{"href":"https:\/\/www.filharmonikusok.hu\/en\/wp-json\/wp\/v2\/artists"}],"about":[{"href":"https:\/\/www.filharmonikusok.hu\/en\/wp-json\/wp\/v2\/types\/artists"}],"wp:attachment":[{"href":"https:\/\/www.filharmonikusok.hu\/en\/wp-json\/wp\/v2\/media?parent=124572"}],"curies":[{"name":"wp","href":"https:\/\/api.w.org\/{rel}","templated":true}]}}

Pál Sebestyén

{:hu}énekkari tag{:}{:en}chorister{:}

Sebestyén Pál_N5A5461_kicsi_nyitó
