{"id":109952,"date":"2019-11-07T08:26:54","date_gmt":"2019-11-07T08:26:54","guid":{"rendered":"http:\/\/www.filharmonikusok.hu\/?post_type=artists&#038;p=109952"},"modified":"2019-11-12T22:03:57","modified_gmt":"2019-11-12T22:03:57","slug":"fulep-mate","status":"publish","type":"artists","link":"https:\/\/www.filharmonikusok.hu\/en\/artists\/fulep-mate\/","title":{"rendered":"M\u00e1t\u00e9 F\u00fclep"},"content":{"rendered":"<p>Fot\u00f3: N\u00e1n\u00e1si Tam\u00e1s<\/p>\n","protected":false},"menu_order":0,"template":"","class_list":["post-109952","artists","type-artists","status-publish","hentry"],"translation":{"provider":"WPGlobus","version":"3.0.2","language":"en","enabled_languages":["hu","en"],"languages":{"hu":{"title":true,"content":true,"excerpt":false},"en":{"title":true,"content":false,"excerpt":false}}},"acf":{"bevezeto_szoveg":"","rovid_nev":"F\u00fclep M\u00e1t\u00e9","katalogus_nev":"F\u00fclep M\u00e1t\u00e9","hangszerek":"{:hu}bariton{:}{:en}baritone{:}","szemely_kategoria":"{:hu}vend\u00e9gm\u0171v\u00e9sz{:}{:en}guest artist{:}","oldal_megjelenes":[],"kiemelt_kep":{"ID":112233,"id":112233,"title":"F\u00fclep_M\u00e1t\u00e9_N\u00e1n\u00e1si_Tam\u00e1s","filename":"F\u00fclep_M\u00e1t\u00e9_N\u00e1n\u00e1si_Tam\u00e1s.jpg","filesize":293081,"url":"https:\/\/www.filharmonikusok.hu\/wp-content\/uploads\/2019\/11\/F\u00fclep_M\u00e1t\u00e9_N\u00e1n\u00e1si_Tam\u00e1s.jpg","link":"https:\/\/www.filharmonikusok.hu\/en\/artists\/fulep-mate\/fulep_mate_nanasi_tamas\/","alt":"","author":"951590","description":"","caption":"","name":"fulep_mate_nanasi_tamas","status":"inherit","uploaded_to":109952,"date":"2019-11-05 10:45:19","modified":"2019-11-05 10:45:19","menu_order":0,"mime_type":"image\/jpeg","type":"image","subtype":"jpeg","icon":"https:\/\/www.filharmonikusok.hu\/wp-includes\/images\/media\/default.png","width":555,"height":555,"sizes":{"thumbnail":"https:\/\/www.filharmonikusok.hu\/wp-content\/uploads\/2019\/11\/F\u00fclep_M\u00e1t\u00e9_N\u00e1n\u00e1si_Tam\u00e1s-150x150.jpg","thumbnail-width":150,"thumbnail-height":150,"medium":"https:\/\/www.filharmonikusok.hu\/wp-content\/uploads\/2019\/11\/F\u00fclep_M\u00e1t\u00e9_N\u00e1n\u00e1si_Tam\u00e1s-300x300.jpg","medium-width":300,"medium-height":300,"medium_large":"https:\/\/www.filharmonikusok.hu\/wp-content\/uploads\/2019\/11\/F\u00fclep_M\u00e1t\u00e9_N\u00e1n\u00e1si_Tam\u00e1s.jpg","medium_large-width":555,"medium_large-height":555,"large":"https:\/\/www.filharmonikusok.hu\/wp-content\/uploads\/2019\/11\/F\u00fclep_M\u00e1t\u00e9_N\u00e1n\u00e1si_Tam\u00e1s.jpg","large-width":555,"large-height":555,"1536x1536":"https:\/\/www.filharmonikusok.hu\/wp-content\/uploads\/2019\/11\/F\u00fclep_M\u00e1t\u00e9_N\u00e1n\u00e1si_Tam\u00e1s.jpg","1536x1536-width":555,"1536x1536-height":555,"2048x2048":"https:\/\/www.filharmonikusok.hu\/wp-content\/uploads\/2019\/11\/F\u00fclep_M\u00e1t\u00e9_N\u00e1n\u00e1si_Tam\u00e1s.jpg","2048x2048-width":555,"2048x2048-height":555,"person-size":"https:\/\/www.filharmonikusok.hu\/wp-content\/uploads\/2019\/11\/F\u00fclep_M\u00e1t\u00e9_N\u00e1n\u00e1si_Tam\u00e1s-165x165.jpg","person-size-width":165,"person-size-height":165,"person-size-2":"https:\/\/www.filharmonikusok.hu\/wp-content\/uploads\/2019\/11\/F\u00fclep_M\u00e1t\u00e9_N\u00e1n\u00e1si_Tam\u00e1s-165x220.jpg","person-size-2-width":165,"person-size-2-height":220,"album-size":"https:\/\/www.filharmonikusok.hu\/wp-content\/uploads\/2019\/11\/F\u00fclep_M\u00e1t\u00e9_N\u00e1n\u00e1si_Tam\u00e1s-263x263.jpg","album-size-width":263,"album-size-height":263,"news-lead-size":"https:\/\/www.filharmonikusok.hu\/wp-content\/uploads\/2019\/11\/F\u00fclep_M\u00e1t\u00e9_N\u00e1n\u00e1si_Tam\u00e1s-360x203.jpg","news-lead-size-width":360,"news-lead-size-height":203,"director-index-size":"https:\/\/www.filharmonikusok.hu\/wp-content\/uploads\/2019\/11\/F\u00fclep_M\u00e1t\u00e9_N\u00e1n\u00e1si_Tam\u00e1s-359x450.jpg","director-index-size-width":359,"director-index-size-height":450,"person-lead-size":"https:\/\/www.filharmonikusok.hu\/wp-content\/uploads\/2019\/11\/F\u00fclep_M\u00e1t\u00e9_N\u00e1n\u00e1si_Tam\u00e1s.jpg","person-lead-size-width":555,"person-lead-size-height":555,"slider-size":"https:\/\/www.filharmonikusok.hu\/wp-content\/uploads\/2019\/11\/F\u00fclep_M\u00e1t\u00e9_N\u00e1n\u00e1si_Tam\u00e1s.jpg","slider-size-width":555,"slider-size-height":555}},"videok":false,"szolamvezeto":false,"kiemeles_menube":false,"old_id":"","szulesi_szabadsagon":false},"publishpress_future_workflow_manual_trigger":{"enabledWorkflows":[]},"_links":{"self":[{"href":"https:\/\/www.filharmonikusok.hu\/en\/wp-json\/wp\/v2\/artists\/109952","targetHints":{"allow":["GET"]}}],"collection":[{"href":"https:\/\/www.filharmonikusok.hu\/en\/wp-json\/wp\/v2\/artists"}],"about":[{"href":"https:\/\/www.filharmonikusok.hu\/en\/wp-json\/wp\/v2\/types\/artists"}],"wp:attachment":[{"href":"https:\/\/www.filharmonikusok.hu\/en\/wp-json\/wp\/v2\/media?parent=109952"}],"curies":[{"name":"wp","href":"https:\/\/api.w.org\/{rel}","templated":true}]}}

Máté Fülep

<p>Fotó: Nánási Tamás</p>

Fülep Máté

{:hu}vendégművész{:}{:en}guest artist{:}

Fülep_Máté_Nánási_Tamás

Fülep_Máté_Nánási_Tamás.jpg

https://www.filharmonikusok.hu/wp-content/uploads/2019/11/Fülep_Máté_Nánási_Tamás.jpg

https://www.filharmonikusok.hu/wp-content/uploads/2019/11/Fülep_Máté_Nánási_Tamás-150x150.jpg

https://www.filharmonikusok.hu/wp-content/uploads/2019/11/Fülep_Máté_Nánási_Tamás-300x300.jpg

https://www.filharmonikusok.hu/wp-content/uploads/2019/11/Fülep_Máté_Nánási_Tamás-165x165.jpg

https://www.filharmonikusok.hu/wp-content/uploads/2019/11/Fülep_Máté_Nánási_Tamás-165x220.jpg

https://www.filharmonikusok.hu/wp-content/uploads/2019/11/Fülep_Máté_Nánási_Tamás-263x263.jpg

https://www.filharmonikusok.hu/wp-content/uploads/2019/11/Fülep_Máté_Nánási_Tamás-360x203.jpg

https://www.filharmonikusok.hu/wp-content/uploads/2019/11/Fülep_Máté_Nánási_Tamás-359x450.jpg
