{"id":109935,"date":"2019-11-06T16:29:56","date_gmt":"2019-11-06T16:29:56","guid":{"rendered":"http:\/\/www.filharmonikusok.hu\/?post_type=artists&#038;p=109935"},"modified":"2021-09-20T13:08:54","modified_gmt":"2021-09-20T13:08:54","slug":"koppandi-jeno-2","status":"publish","type":"artists","link":"https:\/\/www.filharmonikusok.hu\/en\/artists\/koppandi-jeno-2\/","title":{"rendered":"Jen\u0151 Kopp\u00e1ndi"},"content":{"rendered":"<p>Fot\u00f3: Hargitay Oliv\u00e9r<\/p>\n","protected":false},"menu_order":0,"template":"","class_list":["post-109935","artists","type-artists","status-publish","hentry"],"translation":{"provider":"WPGlobus","version":"3.0.2","language":"en","enabled_languages":["hu","en"],"languages":{"hu":{"title":true,"content":true,"excerpt":false},"en":{"title":true,"content":false,"excerpt":false}}},"acf":{"bevezeto_szoveg":"<p>A Nemzeti Filharmonikus Zenekar heged\u0171m\u0171v\u00e9sze<\/p>\n","rovid_nev":"Kopp\u00e1ndi Jen\u0151 - I. heged\u0171","katalogus_nev":"Kopp\u00e1ndi Jen\u0151 - I. heged\u0171","hangszerek":"{:hu}I. heged\u0171{:}{:en}first violin{:}","szemely_kategoria":"{:hu}koncertmester{:}{:en}concertmaster{:}","oldal_megjelenes":[],"kiemelt_kep":{"ID":112202,"id":112202,"title":"Kopp\u00e1ndi_Jen\u0151_Hargitay_Oliv\u00e9r","filename":"Kopp\u00e1ndi_Jen\u0151_Hargitay_Oliv\u00e9r.jpg","filesize":231381,"url":"https:\/\/www.filharmonikusok.hu\/wp-content\/uploads\/2019\/11\/Kopp\u00e1ndi_Jen\u0151_Hargitay_Oliv\u00e9r.jpg","link":"https:\/\/www.filharmonikusok.hu\/en\/artists\/koppandi-jeno-2\/koppandi_jeno_hargitay_oliver\/","alt":"","author":"951590","description":"","caption":"","name":"koppandi_jeno_hargitay_oliver","status":"inherit","uploaded_to":109935,"date":"2019-11-05 00:42:03","modified":"2019-11-05 00:42:03","menu_order":0,"mime_type":"image\/jpeg","type":"image","subtype":"jpeg","icon":"https:\/\/www.filharmonikusok.hu\/wp-includes\/images\/media\/default.png","width":555,"height":555,"sizes":{"thumbnail":"https:\/\/www.filharmonikusok.hu\/wp-content\/uploads\/2019\/11\/Kopp\u00e1ndi_Jen\u0151_Hargitay_Oliv\u00e9r-150x150.jpg","thumbnail-width":150,"thumbnail-height":150,"medium":"https:\/\/www.filharmonikusok.hu\/wp-content\/uploads\/2019\/11\/Kopp\u00e1ndi_Jen\u0151_Hargitay_Oliv\u00e9r-300x300.jpg","medium-width":300,"medium-height":300,"medium_large":"https:\/\/www.filharmonikusok.hu\/wp-content\/uploads\/2019\/11\/Kopp\u00e1ndi_Jen\u0151_Hargitay_Oliv\u00e9r.jpg","medium_large-width":555,"medium_large-height":555,"large":"https:\/\/www.filharmonikusok.hu\/wp-content\/uploads\/2019\/11\/Kopp\u00e1ndi_Jen\u0151_Hargitay_Oliv\u00e9r.jpg","large-width":555,"large-height":555,"1536x1536":"https:\/\/www.filharmonikusok.hu\/wp-content\/uploads\/2019\/11\/Kopp\u00e1ndi_Jen\u0151_Hargitay_Oliv\u00e9r.jpg","1536x1536-width":555,"1536x1536-height":555,"2048x2048":"https:\/\/www.filharmonikusok.hu\/wp-content\/uploads\/2019\/11\/Kopp\u00e1ndi_Jen\u0151_Hargitay_Oliv\u00e9r.jpg","2048x2048-width":555,"2048x2048-height":555,"person-size":"https:\/\/www.filharmonikusok.hu\/wp-content\/uploads\/2019\/11\/Kopp\u00e1ndi_Jen\u0151_Hargitay_Oliv\u00e9r-165x165.jpg","person-size-width":165,"person-size-height":165,"person-size-2":"https:\/\/www.filharmonikusok.hu\/wp-content\/uploads\/2019\/11\/Kopp\u00e1ndi_Jen\u0151_Hargitay_Oliv\u00e9r-165x220.jpg","person-size-2-width":165,"person-size-2-height":220,"album-size":"https:\/\/www.filharmonikusok.hu\/wp-content\/uploads\/2019\/11\/Kopp\u00e1ndi_Jen\u0151_Hargitay_Oliv\u00e9r-263x263.jpg","album-size-width":263,"album-size-height":263,"news-lead-size":"https:\/\/www.filharmonikusok.hu\/wp-content\/uploads\/2019\/11\/Kopp\u00e1ndi_Jen\u0151_Hargitay_Oliv\u00e9r-360x203.jpg","news-lead-size-width":360,"news-lead-size-height":203,"director-index-size":"https:\/\/www.filharmonikusok.hu\/wp-content\/uploads\/2019\/11\/Kopp\u00e1ndi_Jen\u0151_Hargitay_Oliv\u00e9r-359x450.jpg","director-index-size-width":359,"director-index-size-height":450,"person-lead-size":"https:\/\/www.filharmonikusok.hu\/wp-content\/uploads\/2019\/11\/Kopp\u00e1ndi_Jen\u0151_Hargitay_Oliv\u00e9r.jpg","person-lead-size-width":555,"person-lead-size-height":555,"slider-size":"https:\/\/www.filharmonikusok.hu\/wp-content\/uploads\/2019\/11\/Kopp\u00e1ndi_Jen\u0151_Hargitay_Oliv\u00e9r.jpg","slider-size-width":555,"slider-size-height":555}},"videok":false,"szolamvezeto":false,"kiemeles_menube":false,"old_id":"","szulesi_szabadsagon":false},"publishpress_future_workflow_manual_trigger":{"enabledWorkflows":[]},"_links":{"self":[{"href":"https:\/\/www.filharmonikusok.hu\/en\/wp-json\/wp\/v2\/artists\/109935","targetHints":{"allow":["GET"]}}],"collection":[{"href":"https:\/\/www.filharmonikusok.hu\/en\/wp-json\/wp\/v2\/artists"}],"about":[{"href":"https:\/\/www.filharmonikusok.hu\/en\/wp-json\/wp\/v2\/types\/artists"}],"wp:attachment":[{"href":"https:\/\/www.filharmonikusok.hu\/en\/wp-json\/wp\/v2\/media?parent=109935"}],"curies":[{"name":"wp","href":"https:\/\/api.w.org\/{rel}","templated":true}]}}

Jenő Koppándi

<p>Fotó: Hargitay Olivér</p>

<p>A Nemzeti Filharmonikus Zenekar hegedűművésze</p>

Koppándi Jenő - I. hegedű

{:hu}I. hegedű{:}{:en}first violin{:}

Koppándi_Jenő_Hargitay_Olivér

Koppándi_Jenő_Hargitay_Olivér.jpg

https://www.filharmonikusok.hu/wp-content/uploads/2019/11/Koppándi_Jenő_Hargitay_Olivér.jpg

https://www.filharmonikusok.hu/wp-content/uploads/2019/11/Koppándi_Jenő_Hargitay_Olivér-150x150.jpg

https://www.filharmonikusok.hu/wp-content/uploads/2019/11/Koppándi_Jenő_Hargitay_Olivér-300x300.jpg

https://www.filharmonikusok.hu/wp-content/uploads/2019/11/Koppándi_Jenő_Hargitay_Olivér-165x165.jpg

https://www.filharmonikusok.hu/wp-content/uploads/2019/11/Koppándi_Jenő_Hargitay_Olivér-165x220.jpg

https://www.filharmonikusok.hu/wp-content/uploads/2019/11/Koppándi_Jenő_Hargitay_Olivér-263x263.jpg

https://www.filharmonikusok.hu/wp-content/uploads/2019/11/Koppándi_Jenő_Hargitay_Olivér-360x203.jpg

https://www.filharmonikusok.hu/wp-content/uploads/2019/11/Koppándi_Jenő_Hargitay_Olivér-359x450.jpg
