{"id":106739,"date":"2018-05-09T11:46:40","date_gmt":"2018-05-09T11:46:40","guid":{"rendered":"http:\/\/www.filharmonikusok.hu\/?post_type=artists&#038;p=106739"},"modified":"2019-11-05T01:40:01","modified_gmt":"2019-11-05T01:40:01","slug":"schnoller-szabina","status":"publish","type":"artists","link":"https:\/\/www.filharmonikusok.hu\/en\/artists\/schnoller-szabina\/","title":{"rendered":"Szabina Schn\u00f6ller"},"content":{"rendered":"<p>2010 \u00e9s 2012 k\u00f6z\u00f6tt a Sv\u00e1jci Operast\u00fadi\u00f3 (Biel) hallgat\u00f3ja volt, ahol m\u00e1sodik mesterdiplom\u00e1j\u00e1t szerezte meg Barbara Locher professzor tan\u00edtv\u00e1nyak\u00e9nt.<\/p>\n<p>&nbsp;<\/p>\n<p>Fot\u00f3: Soprano M\u00e9dia Kft., Bartos Gyula<\/p>\n","protected":false},"menu_order":0,"template":"","class_list":["post-106739","artists","type-artists","status-publish","hentry"],"translation":{"provider":"WPGlobus","version":"3.0.2","language":"en","enabled_languages":["hu","en"],"languages":{"hu":{"title":true,"content":true,"excerpt":false},"en":{"title":true,"content":false,"excerpt":false}}},"acf":{"bevezeto_szoveg":"<p>A budapesti sz\u00fclet\u00e9s\u0171 szopr\u00e1n, Schn\u00f6ller Szabina 2006 \u00f3ta Sv\u00e1jcban \u00e9l. A Z\u00fcrichi Konzervat\u00f3riumban folytatta tanulm\u00e1nyait Polg\u00e1r L\u00e1szl\u00f3 n\u00f6vend\u00e9kek\u00e9nt, ahol 2009-ben kit\u00fcntet\u00e9ssel szerzett \u00e9nekm\u0171v\u00e9szi diplom\u00e1t.<\/p>\n","rovid_nev":"Szabina Schn\u00f6ller","katalogus_nev":"Szabina Schn\u00f6ller","hangszerek":"{:hu}szopr\u00e1n{:}{:en}soprano{:}","szemely_kategoria":"{:hu}vend\u00e9gm\u0171v\u00e9sz{:}{:en}guest artist{:}","oldal_megjelenes":[],"kiemelt_kep":{"ID":112220,"id":112220,"title":"Schn\u00f6ller_Szabina_Soprano_M\u00e9dia_Kft._Bartos_Gyula","filename":"Schn\u00f6ller_Szabina_Soprano_M\u00e9dia_Kft._Bartos_Gyula.jpg","filesize":228464,"url":"https:\/\/www.filharmonikusok.hu\/wp-content\/uploads\/2018\/05\/Schn\u00f6ller_Szabina_Soprano_M\u00e9dia_Kft._Bartos_Gyula.jpg","link":"https:\/\/www.filharmonikusok.hu\/en\/artists\/schnoller-szabina\/schnoller_szabina_soprano_media_kft-_bartos_gyula\/","alt":"","author":"951590","description":"","caption":"","name":"schnoller_szabina_soprano_media_kft-_bartos_gyula","status":"inherit","uploaded_to":106739,"date":"2019-11-05 01:39:44","modified":"2019-11-05 01:39:44","menu_order":0,"mime_type":"image\/jpeg","type":"image","subtype":"jpeg","icon":"https:\/\/www.filharmonikusok.hu\/wp-includes\/images\/media\/default.png","width":555,"height":555,"sizes":{"thumbnail":"https:\/\/www.filharmonikusok.hu\/wp-content\/uploads\/2018\/05\/Schn\u00f6ller_Szabina_Soprano_M\u00e9dia_Kft._Bartos_Gyula-150x150.jpg","thumbnail-width":150,"thumbnail-height":150,"medium":"https:\/\/www.filharmonikusok.hu\/wp-content\/uploads\/2018\/05\/Schn\u00f6ller_Szabina_Soprano_M\u00e9dia_Kft._Bartos_Gyula-300x300.jpg","medium-width":300,"medium-height":300,"medium_large":"https:\/\/www.filharmonikusok.hu\/wp-content\/uploads\/2018\/05\/Schn\u00f6ller_Szabina_Soprano_M\u00e9dia_Kft._Bartos_Gyula.jpg","medium_large-width":555,"medium_large-height":555,"large":"https:\/\/www.filharmonikusok.hu\/wp-content\/uploads\/2018\/05\/Schn\u00f6ller_Szabina_Soprano_M\u00e9dia_Kft._Bartos_Gyula.jpg","large-width":555,"large-height":555,"1536x1536":"https:\/\/www.filharmonikusok.hu\/wp-content\/uploads\/2018\/05\/Schn\u00f6ller_Szabina_Soprano_M\u00e9dia_Kft._Bartos_Gyula.jpg","1536x1536-width":555,"1536x1536-height":555,"2048x2048":"https:\/\/www.filharmonikusok.hu\/wp-content\/uploads\/2018\/05\/Schn\u00f6ller_Szabina_Soprano_M\u00e9dia_Kft._Bartos_Gyula.jpg","2048x2048-width":555,"2048x2048-height":555,"person-size":"https:\/\/www.filharmonikusok.hu\/wp-content\/uploads\/2018\/05\/Schn\u00f6ller_Szabina_Soprano_M\u00e9dia_Kft._Bartos_Gyula-165x165.jpg","person-size-width":165,"person-size-height":165,"person-size-2":"https:\/\/www.filharmonikusok.hu\/wp-content\/uploads\/2018\/05\/Schn\u00f6ller_Szabina_Soprano_M\u00e9dia_Kft._Bartos_Gyula-165x220.jpg","person-size-2-width":165,"person-size-2-height":220,"album-size":"https:\/\/www.filharmonikusok.hu\/wp-content\/uploads\/2018\/05\/Schn\u00f6ller_Szabina_Soprano_M\u00e9dia_Kft._Bartos_Gyula-263x263.jpg","album-size-width":263,"album-size-height":263,"news-lead-size":"https:\/\/www.filharmonikusok.hu\/wp-content\/uploads\/2018\/05\/Schn\u00f6ller_Szabina_Soprano_M\u00e9dia_Kft._Bartos_Gyula-360x203.jpg","news-lead-size-width":360,"news-lead-size-height":203,"director-index-size":"https:\/\/www.filharmonikusok.hu\/wp-content\/uploads\/2018\/05\/Schn\u00f6ller_Szabina_Soprano_M\u00e9dia_Kft._Bartos_Gyula-359x450.jpg","director-index-size-width":359,"director-index-size-height":450,"person-lead-size":"https:\/\/www.filharmonikusok.hu\/wp-content\/uploads\/2018\/05\/Schn\u00f6ller_Szabina_Soprano_M\u00e9dia_Kft._Bartos_Gyula.jpg","person-lead-size-width":555,"person-lead-size-height":555,"slider-size":"https:\/\/www.filharmonikusok.hu\/wp-content\/uploads\/2018\/05\/Schn\u00f6ller_Szabina_Soprano_M\u00e9dia_Kft._Bartos_Gyula.jpg","slider-size-width":555,"slider-size-height":555}},"videok":false,"szolamvezeto":false,"kiemeles_menube":false,"old_id":"","szulesi_szabadsagon":false},"publishpress_future_workflow_manual_trigger":{"enabledWorkflows":[]},"_links":{"self":[{"href":"https:\/\/www.filharmonikusok.hu\/en\/wp-json\/wp\/v2\/artists\/106739","targetHints":{"allow":["GET"]}}],"collection":[{"href":"https:\/\/www.filharmonikusok.hu\/en\/wp-json\/wp\/v2\/artists"}],"about":[{"href":"https:\/\/www.filharmonikusok.hu\/en\/wp-json\/wp\/v2\/types\/artists"}],"wp:attachment":[{"href":"https:\/\/www.filharmonikusok.hu\/en\/wp-json\/wp\/v2\/media?parent=106739"}],"curies":[{"name":"wp","href":"https:\/\/api.w.org\/{rel}","templated":true}]}}

Szabina Schnöller

<p>2010 és 2012 között a Svájci Operastúdió (Biel) hallgatója volt, ahol második mesterdiplomáját szerezte meg Barbara Locher professzor tanítványaként.</p>
<p>&nbsp;</p>
<p>Fotó: Soprano Média Kft., Bartos Gyula</p>

<p>A budapesti születésű szoprán, Schnöller Szabina 2006 óta Svájcban él. A Zürichi Konzervatóriumban folytatta tanulmányait Polgár László növendékeként, ahol 2009-ben kitüntetéssel szerzett énekművészi diplomát.</p>

{:hu}szoprán{:}{:en}soprano{:}

{:hu}vendégművész{:}{:en}guest artist{:}

Schnöller_Szabina_Soprano_Média_Kft._Bartos_Gyula

Schnöller_Szabina_Soprano_Média_Kft._Bartos_Gyula.jpg

https://www.filharmonikusok.hu/wp-content/uploads/2018/05/Schnöller_Szabina_Soprano_Média_Kft._Bartos_Gyula.jpg

https://www.filharmonikusok.hu/wp-content/uploads/2018/05/Schnöller_Szabina_Soprano_Média_Kft._Bartos_Gyula-150x150.jpg

https://www.filharmonikusok.hu/wp-content/uploads/2018/05/Schnöller_Szabina_Soprano_Média_Kft._Bartos_Gyula-300x300.jpg

https://www.filharmonikusok.hu/wp-content/uploads/2018/05/Schnöller_Szabina_Soprano_Média_Kft._Bartos_Gyula-165x165.jpg

https://www.filharmonikusok.hu/wp-content/uploads/2018/05/Schnöller_Szabina_Soprano_Média_Kft._Bartos_Gyula-165x220.jpg

https://www.filharmonikusok.hu/wp-content/uploads/2018/05/Schnöller_Szabina_Soprano_Média_Kft._Bartos_Gyula-263x263.jpg

https://www.filharmonikusok.hu/wp-content/uploads/2018/05/Schnöller_Szabina_Soprano_Média_Kft._Bartos_Gyula-360x203.jpg

https://www.filharmonikusok.hu/wp-content/uploads/2018/05/Schnöller_Szabina_Soprano_Média_Kft._Bartos_Gyula-359x450.jpg
