{"id":103995,"date":"2017-10-13T09:12:36","date_gmt":"2017-10-13T09:12:36","guid":{"rendered":"http:\/\/www.filharmonikusok.hu\/?post_type=artists&#038;p=103995"},"modified":"2025-10-01T11:04:29","modified_gmt":"2025-10-01T11:04:29","slug":"kiraly-judit","status":"publish","type":"artists","link":"https:\/\/www.filharmonikusok.hu\/en\/artists\/kiraly-judit\/","title":{"rendered":"Judit Kir\u00e1ly"},"content":{"rendered":"<p>My first real professional role model was J\u00e1nos Rem\u00e9nyi \u2013 then the chief choirmaster of the Hungarian Radio Children\u2019s Choir \u2013 from whom I learned how to maintain a humanist attitude, along with the artistic and professional humility and the dedication to high standards that has affected my whole life, and who developed a kind of emotional and intellectual need inside of me. It was there that I first experienced high-quality, professional rehearsal work \u2013 as we prepared for, for example, Stockhausen\u2019s opera <em>Montag aus Licht<\/em>, which we performed at Milan\u2019s La Scala.<\/p>\n<p>During my primary school years, I studied violin with L\u00e1szl\u00f3 D\u00e9nes before continuing my musical studies at the Bart\u00f3k Conservatory under G\u00e1bor Ugrin and Erzs\u00e9bet Hegyi Leg\u00e1ny and with a specialisation in solf\u00e8ge and music theory. I earned my first degree in voice-music and choral conducting from E\u00f6tv\u00f6s Lor\u00e1nd University\u2019s Faculty of Teacher Training (with J\u00e1nos Rem\u00e9nyi serving as my adviser for choral conducting, and Mikl\u00f3s Mohay for solf\u00e8ge and music theory).<\/p>\n<p>I started my vocal training with \u00c1gnes So\u00f3s Deli, then studied solo voice pedagogy and voice-chamber singing at the Faculty of Music of the University of Szeged, where Edit D. Sz\u00e9csi was my adviser in voice and voice pedagogy and M\u00e1ria Temesi was my vocal coach.\u00a0 During my years there, I attended courses taught by \u00c9va Marton, Sylvia Sass and Adrienne Csengery, and professionally I also owe many thanks to Ilona Adorj\u00e1n, Bernadett Wiedemann, M\u00e1ria Ard\u00f3, Ildik\u00f3 Szak\u00e1cs and Zita V\u00e1radi. I have given solo recitals at Budapest\u2019s N\u00e1dor Hall and at the Hungarian Culture Institute in Moscow. As a soloist, I mainly participate in Baroque, 20th-century and contemporary works as a permanent soloist of the \u00d3buda Chamber Choir (artistic director: \u00c1kos Erd\u0151s) and as a member of the Cantus Corvinus Choir (artistic director: G\u00e9za Klembala). I have been a member of the Hungarian National Choir since 2011.<\/p>\n","protected":false},"menu_order":0,"template":"","class_list":["post-103995","artists","type-artists","status-publish","hentry"],"translation":{"provider":"WPGlobus","version":"3.0.2","language":"en","enabled_languages":["hu","en"],"languages":{"hu":{"title":true,"content":true,"excerpt":false},"en":{"title":true,"content":true,"excerpt":false}}},"acf":{"bevezeto_szoveg":"<p>My love for choral singing started to develop even when I was a child.  When I was singing with the Hungarian Radio Children\u2019s Choir, I felt that this activity was my terrain, the one I felt at home in. I looked at the members of the adult choirs with admiration, thinking about how wonderful it would be to be engaged as an adult with what is now for me that most joyful way to spend one\u2019s time. I am grateful that this became my profession.<br \/>\nFor me, the exercise of my Christian faith and singing are closely linked and actually serve one another. Sacred music to me is an opportunity for prayer, giving thanks and praising God.<br \/>\nAlthough chamber singing is the closest to my personality and my soul, when 80 singers sing together, this has a special vibration that multiplies the singer\u2019s possibilities, adding strength and energy through community and a love of music \u2013 it affects both the performers and the audience alike, and this cannot be created through any other musical formation. I think choral work builds character and purpose: to pass on the joy experienced during the performance of the choral work by multiplying it.<br \/>\nIn today\u2019s world, everything is all about competing and overcoming one another other [kell ide ez az other?], while singing in a choir creates a community based on creating a common, beautiful thing together.<\/p>\n","rovid_nev":"Judit Kir\u00e1ly","katalogus_nev":"Judit Kir\u00e1ly","hangszerek":"{:hu}alt{:}{:en}alto{:}","szemely_kategoria":"{:hu}\u00e9nekkari tag{:}{:en}chorister{:}","oldal_megjelenes":["enekkari"],"kiemelt_kep":{"ID":125212,"id":125212,"title":"Kir\u00e1ly Judit_N5A2787_kicsi_nyit\u00f3","filename":"Kiraly-Judit_N5A2787_kicsi_nyito.jpg","filesize":1303005,"url":"https:\/\/www.filharmonikusok.hu\/wp-content\/uploads\/2025\/09\/Kiraly-Judit_N5A2787_kicsi_nyito.jpg","link":"https:\/\/www.filharmonikusok.hu\/en\/artists\/kiraly-judit\/kiraly-judit_n5a2787_kicsi_nyito\/","alt":"","author":"951582","description":"","caption":"","name":"kiraly-judit_n5a2787_kicsi_nyito","status":"inherit","uploaded_to":103995,"date":"2025-09-29 13:50:36","modified":"2025-10-01 11:04:29","menu_order":0,"mime_type":"image\/jpeg","type":"image","subtype":"jpeg","icon":"https:\/\/www.filharmonikusok.hu\/wp-includes\/images\/media\/default.png","width":1334,"height":2000,"sizes":{"thumbnail":"https:\/\/www.filharmonikusok.hu\/wp-content\/uploads\/2025\/09\/Kiraly-Judit_N5A2787_kicsi_nyito-150x150.jpg","thumbnail-width":150,"thumbnail-height":150,"medium":"https:\/\/www.filharmonikusok.hu\/wp-content\/uploads\/2025\/09\/Kiraly-Judit_N5A2787_kicsi_nyito-200x300.jpg","medium-width":200,"medium-height":300,"medium_large":"https:\/\/www.filharmonikusok.hu\/wp-content\/uploads\/2025\/09\/Kiraly-Judit_N5A2787_kicsi_nyito-768x1151.jpg","medium_large-width":640,"medium_large-height":959,"large":"https:\/\/www.filharmonikusok.hu\/wp-content\/uploads\/2025\/09\/Kiraly-Judit_N5A2787_kicsi_nyito-683x1024.jpg","large-width":640,"large-height":960,"1536x1536":"https:\/\/www.filharmonikusok.hu\/wp-content\/uploads\/2025\/09\/Kiraly-Judit_N5A2787_kicsi_nyito-1025x1536.jpg","1536x1536-width":1025,"1536x1536-height":1536,"2048x2048":"https:\/\/www.filharmonikusok.hu\/wp-content\/uploads\/2025\/09\/Kiraly-Judit_N5A2787_kicsi_nyito.jpg","2048x2048-width":1334,"2048x2048-height":2000,"person-size":"https:\/\/www.filharmonikusok.hu\/wp-content\/uploads\/2025\/09\/Kiraly-Judit_N5A2787_kicsi_nyito-165x165.jpg","person-size-width":165,"person-size-height":165,"person-size-2":"https:\/\/www.filharmonikusok.hu\/wp-content\/uploads\/2025\/09\/Kiraly-Judit_N5A2787_kicsi_nyito-165x220.jpg","person-size-2-width":165,"person-size-2-height":220,"album-size":"https:\/\/www.filharmonikusok.hu\/wp-content\/uploads\/2025\/09\/Kiraly-Judit_N5A2787_kicsi_nyito-263x263.jpg","album-size-width":263,"album-size-height":263,"news-lead-size":"https:\/\/www.filharmonikusok.hu\/wp-content\/uploads\/2025\/09\/Kiraly-Judit_N5A2787_kicsi_nyito-360x203.jpg","news-lead-size-width":360,"news-lead-size-height":203,"director-index-size":"https:\/\/www.filharmonikusok.hu\/wp-content\/uploads\/2025\/09\/Kiraly-Judit_N5A2787_kicsi_nyito-359x450.jpg","director-index-size-width":359,"director-index-size-height":450,"person-lead-size":"https:\/\/www.filharmonikusok.hu\/wp-content\/uploads\/2025\/09\/Kiraly-Judit_N5A2787_kicsi_nyito-555x555.jpg","person-lead-size-width":555,"person-lead-size-height":555,"slider-size":"https:\/\/www.filharmonikusok.hu\/wp-content\/uploads\/2025\/09\/Kiraly-Judit_N5A2787_kicsi_nyito-1334x722.jpg","slider-size-width":1334,"slider-size-height":722}},"videok":false,"szolamvezeto":false,"kiemeles_menube":false,"old_id":"","szulesi_szabadsagon":false},"publishpress_future_workflow_manual_trigger":{"enabledWorkflows":[]},"_links":{"self":[{"href":"https:\/\/www.filharmonikusok.hu\/en\/wp-json\/wp\/v2\/artists\/103995","targetHints":{"allow":["GET"]}}],"collection":[{"href":"https:\/\/www.filharmonikusok.hu\/en\/wp-json\/wp\/v2\/artists"}],"about":[{"href":"https:\/\/www.filharmonikusok.hu\/en\/wp-json\/wp\/v2\/types\/artists"}],"wp:attachment":[{"href":"https:\/\/www.filharmonikusok.hu\/en\/wp-json\/wp\/v2\/media?parent=103995"}],"curies":[{"name":"wp","href":"https:\/\/api.w.org\/{rel}","templated":true}]}}

Judit Király

<p>My first real professional role model was János Reményi – then the chief choirmaster of the Hungarian Radio Children’s Choir – from whom I learned how to maintain a humanist attitude, along with the artistic and professional humility and the dedication to high standards that has affected my whole life, and who developed a kind of emotional and intellectual need inside of me. It was there that I first experienced high-quality, professional rehearsal work – as we prepared for, for example, Stockhausen’s opera <em>Montag aus Licht</em>, which we performed at Milan’s La Scala.</p>
<p>During my primary school years, I studied violin with László Dénes before continuing my musical studies at the Bartók Conservatory under Gábor Ugrin and Erzsébet Hegyi Legány and with a specialisation in solfège and music theory. I earned my first degree in voice-music and choral conducting from Eötvös Loránd University’s Faculty of Teacher Training (with János Reményi serving as my adviser for choral conducting, and Miklós Mohay for solfège and music theory).</p>
<p>I started my vocal training with Ágnes Soós Deli, then studied solo voice pedagogy and voice-chamber singing at the Faculty of Music of the University of Szeged, where Edit D. Szécsi was my adviser in voice and voice pedagogy and Mária Temesi was my vocal coach.  During my years there, I attended courses taught by Éva Marton, Sylvia Sass and Adrienne Csengery, and professionally I also owe many thanks to Ilona Adorján, Bernadett Wiedemann, Mária Ardó, Ildikó Szakács and Zita Váradi. I have given solo recitals at Budapest’s Nádor Hall and at the Hungarian Culture Institute in Moscow. As a soloist, I mainly participate in Baroque, 20th-century and contemporary works as a permanent soloist of the Óbuda Chamber Choir (artistic director: Ákos Erdős) and as a member of the Cantus Corvinus Choir (artistic director: Géza Klembala). I have been a member of the Hungarian National Choir since 2011.</p>

{:hu}énekkari tag{:}{:en}chorister{:}

Király Judit_N5A2787_kicsi_nyitó
