{"id":101825,"date":"2017-05-30T17:55:07","date_gmt":"2017-05-30T17:55:07","guid":{"rendered":"http:\/\/www.filharmonikusok.hu\/?post_type=artists&#038;p=101825"},"modified":"2020-04-22T10:50:43","modified_gmt":"2020-04-22T10:50:43","slug":"zemlenyi-eszter","status":"publish","type":"artists","link":"https:\/\/www.filharmonikusok.hu\/en\/artists\/zemlenyi-eszter\/","title":{"rendered":"Eszter Zeml\u00e9nyi"},"content":{"rendered":"<p>Eszter Zeml\u00e9nyi graduated from the Ferenc Liszt Academy of Music in 2013, obtaining a degree in oratorio singing as a student of Katalin Halmai. Since 2016, her singing teacher has been Ingrid Kertesi. She has won numerous awards, including special prize at the First National J\u00f3zsef Gregor Singing Competition. In 2016, she was awarded the Annie Fischer Performing Arts Grant, and in the same year she won a special prize at the International J\u00f3zsef Sim\u00e1ndy Singing Competition, first prize at the Emil Petrovics Singing Competition and third prize at the Klaudia Taev International Singing Competition in Estonia. Since 2008 she has performed extensively on the Hungarian opera and oratorio scene. She engages with contemporary music in Hungary and has performed living Hungarian composers in tours in Sweden and Transylvania.<\/p>\n","protected":false},"menu_order":0,"template":"","class_list":["post-101825","artists","type-artists","status-publish","hentry"],"translation":{"provider":"WPGlobus","version":"3.0.2","language":"en","enabled_languages":["hu","en"],"languages":{"hu":{"title":true,"content":true,"excerpt":false},"en":{"title":true,"content":true,"excerpt":false}}},"acf":{"bevezeto_szoveg":"","rovid_nev":"Eszter Zeml\u00e9nyi","katalogus_nev":"Eszter Zeml\u00e9nyi","hangszerek":"{:hu}szopr\u00e1n{:}{:en}soprano{:}","szemely_kategoria":"{:hu}vend\u00e9gm\u0171v\u00e9sz{:}{:en}guest artist{:}","oldal_megjelenes":[],"kiemelt_kep":{"ID":104444,"id":104444,"title":"Eszter Zeml\u00e9nyi","filename":"Eszter-Zeml\u00e9nyi.jpg","filesize":3341108,"url":"https:\/\/www.filharmonikusok.hu\/wp-content\/uploads\/2017\/05\/Eszter-Zeml\u00e9nyi.jpg","link":"https:\/\/www.filharmonikusok.hu\/en\/artists\/zemlenyi-eszter\/eszter-zemlenyi\/","alt":"","author":"951582","description":"","caption":"","name":"eszter-zemlenyi","status":"inherit","uploaded_to":101825,"date":"2017-11-16 17:07:18","modified":"2017-11-16 17:07:22","menu_order":0,"mime_type":"image\/jpeg","type":"image","subtype":"jpeg","icon":"https:\/\/www.filharmonikusok.hu\/wp-includes\/images\/media\/default.png","width":3462,"height":2334,"sizes":{"thumbnail":"https:\/\/www.filharmonikusok.hu\/wp-content\/uploads\/2017\/05\/Eszter-Zeml\u00e9nyi-150x150.jpg","thumbnail-width":150,"thumbnail-height":150,"medium":"https:\/\/www.filharmonikusok.hu\/wp-content\/uploads\/2017\/05\/Eszter-Zeml\u00e9nyi-300x202.jpg","medium-width":300,"medium-height":202,"medium_large":"https:\/\/www.filharmonikusok.hu\/wp-content\/uploads\/2017\/05\/Eszter-Zeml\u00e9nyi-768x518.jpg","medium_large-width":640,"medium_large-height":432,"large":"https:\/\/www.filharmonikusok.hu\/wp-content\/uploads\/2017\/05\/Eszter-Zeml\u00e9nyi-1024x690.jpg","large-width":640,"large-height":431,"1536x1536":"https:\/\/www.filharmonikusok.hu\/wp-content\/uploads\/2017\/05\/Eszter-Zeml\u00e9nyi.jpg","1536x1536-width":1536,"1536x1536-height":1036,"2048x2048":"https:\/\/www.filharmonikusok.hu\/wp-content\/uploads\/2017\/05\/Eszter-Zeml\u00e9nyi.jpg","2048x2048-width":2048,"2048x2048-height":1381,"person-size":"https:\/\/www.filharmonikusok.hu\/wp-content\/uploads\/2017\/05\/Eszter-Zeml\u00e9nyi-165x165.jpg","person-size-width":165,"person-size-height":165,"person-size-2":"https:\/\/www.filharmonikusok.hu\/wp-content\/uploads\/2017\/05\/Eszter-Zeml\u00e9nyi.jpg","person-size-2-width":165,"person-size-2-height":111,"album-size":"https:\/\/www.filharmonikusok.hu\/wp-content\/uploads\/2017\/05\/Eszter-Zeml\u00e9nyi-263x263.jpg","album-size-width":263,"album-size-height":263,"news-lead-size":"https:\/\/www.filharmonikusok.hu\/wp-content\/uploads\/2017\/05\/Eszter-Zeml\u00e9nyi-360x203.jpg","news-lead-size-width":360,"news-lead-size-height":203,"director-index-size":"https:\/\/www.filharmonikusok.hu\/wp-content\/uploads\/2017\/05\/Eszter-Zeml\u00e9nyi-359x450.jpg","director-index-size-width":359,"director-index-size-height":450,"person-lead-size":"https:\/\/www.filharmonikusok.hu\/wp-content\/uploads\/2017\/05\/Eszter-Zeml\u00e9nyi-555x555.jpg","person-lead-size-width":555,"person-lead-size-height":555,"slider-size":"https:\/\/www.filharmonikusok.hu\/wp-content\/uploads\/2017\/05\/Eszter-Zeml\u00e9nyi-1600x722.jpg","slider-size-width":1600,"slider-size-height":722}},"videok":false,"kiemeles_menube":false,"old_id":"","szolamvezeto":false,"szulesi_szabadsagon":false},"publishpress_future_workflow_manual_trigger":{"enabledWorkflows":[]},"_links":{"self":[{"href":"https:\/\/www.filharmonikusok.hu\/en\/wp-json\/wp\/v2\/artists\/101825","targetHints":{"allow":["GET"]}}],"collection":[{"href":"https:\/\/www.filharmonikusok.hu\/en\/wp-json\/wp\/v2\/artists"}],"about":[{"href":"https:\/\/www.filharmonikusok.hu\/en\/wp-json\/wp\/v2\/types\/artists"}],"wp:attachment":[{"href":"https:\/\/www.filharmonikusok.hu\/en\/wp-json\/wp\/v2\/media?parent=101825"}],"curies":[{"name":"wp","href":"https:\/\/api.w.org\/{rel}","templated":true}]}}

Eszter Zemlényi

<p>Eszter Zemlényi graduated from the Ferenc Liszt Academy of Music in 2013, obtaining a degree in oratorio singing as a student of Katalin Halmai. Since 2016, her singing teacher has been Ingrid Kertesi. She has won numerous awards, including special prize at the First National József Gregor Singing Competition. In 2016, she was awarded the Annie Fischer Performing Arts Grant, and in the same year she won a special prize at the International József Simándy Singing Competition, first prize at the Emil Petrovics Singing Competition and third prize at the Klaudia Taev International Singing Competition in Estonia. Since 2008 she has performed extensively on the Hungarian opera and oratorio scene. She engages with contemporary music in Hungary and has performed living Hungarian composers in tours in Sweden and Transylvania.</p>

{:hu}szoprán{:}{:en}soprano{:}

{:hu}vendégművész{:}{:en}guest artist{:}

Eszter-Zemlényi.jpg

https://www.filharmonikusok.hu/wp-content/uploads/2017/05/Eszter-Zemlényi.jpg

https://www.filharmonikusok.hu/wp-content/uploads/2017/05/Eszter-Zemlényi-150x150.jpg

https://www.filharmonikusok.hu/wp-content/uploads/2017/05/Eszter-Zemlényi-300x202.jpg

https://www.filharmonikusok.hu/wp-content/uploads/2017/05/Eszter-Zemlényi-768x518.jpg

https://www.filharmonikusok.hu/wp-content/uploads/2017/05/Eszter-Zemlényi-1024x690.jpg

https://www.filharmonikusok.hu/wp-content/uploads/2017/05/Eszter-Zemlényi-165x165.jpg

https://www.filharmonikusok.hu/wp-content/uploads/2017/05/Eszter-Zemlényi-263x263.jpg

https://www.filharmonikusok.hu/wp-content/uploads/2017/05/Eszter-Zemlényi-360x203.jpg

https://www.filharmonikusok.hu/wp-content/uploads/2017/05/Eszter-Zemlényi-359x450.jpg

https://www.filharmonikusok.hu/wp-content/uploads/2017/05/Eszter-Zemlényi-555x555.jpg

https://www.filharmonikusok.hu/wp-content/uploads/2017/05/Eszter-Zemlényi-1600x722.jpg
