{"id":100201,"date":"2017-01-11T09:24:44","date_gmt":"2017-01-11T09:24:44","guid":{"rendered":"http:\/\/www.filharmonikusok.hu\/?post_type=artists&#038;p=100201"},"modified":"2019-11-06T13:36:39","modified_gmt":"2019-11-06T13:36:39","slug":"sebastian-wiegle","status":"publish","type":"artists","link":"https:\/\/www.filharmonikusok.hu\/en\/artists\/sebastian-wiegle\/","title":{"rendered":"Sebastian Weigle"},"content":{"rendered":"<p>(Gavin Dixon, musicweb-international.com)<\/p>\n<p>Fot\u00f3: Kirsten Bucher<\/p>\n","protected":false},"menu_order":0,"template":"","class_list":["post-100201","artists","type-artists","status-publish","hentry"],"translation":{"provider":"WPGlobus","version":"3.0.2","language":"en","enabled_languages":["hu","en"],"languages":{"hu":{"title":true,"content":true,"excerpt":false},"en":{"title":true,"content":false,"excerpt":false}}},"acf":{"bevezeto_szoveg":"<p>Ami ezt a Walk\u00fcr-el\u0151ad\u00e1st val\u00f3ban k\u00fcl\u00f6nlegess\u00e9 teszi, az a karmester, Sebastian Weigle hozz\u00e1j\u00e1rul\u00e1sa a produkci\u00f3hoz. A zene ir\u00e1nti t\u00fcrelme csod\u00e1latra m\u00e9lt\u00f3.<\/p>\n","rovid_nev":"Sebastian Wiegle","katalogus_nev":"Wiegle, Sebastian","hangszerek":"","szemely_kategoria":"{:hu}karmester{:}{:en}conductor{:}","oldal_megjelenes":["vendeg"],"kiemelt_kep":{"ID":112380,"id":112380,"title":"Sebastian_Weigle_Kirsten_Bucher","filename":"Sebastian_Weigle_Kirsten_Bucher.jpg","filesize":254704,"url":"https:\/\/www.filharmonikusok.hu\/wp-content\/uploads\/2017\/01\/Sebastian_Weigle_Kirsten_Bucher.jpg","link":"https:\/\/www.filharmonikusok.hu\/en\/artists\/sebastian-wiegle\/sebastian_weigle_kirsten_bucher\/","alt":"","author":"951590","description":"","caption":"","name":"sebastian_weigle_kirsten_bucher","status":"inherit","uploaded_to":100201,"date":"2019-11-06 13:36:25","modified":"2019-11-06 13:36:25","menu_order":0,"mime_type":"image\/jpeg","type":"image","subtype":"jpeg","icon":"https:\/\/www.filharmonikusok.hu\/wp-includes\/images\/media\/default.png","width":555,"height":555,"sizes":{"thumbnail":"https:\/\/www.filharmonikusok.hu\/wp-content\/uploads\/2017\/01\/Sebastian_Weigle_Kirsten_Bucher-150x150.jpg","thumbnail-width":150,"thumbnail-height":150,"medium":"https:\/\/www.filharmonikusok.hu\/wp-content\/uploads\/2017\/01\/Sebastian_Weigle_Kirsten_Bucher-300x300.jpg","medium-width":300,"medium-height":300,"medium_large":"https:\/\/www.filharmonikusok.hu\/wp-content\/uploads\/2017\/01\/Sebastian_Weigle_Kirsten_Bucher.jpg","medium_large-width":555,"medium_large-height":555,"large":"https:\/\/www.filharmonikusok.hu\/wp-content\/uploads\/2017\/01\/Sebastian_Weigle_Kirsten_Bucher.jpg","large-width":555,"large-height":555,"1536x1536":"https:\/\/www.filharmonikusok.hu\/wp-content\/uploads\/2017\/01\/Sebastian_Weigle_Kirsten_Bucher.jpg","1536x1536-width":555,"1536x1536-height":555,"2048x2048":"https:\/\/www.filharmonikusok.hu\/wp-content\/uploads\/2017\/01\/Sebastian_Weigle_Kirsten_Bucher.jpg","2048x2048-width":555,"2048x2048-height":555,"person-size":"https:\/\/www.filharmonikusok.hu\/wp-content\/uploads\/2017\/01\/Sebastian_Weigle_Kirsten_Bucher-165x165.jpg","person-size-width":165,"person-size-height":165,"person-size-2":"https:\/\/www.filharmonikusok.hu\/wp-content\/uploads\/2017\/01\/Sebastian_Weigle_Kirsten_Bucher-165x220.jpg","person-size-2-width":165,"person-size-2-height":220,"album-size":"https:\/\/www.filharmonikusok.hu\/wp-content\/uploads\/2017\/01\/Sebastian_Weigle_Kirsten_Bucher-263x263.jpg","album-size-width":263,"album-size-height":263,"news-lead-size":"https:\/\/www.filharmonikusok.hu\/wp-content\/uploads\/2017\/01\/Sebastian_Weigle_Kirsten_Bucher-360x203.jpg","news-lead-size-width":360,"news-lead-size-height":203,"director-index-size":"https:\/\/www.filharmonikusok.hu\/wp-content\/uploads\/2017\/01\/Sebastian_Weigle_Kirsten_Bucher-359x450.jpg","director-index-size-width":359,"director-index-size-height":450,"person-lead-size":"https:\/\/www.filharmonikusok.hu\/wp-content\/uploads\/2017\/01\/Sebastian_Weigle_Kirsten_Bucher.jpg","person-lead-size-width":555,"person-lead-size-height":555,"slider-size":"https:\/\/www.filharmonikusok.hu\/wp-content\/uploads\/2017\/01\/Sebastian_Weigle_Kirsten_Bucher.jpg","slider-size-width":555,"slider-size-height":555}},"videok":false,"kiemeles_menube":false,"old_id":"","szolamvezeto":false,"szulesi_szabadsagon":false},"publishpress_future_workflow_manual_trigger":{"enabledWorkflows":[]},"_links":{"self":[{"href":"https:\/\/www.filharmonikusok.hu\/en\/wp-json\/wp\/v2\/artists\/100201","targetHints":{"allow":["GET"]}}],"collection":[{"href":"https:\/\/www.filharmonikusok.hu\/en\/wp-json\/wp\/v2\/artists"}],"about":[{"href":"https:\/\/www.filharmonikusok.hu\/en\/wp-json\/wp\/v2\/types\/artists"}],"wp:attachment":[{"href":"https:\/\/www.filharmonikusok.hu\/en\/wp-json\/wp\/v2\/media?parent=100201"}],"curies":[{"name":"wp","href":"https:\/\/api.w.org\/{rel}","templated":true}]}}

<p>(Gavin Dixon, musicweb-international.com)</p>
<p>Fotó: Kirsten Bucher</p>

<p>Ami ezt a Walkür-előadást valóban különlegessé teszi, az a karmester, Sebastian Weigle hozzájárulása a produkcióhoz. A zene iránti türelme csodálatra méltó.</p>
